{"id":9418,"date":"2025-01-16T11:06:17","date_gmt":"2025-01-16T14:06:17","guid":{"rendered":"https:\/\/mettapapelaria.com.br\/catalogo\/?post_type=product&#038;p=9418"},"modified":"2025-01-16T11:06:18","modified_gmt":"2025-01-16T14:06:18","slug":"canetinha-tons-de-pele-tris-12-cores","status":"publish","type":"product","link":"https:\/\/mettapapelaria.com.br\/catalogo\/produto\/canetinha-tons-de-pele-tris-12-cores\/","title":{"rendered":"CANETINHA TONS DE PELE TRIS 12 CORES"},"content":{"rendered":"<p>Ideal para fazer trabalhos art\u00edsticos e escolares, as Canetinhas Mega Hidro Color da Tris possuem ponta grossa com 3.0mm de espessura e super-resistente, al\u00e9m de ser bloqueada, o que impede de ser afundada. Suas tampas s\u00e3o ventiladas e antiasfixiantes, impedindo que o produto estrague. Seu corpo \u00e9 arredondado, com pega triangular super anat\u00f4mica, o que deixa a pegada com as m\u00e3os mais confort\u00e1vel. A tinta da canetinha Mega Hidro Color n\u00e3o mancha e \u00e9 lav\u00e1vel, al\u00e9m de ter uma f\u00f3rmula especialmente desenvolvida que permite o produto ficar destampado por at\u00e9 3 dias (72h), exceto para as cores escuras, como vermelha e preta*. Com 12 lindas cores em tons de pele, comemoramos a diversidade, al\u00e9m de deixar os desenhos e o material mais inclusivo e divertido! &lt;3<\/p>\n<p>\u2022 Ponta grossa com 3.0mm de espessura e super-resistente \u2013 n\u00e3o afunda!<br \/>\n\u2022 Cores em tons de pele \u2013 comemore a diversidade &lt;3<br \/>\n\u2022 Formato redondo com pega triangular \u2013 pegada mais confort\u00e1vel \ud83d\ude42<br \/>\n\u2022 Tampas ventiladas e antiasfixiantes<br \/>\n\u2022 Tecnologia que permite ficar destampado por at\u00e9 72h \u2013 exceto para cores escuras*<br \/>\n\u2022 Tinta lav\u00e1vel \u2013 sem manchas \ud83d\ude00<br \/>\n\u2022 N\u00e3o t\u00f3xico<\/p>\n","protected":false},"excerpt":{"rendered":"<p>Ideal para fazer trabalhos art\u00edsticos e escolares, as Canetinhas Mega Hidro Color da Tris possuem ponta grossa com 3.0mm de espessura e super-resistente, al\u00e9m de&#8230;<\/p>\n","protected":false},"featured_media":9419,"comment_status":"open","ping_status":"closed","template":"","meta":[],"etheme_brands":[{"term_id":337,"name":"Tris","slug":"tris","term_group":0,"term_taxonomy_id":337,"taxonomy":"brand","description":"","parent":0,"count":53,"filter":"raw"}],"product_brand":[],"product_cat":[21,75,160,16],"product_tag":[377,900,903,254,338,397,293,276,364,316,275,255,294,292,256,227,225,226,239,384,317,339,274,318],"class_list":{"0":"post-9418","1":"product","2":"type-product","3":"status-publish","4":"has-post-thumbnail","6":"brand-tris","7":"product_cat-canetas","8":"product_cat-canetas-hidrocor-canetinhas","9":"product_cat-instrumentos","10":"product_cat-material-escolar","11":"product_tag-caneta","12":"product_tag-canetinha","13":"product_tag-canetinha-tris","14":"product_tag-casa","15":"product_tag-colorido","16":"product_tag-cores-pasteis","17":"product_tag-crianca","18":"product_tag-escola","19":"product_tag-estojo","20":"product_tag-estudante","21":"product_tag-faculdade","22":"product_tag-home","23":"product_tag-infantil","24":"product_tag-kids","25":"product_tag-lar","26":"product_tag-material-escolar","27":"product_tag-metta-papelaria","28":"product_tag-mochila","29":"product_tag-organizacao","30":"product_tag-pastel","31":"product_tag-study","32":"product_tag-tris","33":"product_tag-universidade","34":"product_tag-volta-as-aulas","36":"first","37":"instock","38":"sold-individually","39":"shipping-taxable","40":"purchasable","41":"product-type-simple"},"yoast_head":"<!-- This site is optimized with the Yoast SEO plugin v26.9 - https:\/\/yoast.com\/product\/yoast-seo-wordpress\/ -->\n<title>CANETINHA TONS DE PELE TRIS 12 CORES - Metta Papelaria<\/title>\n<meta name=\"description\" content=\"Ideal para fazer trabalhos art\u00edsticos e escolares, as Canetinhas Mega Hidro Color da Tris possuem ponta grossa com 3.0mm de espessura e super-resistente\" \/>\n<meta name=\"robots\" content=\"index, follow, max-snippet:-1, max-image-preview:large, max-video-preview:-1\" \/>\n<link rel=\"canonical\" href=\"https:\/\/mettapapelaria.com.br\/catalogo\/produto\/canetinha-tons-de-pele-tris-12-cores\/\" \/>\n<meta property=\"og:locale\" content=\"pt_BR\" \/>\n<meta property=\"og:type\" content=\"article\" \/>\n<meta property=\"og:title\" content=\"CANETINHA TONS DE PELE TRIS 12 CORES - Metta Papelaria\" \/>\n<meta property=\"og:description\" content=\"Ideal para fazer trabalhos art\u00edsticos e escolares, as Canetinhas Mega Hidro Color da Tris possuem ponta grossa com 3.0mm de espessura e super-resistente\" \/>\n<meta property=\"og:url\" content=\"https:\/\/mettapapelaria.com.br\/catalogo\/produto\/canetinha-tons-de-pele-tris-12-cores\/\" \/>\n<meta property=\"og:site_name\" content=\"Metta Papelaria\" \/>\n<meta property=\"article:publisher\" content=\"https:\/\/www.facebook.com\/mettapapelaria\/\" \/>\n<meta property=\"article:modified_time\" content=\"2025-01-16T14:06:18+00:00\" \/>\n<meta property=\"og:image\" content=\"https:\/\/mettapapelaria.com.br\/catalogo\/wp-content\/uploads\/2025\/01\/BIBLIOCANTO-PASTEL-MAXCRIL-2025-01-16T110051.872.png\" \/>\n\t<meta property=\"og:image:width\" content=\"500\" \/>\n\t<meta property=\"og:image:height\" content=\"500\" \/>\n\t<meta property=\"og:image:type\" content=\"image\/png\" \/>\n<meta name=\"twitter:card\" content=\"summary_large_image\" \/>\n<meta name=\"twitter:label1\" content=\"Est. tempo de leitura\" \/>\n\t<meta name=\"twitter:data1\" content=\"2 minutos\" \/>\n<script type=\"application\/ld+json\" class=\"yoast-schema-graph\">{\"@context\":\"https:\/\/schema.org\",\"@graph\":[{\"@type\":\"WebPage\",\"@id\":\"https:\/\/mettapapelaria.com.br\/catalogo\/produto\/canetinha-tons-de-pele-tris-12-cores\/\",\"url\":\"https:\/\/mettapapelaria.com.br\/catalogo\/produto\/canetinha-tons-de-pele-tris-12-cores\/\",\"name\":\"CANETINHA TONS DE PELE TRIS 12 CORES - Metta Papelaria\",\"isPartOf\":{\"@id\":\"https:\/\/mettapapelaria.com.br\/catalogo\/#website\"},\"primaryImageOfPage\":{\"@id\":\"https:\/\/mettapapelaria.com.br\/catalogo\/produto\/canetinha-tons-de-pele-tris-12-cores\/#primaryimage\"},\"image\":{\"@id\":\"https:\/\/mettapapelaria.com.br\/catalogo\/produto\/canetinha-tons-de-pele-tris-12-cores\/#primaryimage\"},\"thumbnailUrl\":\"https:\/\/mettapapelaria.com.br\/catalogo\/wp-content\/uploads\/2025\/01\/BIBLIOCANTO-PASTEL-MAXCRIL-2025-01-16T110051.872.png\",\"datePublished\":\"2025-01-16T14:06:17+00:00\",\"dateModified\":\"2025-01-16T14:06:18+00:00\",\"description\":\"Ideal para fazer trabalhos art\u00edsticos e escolares, as Canetinhas Mega Hidro Color da Tris possuem ponta grossa com 3.0mm de espessura e super-resistente\",\"breadcrumb\":{\"@id\":\"https:\/\/mettapapelaria.com.br\/catalogo\/produto\/canetinha-tons-de-pele-tris-12-cores\/#breadcrumb\"},\"inLanguage\":\"pt-BR\",\"potentialAction\":[{\"@type\":\"ReadAction\",\"target\":[\"https:\/\/mettapapelaria.com.br\/catalogo\/produto\/canetinha-tons-de-pele-tris-12-cores\/\"]}]},{\"@type\":\"ImageObject\",\"inLanguage\":\"pt-BR\",\"@id\":\"https:\/\/mettapapelaria.com.br\/catalogo\/produto\/canetinha-tons-de-pele-tris-12-cores\/#primaryimage\",\"url\":\"https:\/\/mettapapelaria.com.br\/catalogo\/wp-content\/uploads\/2025\/01\/BIBLIOCANTO-PASTEL-MAXCRIL-2025-01-16T110051.872.png\",\"contentUrl\":\"https:\/\/mettapapelaria.com.br\/catalogo\/wp-content\/uploads\/2025\/01\/BIBLIOCANTO-PASTEL-MAXCRIL-2025-01-16T110051.872.png\",\"width\":500,\"height\":500},{\"@type\":\"BreadcrumbList\",\"@id\":\"https:\/\/mettapapelaria.com.br\/catalogo\/produto\/canetinha-tons-de-pele-tris-12-cores\/#breadcrumb\",\"itemListElement\":[{\"@type\":\"ListItem\",\"position\":1,\"name\":\"In\u00edcio\",\"item\":\"https:\/\/mettapapelaria.com.br\/catalogo\/\"},{\"@type\":\"ListItem\",\"position\":2,\"name\":\"Shop\",\"item\":\"https:\/\/mettapapelaria.com.br\/catalogo\/shop\/\"},{\"@type\":\"ListItem\",\"position\":3,\"name\":\"CANETINHA TONS DE PELE TRIS 12 CORES\"}]},{\"@type\":\"WebSite\",\"@id\":\"https:\/\/mettapapelaria.com.br\/catalogo\/#website\",\"url\":\"https:\/\/mettapapelaria.com.br\/catalogo\/\",\"name\":\"Metta Papelaria\",\"description\":\"Materiais e equipamentos de escrit\u00f3rio, suprimentos para inform\u00e1tica, e uma diversificada linha de material escolar\",\"publisher\":{\"@id\":\"https:\/\/mettapapelaria.com.br\/catalogo\/#organization\"},\"potentialAction\":[{\"@type\":\"SearchAction\",\"target\":{\"@type\":\"EntryPoint\",\"urlTemplate\":\"https:\/\/mettapapelaria.com.br\/catalogo\/?s={search_term_string}\"},\"query-input\":{\"@type\":\"PropertyValueSpecification\",\"valueRequired\":true,\"valueName\":\"search_term_string\"}}],\"inLanguage\":\"pt-BR\"},{\"@type\":\"Organization\",\"@id\":\"https:\/\/mettapapelaria.com.br\/catalogo\/#organization\",\"name\":\"Metta Papelaria\",\"url\":\"https:\/\/mettapapelaria.com.br\/catalogo\/\",\"logo\":{\"@type\":\"ImageObject\",\"inLanguage\":\"pt-BR\",\"@id\":\"https:\/\/mettapapelaria.com.br\/catalogo\/#\/schema\/logo\/image\/\",\"url\":\"https:\/\/mettapapelaria.com.br\/catalogo\/wp-content\/uploads\/2023\/12\/cropped-favicon-Metta_512-1.png\",\"contentUrl\":\"https:\/\/mettapapelaria.com.br\/catalogo\/wp-content\/uploads\/2023\/12\/cropped-favicon-Metta_512-1.png\",\"width\":512,\"height\":512,\"caption\":\"Metta Papelaria\"},\"image\":{\"@id\":\"https:\/\/mettapapelaria.com.br\/catalogo\/#\/schema\/logo\/image\/\"},\"sameAs\":[\"https:\/\/www.facebook.com\/mettapapelaria\/\",\"https:\/\/www.instagram.com\/papelariametta\/\"]}]}<\/script>\n<!-- \/ Yoast SEO plugin. -->","yoast_head_json":{"title":"CANETINHA TONS DE PELE TRIS 12 CORES - Metta Papelaria","description":"Ideal para fazer trabalhos art\u00edsticos e escolares, as Canetinhas Mega Hidro Color da Tris possuem ponta grossa com 3.0mm de espessura e super-resistente","robots":{"index":"index","follow":"follow","max-snippet":"max-snippet:-1","max-image-preview":"max-image-preview:large","max-video-preview":"max-video-preview:-1"},"canonical":"https:\/\/mettapapelaria.com.br\/catalogo\/produto\/canetinha-tons-de-pele-tris-12-cores\/","og_locale":"pt_BR","og_type":"article","og_title":"CANETINHA TONS DE PELE TRIS 12 CORES - Metta Papelaria","og_description":"Ideal para fazer trabalhos art\u00edsticos e escolares, as Canetinhas Mega Hidro Color da Tris possuem ponta grossa com 3.0mm de espessura e super-resistente","og_url":"https:\/\/mettapapelaria.com.br\/catalogo\/produto\/canetinha-tons-de-pele-tris-12-cores\/","og_site_name":"Metta Papelaria","article_publisher":"https:\/\/www.facebook.com\/mettapapelaria\/","article_modified_time":"2025-01-16T14:06:18+00:00","og_image":[{"width":500,"height":500,"url":"https:\/\/mettapapelaria.com.br\/catalogo\/wp-content\/uploads\/2025\/01\/BIBLIOCANTO-PASTEL-MAXCRIL-2025-01-16T110051.872.png","type":"image\/png"}],"twitter_card":"summary_large_image","twitter_misc":{"Est. tempo de leitura":"2 minutos"},"schema":{"@context":"https:\/\/schema.org","@graph":[{"@type":"WebPage","@id":"https:\/\/mettapapelaria.com.br\/catalogo\/produto\/canetinha-tons-de-pele-tris-12-cores\/","url":"https:\/\/mettapapelaria.com.br\/catalogo\/produto\/canetinha-tons-de-pele-tris-12-cores\/","name":"CANETINHA TONS DE PELE TRIS 12 CORES - Metta Papelaria","isPartOf":{"@id":"https:\/\/mettapapelaria.com.br\/catalogo\/#website"},"primaryImageOfPage":{"@id":"https:\/\/mettapapelaria.com.br\/catalogo\/produto\/canetinha-tons-de-pele-tris-12-cores\/#primaryimage"},"image":{"@id":"https:\/\/mettapapelaria.com.br\/catalogo\/produto\/canetinha-tons-de-pele-tris-12-cores\/#primaryimage"},"thumbnailUrl":"https:\/\/mettapapelaria.com.br\/catalogo\/wp-content\/uploads\/2025\/01\/BIBLIOCANTO-PASTEL-MAXCRIL-2025-01-16T110051.872.png","datePublished":"2025-01-16T14:06:17+00:00","dateModified":"2025-01-16T14:06:18+00:00","description":"Ideal para fazer trabalhos art\u00edsticos e escolares, as Canetinhas Mega Hidro Color da Tris possuem ponta grossa com 3.0mm de espessura e super-resistente","breadcrumb":{"@id":"https:\/\/mettapapelaria.com.br\/catalogo\/produto\/canetinha-tons-de-pele-tris-12-cores\/#breadcrumb"},"inLanguage":"pt-BR","potentialAction":[{"@type":"ReadAction","target":["https:\/\/mettapapelaria.com.br\/catalogo\/produto\/canetinha-tons-de-pele-tris-12-cores\/"]}]},{"@type":"ImageObject","inLanguage":"pt-BR","@id":"https:\/\/mettapapelaria.com.br\/catalogo\/produto\/canetinha-tons-de-pele-tris-12-cores\/#primaryimage","url":"https:\/\/mettapapelaria.com.br\/catalogo\/wp-content\/uploads\/2025\/01\/BIBLIOCANTO-PASTEL-MAXCRIL-2025-01-16T110051.872.png","contentUrl":"https:\/\/mettapapelaria.com.br\/catalogo\/wp-content\/uploads\/2025\/01\/BIBLIOCANTO-PASTEL-MAXCRIL-2025-01-16T110051.872.png","width":500,"height":500},{"@type":"BreadcrumbList","@id":"https:\/\/mettapapelaria.com.br\/catalogo\/produto\/canetinha-tons-de-pele-tris-12-cores\/#breadcrumb","itemListElement":[{"@type":"ListItem","position":1,"name":"In\u00edcio","item":"https:\/\/mettapapelaria.com.br\/catalogo\/"},{"@type":"ListItem","position":2,"name":"Shop","item":"https:\/\/mettapapelaria.com.br\/catalogo\/shop\/"},{"@type":"ListItem","position":3,"name":"CANETINHA TONS DE PELE TRIS 12 CORES"}]},{"@type":"WebSite","@id":"https:\/\/mettapapelaria.com.br\/catalogo\/#website","url":"https:\/\/mettapapelaria.com.br\/catalogo\/","name":"Metta Papelaria","description":"Materiais e equipamentos de escrit\u00f3rio, suprimentos para inform\u00e1tica, e uma diversificada linha de material escolar","publisher":{"@id":"https:\/\/mettapapelaria.com.br\/catalogo\/#organization"},"potentialAction":[{"@type":"SearchAction","target":{"@type":"EntryPoint","urlTemplate":"https:\/\/mettapapelaria.com.br\/catalogo\/?s={search_term_string}"},"query-input":{"@type":"PropertyValueSpecification","valueRequired":true,"valueName":"search_term_string"}}],"inLanguage":"pt-BR"},{"@type":"Organization","@id":"https:\/\/mettapapelaria.com.br\/catalogo\/#organization","name":"Metta Papelaria","url":"https:\/\/mettapapelaria.com.br\/catalogo\/","logo":{"@type":"ImageObject","inLanguage":"pt-BR","@id":"https:\/\/mettapapelaria.com.br\/catalogo\/#\/schema\/logo\/image\/","url":"https:\/\/mettapapelaria.com.br\/catalogo\/wp-content\/uploads\/2023\/12\/cropped-favicon-Metta_512-1.png","contentUrl":"https:\/\/mettapapelaria.com.br\/catalogo\/wp-content\/uploads\/2023\/12\/cropped-favicon-Metta_512-1.png","width":512,"height":512,"caption":"Metta Papelaria"},"image":{"@id":"https:\/\/mettapapelaria.com.br\/catalogo\/#\/schema\/logo\/image\/"},"sameAs":["https:\/\/www.facebook.com\/mettapapelaria\/","https:\/\/www.instagram.com\/papelariametta\/"]}]}},"_links":{"self":[{"href":"https:\/\/mettapapelaria.com.br\/catalogo\/wp-json\/wp\/v2\/product\/9418","targetHints":{"allow":["GET"]}}],"collection":[{"href":"https:\/\/mettapapelaria.com.br\/catalogo\/wp-json\/wp\/v2\/product"}],"about":[{"href":"https:\/\/mettapapelaria.com.br\/catalogo\/wp-json\/wp\/v2\/types\/product"}],"replies":[{"embeddable":true,"href":"https:\/\/mettapapelaria.com.br\/catalogo\/wp-json\/wp\/v2\/comments?post=9418"}],"version-history":[{"count":1,"href":"https:\/\/mettapapelaria.com.br\/catalogo\/wp-json\/wp\/v2\/product\/9418\/revisions"}],"predecessor-version":[{"id":9420,"href":"https:\/\/mettapapelaria.com.br\/catalogo\/wp-json\/wp\/v2\/product\/9418\/revisions\/9420"}],"wp:featuredmedia":[{"embeddable":true,"href":"https:\/\/mettapapelaria.com.br\/catalogo\/wp-json\/wp\/v2\/media\/9419"}],"wp:attachment":[{"href":"https:\/\/mettapapelaria.com.br\/catalogo\/wp-json\/wp\/v2\/media?parent=9418"}],"wp:term":[{"taxonomy":"brand","embeddable":true,"href":"https:\/\/mettapapelaria.com.br\/catalogo\/wp-json\/wp\/v2\/etheme_brands?post=9418"},{"taxonomy":"product_brand","embeddable":true,"href":"https:\/\/mettapapelaria.com.br\/catalogo\/wp-json\/wp\/v2\/product_brand?post=9418"},{"taxonomy":"product_cat","embeddable":true,"href":"https:\/\/mettapapelaria.com.br\/catalogo\/wp-json\/wp\/v2\/product_cat?post=9418"},{"taxonomy":"product_tag","embeddable":true,"href":"https:\/\/mettapapelaria.com.br\/catalogo\/wp-json\/wp\/v2\/product_tag?post=9418"}],"curies":[{"name":"wp","href":"https:\/\/api.w.org\/{rel}","templated":true}]}}