{"id":9092,"date":"2024-11-29T14:40:23","date_gmt":"2024-11-29T17:40:23","guid":{"rendered":"https:\/\/mettapapelaria.com.br\/catalogo\/?post_type=product&#038;p=9092"},"modified":"2024-11-29T14:40:24","modified_gmt":"2024-11-29T17:40:24","slug":"pasta-aba-elastico-trendy-of-dac","status":"publish","type":"product","link":"https:\/\/mettapapelaria.com.br\/catalogo\/produto\/pasta-aba-elastico-trendy-of-dac\/","title":{"rendered":"PASTA ABA EL\u00c1STICO TRENDY OF. DAC"},"content":{"rendered":"<p>A\u00a0<b>Pasta Pl\u00e1stica Com El\u00e1stico You Are Awesome<\/b>\u00a0da DAC \u00e9 perfeita para quem quer organizar seus documentos de maneira pr\u00e1tica, com uma dose extra de motiva\u00e7\u00e3o. Com uma estampa inspiradora e fechamento seguro, ela \u00e9 ideal para acompanhar voc\u00ea no trabalho ou estudos.<\/p>\n","protected":false},"excerpt":{"rendered":"<p>A\u00a0Pasta Pl\u00e1stica Com El\u00e1stico You Are Awesome\u00a0da DAC \u00e9 perfeita para quem quer organizar seus documentos de maneira pr\u00e1tica, com uma dose extra de motiva\u00e7\u00e3o&#8230;.<\/p>\n","protected":false},"featured_media":9093,"comment_status":"open","ping_status":"closed","template":"","meta":[],"etheme_brands":[{"term_id":821,"name":"DAC","slug":"dac","term_group":0,"term_taxonomy_id":821,"taxonomy":"brand","description":"","parent":0,"count":45,"filter":"raw"}],"product_brand":[],"product_cat":[28,113],"product_tag":[338,293,396,276,385,316,275,395,294,292,228,227,225,622,239,370,832,833,317,274,318],"class_list":{"0":"post-9092","1":"product","2":"type-product","3":"status-publish","4":"has-post-thumbnail","6":"brand-dac","7":"product_cat-pastas","8":"product_cat-pastas-aba-elastico","9":"product_tag-colorido","10":"product_tag-crianca","11":"product_tag-cute","12":"product_tag-escola","13":"product_tag-escritorio","14":"product_tag-estudante","15":"product_tag-faculdade","16":"product_tag-fofo","17":"product_tag-infantil","18":"product_tag-kids","19":"product_tag-material-de-escritorio","20":"product_tag-material-escolar","21":"product_tag-metta-papelaria","22":"product_tag-office","23":"product_tag-organizacao","24":"product_tag-pasta","25":"product_tag-pasta-aba-elastico","26":"product_tag-pasta-simples","27":"product_tag-study","28":"product_tag-universidade","29":"product_tag-volta-as-aulas","31":"first","32":"instock","33":"sold-individually","34":"shipping-taxable","35":"purchasable","36":"product-type-simple"},"yoast_head":"<!-- This site is optimized with the Yoast SEO plugin v26.9 - https:\/\/yoast.com\/product\/yoast-seo-wordpress\/ -->\n<title>PASTA ABA EL\u00c1STICO TRENDY OF. DAC - Metta Papelaria<\/title>\n<meta name=\"description\" content=\"A\u00a0Pasta Pl\u00e1stica Com El\u00e1stico You Are Awesome\u00a0da DAC \u00e9 perfeita para quem quer organizar seus documentos de maneira pr\u00e1tica\" \/>\n<meta name=\"robots\" content=\"index, follow, max-snippet:-1, max-image-preview:large, max-video-preview:-1\" \/>\n<link rel=\"canonical\" href=\"https:\/\/mettapapelaria.com.br\/catalogo\/produto\/pasta-aba-elastico-trendy-of-dac\/\" \/>\n<meta property=\"og:locale\" content=\"pt_BR\" \/>\n<meta property=\"og:type\" content=\"article\" \/>\n<meta property=\"og:title\" content=\"PASTA ABA EL\u00c1STICO TRENDY OF. DAC - Metta Papelaria\" \/>\n<meta property=\"og:description\" content=\"A\u00a0Pasta Pl\u00e1stica Com El\u00e1stico You Are Awesome\u00a0da DAC \u00e9 perfeita para quem quer organizar seus documentos de maneira pr\u00e1tica\" \/>\n<meta property=\"og:url\" content=\"https:\/\/mettapapelaria.com.br\/catalogo\/produto\/pasta-aba-elastico-trendy-of-dac\/\" \/>\n<meta property=\"og:site_name\" content=\"Metta Papelaria\" \/>\n<meta property=\"article:publisher\" content=\"https:\/\/www.facebook.com\/mettapapelaria\/\" \/>\n<meta property=\"article:modified_time\" content=\"2024-11-29T17:40:24+00:00\" \/>\n<meta property=\"og:image\" content=\"https:\/\/mettapapelaria.com.br\/catalogo\/wp-content\/uploads\/2024\/11\/Copy-of-Copy-of-Copy-of-Copy-of-BIBLIOCANTO-PASTEL-MAXCRIL-7-1.png\" \/>\n\t<meta property=\"og:image:width\" content=\"400\" \/>\n\t<meta property=\"og:image:height\" content=\"400\" \/>\n\t<meta property=\"og:image:type\" content=\"image\/png\" \/>\n<meta name=\"twitter:card\" content=\"summary_large_image\" \/>\n<meta name=\"twitter:label1\" content=\"Est. tempo de leitura\" \/>\n\t<meta name=\"twitter:data1\" content=\"1 minuto\" \/>\n<script type=\"application\/ld+json\" class=\"yoast-schema-graph\">{\"@context\":\"https:\/\/schema.org\",\"@graph\":[{\"@type\":\"WebPage\",\"@id\":\"https:\/\/mettapapelaria.com.br\/catalogo\/produto\/pasta-aba-elastico-trendy-of-dac\/\",\"url\":\"https:\/\/mettapapelaria.com.br\/catalogo\/produto\/pasta-aba-elastico-trendy-of-dac\/\",\"name\":\"PASTA ABA EL\u00c1STICO TRENDY OF. DAC - Metta Papelaria\",\"isPartOf\":{\"@id\":\"https:\/\/mettapapelaria.com.br\/catalogo\/#website\"},\"primaryImageOfPage\":{\"@id\":\"https:\/\/mettapapelaria.com.br\/catalogo\/produto\/pasta-aba-elastico-trendy-of-dac\/#primaryimage\"},\"image\":{\"@id\":\"https:\/\/mettapapelaria.com.br\/catalogo\/produto\/pasta-aba-elastico-trendy-of-dac\/#primaryimage\"},\"thumbnailUrl\":\"https:\/\/mettapapelaria.com.br\/catalogo\/wp-content\/uploads\/2024\/11\/Copy-of-Copy-of-Copy-of-Copy-of-BIBLIOCANTO-PASTEL-MAXCRIL-7-1.png\",\"datePublished\":\"2024-11-29T17:40:23+00:00\",\"dateModified\":\"2024-11-29T17:40:24+00:00\",\"description\":\"A\u00a0Pasta Pl\u00e1stica Com El\u00e1stico You Are Awesome\u00a0da DAC \u00e9 perfeita para quem quer organizar seus documentos de maneira pr\u00e1tica\",\"breadcrumb\":{\"@id\":\"https:\/\/mettapapelaria.com.br\/catalogo\/produto\/pasta-aba-elastico-trendy-of-dac\/#breadcrumb\"},\"inLanguage\":\"pt-BR\",\"potentialAction\":[{\"@type\":\"ReadAction\",\"target\":[\"https:\/\/mettapapelaria.com.br\/catalogo\/produto\/pasta-aba-elastico-trendy-of-dac\/\"]}]},{\"@type\":\"ImageObject\",\"inLanguage\":\"pt-BR\",\"@id\":\"https:\/\/mettapapelaria.com.br\/catalogo\/produto\/pasta-aba-elastico-trendy-of-dac\/#primaryimage\",\"url\":\"https:\/\/mettapapelaria.com.br\/catalogo\/wp-content\/uploads\/2024\/11\/Copy-of-Copy-of-Copy-of-Copy-of-BIBLIOCANTO-PASTEL-MAXCRIL-7-1.png\",\"contentUrl\":\"https:\/\/mettapapelaria.com.br\/catalogo\/wp-content\/uploads\/2024\/11\/Copy-of-Copy-of-Copy-of-Copy-of-BIBLIOCANTO-PASTEL-MAXCRIL-7-1.png\",\"width\":400,\"height\":400},{\"@type\":\"BreadcrumbList\",\"@id\":\"https:\/\/mettapapelaria.com.br\/catalogo\/produto\/pasta-aba-elastico-trendy-of-dac\/#breadcrumb\",\"itemListElement\":[{\"@type\":\"ListItem\",\"position\":1,\"name\":\"In\u00edcio\",\"item\":\"https:\/\/mettapapelaria.com.br\/catalogo\/\"},{\"@type\":\"ListItem\",\"position\":2,\"name\":\"Shop\",\"item\":\"https:\/\/mettapapelaria.com.br\/catalogo\/shop\/\"},{\"@type\":\"ListItem\",\"position\":3,\"name\":\"PASTA ABA EL\u00c1STICO TRENDY OF. DAC\"}]},{\"@type\":\"WebSite\",\"@id\":\"https:\/\/mettapapelaria.com.br\/catalogo\/#website\",\"url\":\"https:\/\/mettapapelaria.com.br\/catalogo\/\",\"name\":\"Metta Papelaria\",\"description\":\"Materiais e equipamentos de escrit\u00f3rio, suprimentos para inform\u00e1tica, e uma diversificada linha de material escolar\",\"publisher\":{\"@id\":\"https:\/\/mettapapelaria.com.br\/catalogo\/#organization\"},\"potentialAction\":[{\"@type\":\"SearchAction\",\"target\":{\"@type\":\"EntryPoint\",\"urlTemplate\":\"https:\/\/mettapapelaria.com.br\/catalogo\/?s={search_term_string}\"},\"query-input\":{\"@type\":\"PropertyValueSpecification\",\"valueRequired\":true,\"valueName\":\"search_term_string\"}}],\"inLanguage\":\"pt-BR\"},{\"@type\":\"Organization\",\"@id\":\"https:\/\/mettapapelaria.com.br\/catalogo\/#organization\",\"name\":\"Metta Papelaria\",\"url\":\"https:\/\/mettapapelaria.com.br\/catalogo\/\",\"logo\":{\"@type\":\"ImageObject\",\"inLanguage\":\"pt-BR\",\"@id\":\"https:\/\/mettapapelaria.com.br\/catalogo\/#\/schema\/logo\/image\/\",\"url\":\"https:\/\/mettapapelaria.com.br\/catalogo\/wp-content\/uploads\/2023\/12\/cropped-favicon-Metta_512-1.png\",\"contentUrl\":\"https:\/\/mettapapelaria.com.br\/catalogo\/wp-content\/uploads\/2023\/12\/cropped-favicon-Metta_512-1.png\",\"width\":512,\"height\":512,\"caption\":\"Metta Papelaria\"},\"image\":{\"@id\":\"https:\/\/mettapapelaria.com.br\/catalogo\/#\/schema\/logo\/image\/\"},\"sameAs\":[\"https:\/\/www.facebook.com\/mettapapelaria\/\",\"https:\/\/www.instagram.com\/papelariametta\/\"]}]}<\/script>\n<!-- \/ Yoast SEO plugin. -->","yoast_head_json":{"title":"PASTA ABA EL\u00c1STICO TRENDY OF. DAC - Metta Papelaria","description":"A\u00a0Pasta Pl\u00e1stica Com El\u00e1stico You Are Awesome\u00a0da DAC \u00e9 perfeita para quem quer organizar seus documentos de maneira pr\u00e1tica","robots":{"index":"index","follow":"follow","max-snippet":"max-snippet:-1","max-image-preview":"max-image-preview:large","max-video-preview":"max-video-preview:-1"},"canonical":"https:\/\/mettapapelaria.com.br\/catalogo\/produto\/pasta-aba-elastico-trendy-of-dac\/","og_locale":"pt_BR","og_type":"article","og_title":"PASTA ABA EL\u00c1STICO TRENDY OF. DAC - Metta Papelaria","og_description":"A\u00a0Pasta Pl\u00e1stica Com El\u00e1stico You Are Awesome\u00a0da DAC \u00e9 perfeita para quem quer organizar seus documentos de maneira pr\u00e1tica","og_url":"https:\/\/mettapapelaria.com.br\/catalogo\/produto\/pasta-aba-elastico-trendy-of-dac\/","og_site_name":"Metta Papelaria","article_publisher":"https:\/\/www.facebook.com\/mettapapelaria\/","article_modified_time":"2024-11-29T17:40:24+00:00","og_image":[{"width":400,"height":400,"url":"https:\/\/mettapapelaria.com.br\/catalogo\/wp-content\/uploads\/2024\/11\/Copy-of-Copy-of-Copy-of-Copy-of-BIBLIOCANTO-PASTEL-MAXCRIL-7-1.png","type":"image\/png"}],"twitter_card":"summary_large_image","twitter_misc":{"Est. tempo de leitura":"1 minuto"},"schema":{"@context":"https:\/\/schema.org","@graph":[{"@type":"WebPage","@id":"https:\/\/mettapapelaria.com.br\/catalogo\/produto\/pasta-aba-elastico-trendy-of-dac\/","url":"https:\/\/mettapapelaria.com.br\/catalogo\/produto\/pasta-aba-elastico-trendy-of-dac\/","name":"PASTA ABA EL\u00c1STICO TRENDY OF. DAC - Metta Papelaria","isPartOf":{"@id":"https:\/\/mettapapelaria.com.br\/catalogo\/#website"},"primaryImageOfPage":{"@id":"https:\/\/mettapapelaria.com.br\/catalogo\/produto\/pasta-aba-elastico-trendy-of-dac\/#primaryimage"},"image":{"@id":"https:\/\/mettapapelaria.com.br\/catalogo\/produto\/pasta-aba-elastico-trendy-of-dac\/#primaryimage"},"thumbnailUrl":"https:\/\/mettapapelaria.com.br\/catalogo\/wp-content\/uploads\/2024\/11\/Copy-of-Copy-of-Copy-of-Copy-of-BIBLIOCANTO-PASTEL-MAXCRIL-7-1.png","datePublished":"2024-11-29T17:40:23+00:00","dateModified":"2024-11-29T17:40:24+00:00","description":"A\u00a0Pasta Pl\u00e1stica Com El\u00e1stico You Are Awesome\u00a0da DAC \u00e9 perfeita para quem quer organizar seus documentos de maneira pr\u00e1tica","breadcrumb":{"@id":"https:\/\/mettapapelaria.com.br\/catalogo\/produto\/pasta-aba-elastico-trendy-of-dac\/#breadcrumb"},"inLanguage":"pt-BR","potentialAction":[{"@type":"ReadAction","target":["https:\/\/mettapapelaria.com.br\/catalogo\/produto\/pasta-aba-elastico-trendy-of-dac\/"]}]},{"@type":"ImageObject","inLanguage":"pt-BR","@id":"https:\/\/mettapapelaria.com.br\/catalogo\/produto\/pasta-aba-elastico-trendy-of-dac\/#primaryimage","url":"https:\/\/mettapapelaria.com.br\/catalogo\/wp-content\/uploads\/2024\/11\/Copy-of-Copy-of-Copy-of-Copy-of-BIBLIOCANTO-PASTEL-MAXCRIL-7-1.png","contentUrl":"https:\/\/mettapapelaria.com.br\/catalogo\/wp-content\/uploads\/2024\/11\/Copy-of-Copy-of-Copy-of-Copy-of-BIBLIOCANTO-PASTEL-MAXCRIL-7-1.png","width":400,"height":400},{"@type":"BreadcrumbList","@id":"https:\/\/mettapapelaria.com.br\/catalogo\/produto\/pasta-aba-elastico-trendy-of-dac\/#breadcrumb","itemListElement":[{"@type":"ListItem","position":1,"name":"In\u00edcio","item":"https:\/\/mettapapelaria.com.br\/catalogo\/"},{"@type":"ListItem","position":2,"name":"Shop","item":"https:\/\/mettapapelaria.com.br\/catalogo\/shop\/"},{"@type":"ListItem","position":3,"name":"PASTA ABA EL\u00c1STICO TRENDY OF. DAC"}]},{"@type":"WebSite","@id":"https:\/\/mettapapelaria.com.br\/catalogo\/#website","url":"https:\/\/mettapapelaria.com.br\/catalogo\/","name":"Metta Papelaria","description":"Materiais e equipamentos de escrit\u00f3rio, suprimentos para inform\u00e1tica, e uma diversificada linha de material escolar","publisher":{"@id":"https:\/\/mettapapelaria.com.br\/catalogo\/#organization"},"potentialAction":[{"@type":"SearchAction","target":{"@type":"EntryPoint","urlTemplate":"https:\/\/mettapapelaria.com.br\/catalogo\/?s={search_term_string}"},"query-input":{"@type":"PropertyValueSpecification","valueRequired":true,"valueName":"search_term_string"}}],"inLanguage":"pt-BR"},{"@type":"Organization","@id":"https:\/\/mettapapelaria.com.br\/catalogo\/#organization","name":"Metta Papelaria","url":"https:\/\/mettapapelaria.com.br\/catalogo\/","logo":{"@type":"ImageObject","inLanguage":"pt-BR","@id":"https:\/\/mettapapelaria.com.br\/catalogo\/#\/schema\/logo\/image\/","url":"https:\/\/mettapapelaria.com.br\/catalogo\/wp-content\/uploads\/2023\/12\/cropped-favicon-Metta_512-1.png","contentUrl":"https:\/\/mettapapelaria.com.br\/catalogo\/wp-content\/uploads\/2023\/12\/cropped-favicon-Metta_512-1.png","width":512,"height":512,"caption":"Metta Papelaria"},"image":{"@id":"https:\/\/mettapapelaria.com.br\/catalogo\/#\/schema\/logo\/image\/"},"sameAs":["https:\/\/www.facebook.com\/mettapapelaria\/","https:\/\/www.instagram.com\/papelariametta\/"]}]}},"_links":{"self":[{"href":"https:\/\/mettapapelaria.com.br\/catalogo\/wp-json\/wp\/v2\/product\/9092","targetHints":{"allow":["GET"]}}],"collection":[{"href":"https:\/\/mettapapelaria.com.br\/catalogo\/wp-json\/wp\/v2\/product"}],"about":[{"href":"https:\/\/mettapapelaria.com.br\/catalogo\/wp-json\/wp\/v2\/types\/product"}],"replies":[{"embeddable":true,"href":"https:\/\/mettapapelaria.com.br\/catalogo\/wp-json\/wp\/v2\/comments?post=9092"}],"version-history":[{"count":1,"href":"https:\/\/mettapapelaria.com.br\/catalogo\/wp-json\/wp\/v2\/product\/9092\/revisions"}],"predecessor-version":[{"id":9094,"href":"https:\/\/mettapapelaria.com.br\/catalogo\/wp-json\/wp\/v2\/product\/9092\/revisions\/9094"}],"wp:featuredmedia":[{"embeddable":true,"href":"https:\/\/mettapapelaria.com.br\/catalogo\/wp-json\/wp\/v2\/media\/9093"}],"wp:attachment":[{"href":"https:\/\/mettapapelaria.com.br\/catalogo\/wp-json\/wp\/v2\/media?parent=9092"}],"wp:term":[{"taxonomy":"brand","embeddable":true,"href":"https:\/\/mettapapelaria.com.br\/catalogo\/wp-json\/wp\/v2\/etheme_brands?post=9092"},{"taxonomy":"product_brand","embeddable":true,"href":"https:\/\/mettapapelaria.com.br\/catalogo\/wp-json\/wp\/v2\/product_brand?post=9092"},{"taxonomy":"product_cat","embeddable":true,"href":"https:\/\/mettapapelaria.com.br\/catalogo\/wp-json\/wp\/v2\/product_cat?post=9092"},{"taxonomy":"product_tag","embeddable":true,"href":"https:\/\/mettapapelaria.com.br\/catalogo\/wp-json\/wp\/v2\/product_tag?post=9092"}],"curies":[{"name":"wp","href":"https:\/\/api.w.org\/{rel}","templated":true}]}}