{"id":8799,"date":"2024-11-22T14:25:20","date_gmt":"2024-11-22T17:25:20","guid":{"rendered":"https:\/\/mettapapelaria.com.br\/catalogo\/?post_type=product&#038;p=8799"},"modified":"2024-11-22T14:25:21","modified_gmt":"2024-11-22T17:25:21","slug":"mouse-bluethooth-curve-ms-411-oex","status":"publish","type":"product","link":"https:\/\/mettapapelaria.com.br\/catalogo\/produto\/mouse-bluethooth-curve-ms-411-oex\/","title":{"rendered":"MOUSE BLUETHOOTH CURVE MS-411 OEX"},"content":{"rendered":"<div class=\"additional-message\">Mobilidade e conforto para o dia a dia! Mouse sem fio wireless com 4 bor\u00f5es, textura lateral e resolu\u00e7\u00e3o selecion\u00e1vel at\u00e9 1600 dpi atrav\u00e9s de bot\u00e3o.<\/div>\n<div class=\"page-product__actions\">\n<div id=\"quantidade\" data-app=\"product.quantity\"><\/div>\n<\/div>\n","protected":false},"excerpt":{"rendered":"<p>Mobilidade e conforto para o dia a dia! Mouse sem fio wireless com 4 bor\u00f5es, textura lateral e resolu\u00e7\u00e3o selecion\u00e1vel at\u00e9 1600 dpi atrav\u00e9s de&#8230;<\/p>\n","protected":false},"featured_media":8800,"comment_status":"open","ping_status":"closed","template":"","meta":[],"etheme_brands":[{"term_id":773,"name":"OEX","slug":"oex","term_group":0,"term_taxonomy_id":773,"taxonomy":"brand","description":"","parent":0,"count":1,"filter":"raw"}],"product_brand":[],"product_cat":[41],"product_tag":[254,385,255,256,228,225,716,772,771,622],"class_list":{"0":"post-8799","1":"product","2":"type-product","3":"status-publish","4":"has-post-thumbnail","6":"brand-oex","7":"product_cat-mouses-teclados-e-acessorios","8":"product_tag-casa","9":"product_tag-escritorio","10":"product_tag-home","11":"product_tag-lar","12":"product_tag-material-de-escritorio","13":"product_tag-metta-papelaria","14":"product_tag-mouse","15":"product_tag-mouse-bluethooth","16":"product_tag-mouse-sem-fio","17":"product_tag-office","19":"first","20":"instock","21":"sold-individually","22":"shipping-taxable","23":"purchasable","24":"product-type-simple"},"yoast_head":"<!-- This site is optimized with the Yoast SEO plugin v26.9 - https:\/\/yoast.com\/product\/yoast-seo-wordpress\/ -->\n<title>MOUSE BLUETHOOTH CURVE MS-411 OEX - Metta Papelaria<\/title>\n<meta name=\"description\" content=\"Mobilidade e conforto para o dia a dia! Mouse sem fio wireless com 4 bor\u00f5es, textura lateral e resolu\u00e7\u00e3o selecion\u00e1vel at\u00e9 1600 dpi atrav\u00e9s de bot\u00e3o.\" \/>\n<meta name=\"robots\" content=\"index, follow, max-snippet:-1, max-image-preview:large, max-video-preview:-1\" \/>\n<link rel=\"canonical\" href=\"https:\/\/mettapapelaria.com.br\/catalogo\/produto\/mouse-bluethooth-curve-ms-411-oex\/\" \/>\n<meta property=\"og:locale\" content=\"pt_BR\" \/>\n<meta property=\"og:type\" content=\"article\" \/>\n<meta property=\"og:title\" content=\"MOUSE BLUETHOOTH CURVE MS-411 OEX - Metta Papelaria\" \/>\n<meta property=\"og:description\" content=\"Mobilidade e conforto para o dia a dia! Mouse sem fio wireless com 4 bor\u00f5es, textura lateral e resolu\u00e7\u00e3o selecion\u00e1vel at\u00e9 1600 dpi atrav\u00e9s de bot\u00e3o.\" \/>\n<meta property=\"og:url\" content=\"https:\/\/mettapapelaria.com.br\/catalogo\/produto\/mouse-bluethooth-curve-ms-411-oex\/\" \/>\n<meta property=\"og:site_name\" content=\"Metta Papelaria\" \/>\n<meta property=\"article:publisher\" content=\"https:\/\/www.facebook.com\/mettapapelaria\/\" \/>\n<meta property=\"article:modified_time\" content=\"2024-11-22T17:25:21+00:00\" \/>\n<meta property=\"og:image\" content=\"https:\/\/mettapapelaria.com.br\/catalogo\/wp-content\/uploads\/2024\/11\/Copy-of-Copy-of-BIBLIOCANTO-PASTEL-MAXCRIL-12.png\" \/>\n\t<meta property=\"og:image:width\" content=\"500\" \/>\n\t<meta property=\"og:image:height\" content=\"500\" \/>\n\t<meta property=\"og:image:type\" content=\"image\/png\" \/>\n<meta name=\"twitter:card\" content=\"summary_large_image\" \/>\n<meta name=\"twitter:label1\" content=\"Est. tempo de leitura\" \/>\n\t<meta name=\"twitter:data1\" content=\"1 minuto\" \/>\n<script type=\"application\/ld+json\" class=\"yoast-schema-graph\">{\"@context\":\"https:\/\/schema.org\",\"@graph\":[{\"@type\":\"WebPage\",\"@id\":\"https:\/\/mettapapelaria.com.br\/catalogo\/produto\/mouse-bluethooth-curve-ms-411-oex\/\",\"url\":\"https:\/\/mettapapelaria.com.br\/catalogo\/produto\/mouse-bluethooth-curve-ms-411-oex\/\",\"name\":\"MOUSE BLUETHOOTH CURVE MS-411 OEX - Metta Papelaria\",\"isPartOf\":{\"@id\":\"https:\/\/mettapapelaria.com.br\/catalogo\/#website\"},\"primaryImageOfPage\":{\"@id\":\"https:\/\/mettapapelaria.com.br\/catalogo\/produto\/mouse-bluethooth-curve-ms-411-oex\/#primaryimage\"},\"image\":{\"@id\":\"https:\/\/mettapapelaria.com.br\/catalogo\/produto\/mouse-bluethooth-curve-ms-411-oex\/#primaryimage\"},\"thumbnailUrl\":\"https:\/\/mettapapelaria.com.br\/catalogo\/wp-content\/uploads\/2024\/11\/Copy-of-Copy-of-BIBLIOCANTO-PASTEL-MAXCRIL-12.png\",\"datePublished\":\"2024-11-22T17:25:20+00:00\",\"dateModified\":\"2024-11-22T17:25:21+00:00\",\"description\":\"Mobilidade e conforto para o dia a dia! Mouse sem fio wireless com 4 bor\u00f5es, textura lateral e resolu\u00e7\u00e3o selecion\u00e1vel at\u00e9 1600 dpi atrav\u00e9s de bot\u00e3o.\",\"breadcrumb\":{\"@id\":\"https:\/\/mettapapelaria.com.br\/catalogo\/produto\/mouse-bluethooth-curve-ms-411-oex\/#breadcrumb\"},\"inLanguage\":\"pt-BR\",\"potentialAction\":[{\"@type\":\"ReadAction\",\"target\":[\"https:\/\/mettapapelaria.com.br\/catalogo\/produto\/mouse-bluethooth-curve-ms-411-oex\/\"]}]},{\"@type\":\"ImageObject\",\"inLanguage\":\"pt-BR\",\"@id\":\"https:\/\/mettapapelaria.com.br\/catalogo\/produto\/mouse-bluethooth-curve-ms-411-oex\/#primaryimage\",\"url\":\"https:\/\/mettapapelaria.com.br\/catalogo\/wp-content\/uploads\/2024\/11\/Copy-of-Copy-of-BIBLIOCANTO-PASTEL-MAXCRIL-12.png\",\"contentUrl\":\"https:\/\/mettapapelaria.com.br\/catalogo\/wp-content\/uploads\/2024\/11\/Copy-of-Copy-of-BIBLIOCANTO-PASTEL-MAXCRIL-12.png\",\"width\":500,\"height\":500},{\"@type\":\"BreadcrumbList\",\"@id\":\"https:\/\/mettapapelaria.com.br\/catalogo\/produto\/mouse-bluethooth-curve-ms-411-oex\/#breadcrumb\",\"itemListElement\":[{\"@type\":\"ListItem\",\"position\":1,\"name\":\"In\u00edcio\",\"item\":\"https:\/\/mettapapelaria.com.br\/catalogo\/\"},{\"@type\":\"ListItem\",\"position\":2,\"name\":\"Shop\",\"item\":\"https:\/\/mettapapelaria.com.br\/catalogo\/shop\/\"},{\"@type\":\"ListItem\",\"position\":3,\"name\":\"MOUSE BLUETHOOTH CURVE MS-411 OEX\"}]},{\"@type\":\"WebSite\",\"@id\":\"https:\/\/mettapapelaria.com.br\/catalogo\/#website\",\"url\":\"https:\/\/mettapapelaria.com.br\/catalogo\/\",\"name\":\"Metta Papelaria\",\"description\":\"Materiais e equipamentos de escrit\u00f3rio, suprimentos para inform\u00e1tica, e uma diversificada linha de material escolar\",\"publisher\":{\"@id\":\"https:\/\/mettapapelaria.com.br\/catalogo\/#organization\"},\"potentialAction\":[{\"@type\":\"SearchAction\",\"target\":{\"@type\":\"EntryPoint\",\"urlTemplate\":\"https:\/\/mettapapelaria.com.br\/catalogo\/?s={search_term_string}\"},\"query-input\":{\"@type\":\"PropertyValueSpecification\",\"valueRequired\":true,\"valueName\":\"search_term_string\"}}],\"inLanguage\":\"pt-BR\"},{\"@type\":\"Organization\",\"@id\":\"https:\/\/mettapapelaria.com.br\/catalogo\/#organization\",\"name\":\"Metta Papelaria\",\"url\":\"https:\/\/mettapapelaria.com.br\/catalogo\/\",\"logo\":{\"@type\":\"ImageObject\",\"inLanguage\":\"pt-BR\",\"@id\":\"https:\/\/mettapapelaria.com.br\/catalogo\/#\/schema\/logo\/image\/\",\"url\":\"https:\/\/mettapapelaria.com.br\/catalogo\/wp-content\/uploads\/2023\/12\/cropped-favicon-Metta_512-1.png\",\"contentUrl\":\"https:\/\/mettapapelaria.com.br\/catalogo\/wp-content\/uploads\/2023\/12\/cropped-favicon-Metta_512-1.png\",\"width\":512,\"height\":512,\"caption\":\"Metta Papelaria\"},\"image\":{\"@id\":\"https:\/\/mettapapelaria.com.br\/catalogo\/#\/schema\/logo\/image\/\"},\"sameAs\":[\"https:\/\/www.facebook.com\/mettapapelaria\/\",\"https:\/\/www.instagram.com\/papelariametta\/\"]}]}<\/script>\n<!-- \/ Yoast SEO plugin. -->","yoast_head_json":{"title":"MOUSE BLUETHOOTH CURVE MS-411 OEX - Metta Papelaria","description":"Mobilidade e conforto para o dia a dia! Mouse sem fio wireless com 4 bor\u00f5es, textura lateral e resolu\u00e7\u00e3o selecion\u00e1vel at\u00e9 1600 dpi atrav\u00e9s de bot\u00e3o.","robots":{"index":"index","follow":"follow","max-snippet":"max-snippet:-1","max-image-preview":"max-image-preview:large","max-video-preview":"max-video-preview:-1"},"canonical":"https:\/\/mettapapelaria.com.br\/catalogo\/produto\/mouse-bluethooth-curve-ms-411-oex\/","og_locale":"pt_BR","og_type":"article","og_title":"MOUSE BLUETHOOTH CURVE MS-411 OEX - Metta Papelaria","og_description":"Mobilidade e conforto para o dia a dia! Mouse sem fio wireless com 4 bor\u00f5es, textura lateral e resolu\u00e7\u00e3o selecion\u00e1vel at\u00e9 1600 dpi atrav\u00e9s de bot\u00e3o.","og_url":"https:\/\/mettapapelaria.com.br\/catalogo\/produto\/mouse-bluethooth-curve-ms-411-oex\/","og_site_name":"Metta Papelaria","article_publisher":"https:\/\/www.facebook.com\/mettapapelaria\/","article_modified_time":"2024-11-22T17:25:21+00:00","og_image":[{"width":500,"height":500,"url":"https:\/\/mettapapelaria.com.br\/catalogo\/wp-content\/uploads\/2024\/11\/Copy-of-Copy-of-BIBLIOCANTO-PASTEL-MAXCRIL-12.png","type":"image\/png"}],"twitter_card":"summary_large_image","twitter_misc":{"Est. tempo de leitura":"1 minuto"},"schema":{"@context":"https:\/\/schema.org","@graph":[{"@type":"WebPage","@id":"https:\/\/mettapapelaria.com.br\/catalogo\/produto\/mouse-bluethooth-curve-ms-411-oex\/","url":"https:\/\/mettapapelaria.com.br\/catalogo\/produto\/mouse-bluethooth-curve-ms-411-oex\/","name":"MOUSE BLUETHOOTH CURVE MS-411 OEX - Metta Papelaria","isPartOf":{"@id":"https:\/\/mettapapelaria.com.br\/catalogo\/#website"},"primaryImageOfPage":{"@id":"https:\/\/mettapapelaria.com.br\/catalogo\/produto\/mouse-bluethooth-curve-ms-411-oex\/#primaryimage"},"image":{"@id":"https:\/\/mettapapelaria.com.br\/catalogo\/produto\/mouse-bluethooth-curve-ms-411-oex\/#primaryimage"},"thumbnailUrl":"https:\/\/mettapapelaria.com.br\/catalogo\/wp-content\/uploads\/2024\/11\/Copy-of-Copy-of-BIBLIOCANTO-PASTEL-MAXCRIL-12.png","datePublished":"2024-11-22T17:25:20+00:00","dateModified":"2024-11-22T17:25:21+00:00","description":"Mobilidade e conforto para o dia a dia! Mouse sem fio wireless com 4 bor\u00f5es, textura lateral e resolu\u00e7\u00e3o selecion\u00e1vel at\u00e9 1600 dpi atrav\u00e9s de bot\u00e3o.","breadcrumb":{"@id":"https:\/\/mettapapelaria.com.br\/catalogo\/produto\/mouse-bluethooth-curve-ms-411-oex\/#breadcrumb"},"inLanguage":"pt-BR","potentialAction":[{"@type":"ReadAction","target":["https:\/\/mettapapelaria.com.br\/catalogo\/produto\/mouse-bluethooth-curve-ms-411-oex\/"]}]},{"@type":"ImageObject","inLanguage":"pt-BR","@id":"https:\/\/mettapapelaria.com.br\/catalogo\/produto\/mouse-bluethooth-curve-ms-411-oex\/#primaryimage","url":"https:\/\/mettapapelaria.com.br\/catalogo\/wp-content\/uploads\/2024\/11\/Copy-of-Copy-of-BIBLIOCANTO-PASTEL-MAXCRIL-12.png","contentUrl":"https:\/\/mettapapelaria.com.br\/catalogo\/wp-content\/uploads\/2024\/11\/Copy-of-Copy-of-BIBLIOCANTO-PASTEL-MAXCRIL-12.png","width":500,"height":500},{"@type":"BreadcrumbList","@id":"https:\/\/mettapapelaria.com.br\/catalogo\/produto\/mouse-bluethooth-curve-ms-411-oex\/#breadcrumb","itemListElement":[{"@type":"ListItem","position":1,"name":"In\u00edcio","item":"https:\/\/mettapapelaria.com.br\/catalogo\/"},{"@type":"ListItem","position":2,"name":"Shop","item":"https:\/\/mettapapelaria.com.br\/catalogo\/shop\/"},{"@type":"ListItem","position":3,"name":"MOUSE BLUETHOOTH CURVE MS-411 OEX"}]},{"@type":"WebSite","@id":"https:\/\/mettapapelaria.com.br\/catalogo\/#website","url":"https:\/\/mettapapelaria.com.br\/catalogo\/","name":"Metta Papelaria","description":"Materiais e equipamentos de escrit\u00f3rio, suprimentos para inform\u00e1tica, e uma diversificada linha de material escolar","publisher":{"@id":"https:\/\/mettapapelaria.com.br\/catalogo\/#organization"},"potentialAction":[{"@type":"SearchAction","target":{"@type":"EntryPoint","urlTemplate":"https:\/\/mettapapelaria.com.br\/catalogo\/?s={search_term_string}"},"query-input":{"@type":"PropertyValueSpecification","valueRequired":true,"valueName":"search_term_string"}}],"inLanguage":"pt-BR"},{"@type":"Organization","@id":"https:\/\/mettapapelaria.com.br\/catalogo\/#organization","name":"Metta Papelaria","url":"https:\/\/mettapapelaria.com.br\/catalogo\/","logo":{"@type":"ImageObject","inLanguage":"pt-BR","@id":"https:\/\/mettapapelaria.com.br\/catalogo\/#\/schema\/logo\/image\/","url":"https:\/\/mettapapelaria.com.br\/catalogo\/wp-content\/uploads\/2023\/12\/cropped-favicon-Metta_512-1.png","contentUrl":"https:\/\/mettapapelaria.com.br\/catalogo\/wp-content\/uploads\/2023\/12\/cropped-favicon-Metta_512-1.png","width":512,"height":512,"caption":"Metta Papelaria"},"image":{"@id":"https:\/\/mettapapelaria.com.br\/catalogo\/#\/schema\/logo\/image\/"},"sameAs":["https:\/\/www.facebook.com\/mettapapelaria\/","https:\/\/www.instagram.com\/papelariametta\/"]}]}},"_links":{"self":[{"href":"https:\/\/mettapapelaria.com.br\/catalogo\/wp-json\/wp\/v2\/product\/8799","targetHints":{"allow":["GET"]}}],"collection":[{"href":"https:\/\/mettapapelaria.com.br\/catalogo\/wp-json\/wp\/v2\/product"}],"about":[{"href":"https:\/\/mettapapelaria.com.br\/catalogo\/wp-json\/wp\/v2\/types\/product"}],"replies":[{"embeddable":true,"href":"https:\/\/mettapapelaria.com.br\/catalogo\/wp-json\/wp\/v2\/comments?post=8799"}],"version-history":[{"count":1,"href":"https:\/\/mettapapelaria.com.br\/catalogo\/wp-json\/wp\/v2\/product\/8799\/revisions"}],"predecessor-version":[{"id":8801,"href":"https:\/\/mettapapelaria.com.br\/catalogo\/wp-json\/wp\/v2\/product\/8799\/revisions\/8801"}],"wp:featuredmedia":[{"embeddable":true,"href":"https:\/\/mettapapelaria.com.br\/catalogo\/wp-json\/wp\/v2\/media\/8800"}],"wp:attachment":[{"href":"https:\/\/mettapapelaria.com.br\/catalogo\/wp-json\/wp\/v2\/media?parent=8799"}],"wp:term":[{"taxonomy":"brand","embeddable":true,"href":"https:\/\/mettapapelaria.com.br\/catalogo\/wp-json\/wp\/v2\/etheme_brands?post=8799"},{"taxonomy":"product_brand","embeddable":true,"href":"https:\/\/mettapapelaria.com.br\/catalogo\/wp-json\/wp\/v2\/product_brand?post=8799"},{"taxonomy":"product_cat","embeddable":true,"href":"https:\/\/mettapapelaria.com.br\/catalogo\/wp-json\/wp\/v2\/product_cat?post=8799"},{"taxonomy":"product_tag","embeddable":true,"href":"https:\/\/mettapapelaria.com.br\/catalogo\/wp-json\/wp\/v2\/product_tag?post=8799"}],"curies":[{"name":"wp","href":"https:\/\/api.w.org\/{rel}","templated":true}]}}