{"id":845,"date":"2022-11-04T17:07:29","date_gmt":"2022-11-04T20:07:29","guid":{"rendered":"https:\/\/mettapapelaria.com.br\/catalogo\/produto\/dicionario-escolar-ingles-ciranda-cultura\/"},"modified":"2022-11-04T17:07:29","modified_gmt":"2022-11-04T20:07:29","slug":"dicionario-escolar-ingles-ciranda-cultura","status":"publish","type":"product","link":"https:\/\/mettapapelaria.com.br\/catalogo\/produto\/dicionario-escolar-ingles-ciranda-cultura\/","title":{"rendered":"DICION\u00c1RIO ESCOLAR INGL\u00caS CIRANDA CULTURA"},"content":{"rendered":"<h4><span style=\"font-family: Arial;\">Encontre a tradu\u00e7\u00e3o de mais de 35.000 verbetes da l\u00edngua inglesa e aumente seus conhecimentos neste idioma! Este dicion\u00e1rio tamb\u00e9m traz diversas informa\u00e7\u00f5es relacionadas \u00e0 l\u00edngua inglesa que v\u00e3o auxiliar voc\u00ea no seu cotidiano escolar, como uma breve apresenta\u00e7\u00e3o da hist\u00f3ria desse idioma, uma lista de phrasal verbs e de verbos irregulares, al\u00e9m de frases fundamentais para se comunicar em diferentes situa\u00e7\u00f5es.<\/span><\/h4>\n<h4><span style=\"font-family: Arial; font-weight: bold;\">Especifica\u00e7\u00f5es<\/span><\/h4>\n<h4>\n<ul>\n<li><span style=\"font-family: Arial;\">Idioma: Portugu\u00eas<\/span><\/li>\n<li><span style=\"font-family: Arial;\">N\u00famero de p\u00e1ginas: 480<\/span><\/li>\n<li><span style=\"font-family: Arial;\">Encaderna\u00e7\u00e3o: Brochura<\/span><\/li>\n<li><span style=\"font-family: Arial;\">Dimens\u00f5es: 17cm x 12cm<\/span><\/li>\n<\/ul>\n<\/h4>\n","protected":false},"excerpt":{"rendered":"<p>Encontre a tradu\u00e7\u00e3o de mais de 35.000 verbetes da l\u00edngua inglesa e aumente seus conhecimentos neste idioma! Este dicion\u00e1rio tamb\u00e9m traz diversas informa\u00e7\u00f5es relacionadas \u00e0&#8230;<\/p>\n","protected":false},"featured_media":843,"comment_status":"open","ping_status":"closed","template":"","meta":[],"etheme_brands":[],"product_brand":[],"product_cat":[24,25],"product_tag":[],"class_list":{"0":"post-845","1":"product","2":"type-product","3":"status-publish","4":"has-post-thumbnail","6":"product_cat-dicionarios-livros-mapas","7":"product_cat-material","9":"first","10":"instock","11":"sold-individually","12":"shipping-taxable","13":"purchasable","14":"product-type-simple"},"yoast_head":"<!-- This site is optimized with the Yoast SEO plugin v26.9 - https:\/\/yoast.com\/product\/yoast-seo-wordpress\/ -->\n<title>DICION\u00c1RIO ESCOLAR INGL\u00caS CIRANDA CULTURA - Metta Papelaria<\/title>\n<meta name=\"robots\" content=\"index, follow, max-snippet:-1, max-image-preview:large, max-video-preview:-1\" \/>\n<link rel=\"canonical\" href=\"https:\/\/mettapapelaria.com.br\/catalogo\/produto\/dicionario-escolar-ingles-ciranda-cultura\/\" \/>\n<meta property=\"og:locale\" content=\"pt_BR\" \/>\n<meta property=\"og:type\" content=\"article\" \/>\n<meta property=\"og:title\" content=\"DICION\u00c1RIO ESCOLAR INGL\u00caS CIRANDA CULTURA - Metta Papelaria\" \/>\n<meta property=\"og:description\" content=\"Encontre a tradu\u00e7\u00e3o de mais de 35.000 verbetes da l\u00edngua inglesa e aumente seus conhecimentos neste idioma! Este dicion\u00e1rio tamb\u00e9m traz diversas informa\u00e7\u00f5es relacionadas \u00e0...\" \/>\n<meta property=\"og:url\" content=\"https:\/\/mettapapelaria.com.br\/catalogo\/produto\/dicionario-escolar-ingles-ciranda-cultura\/\" \/>\n<meta property=\"og:site_name\" content=\"Metta Papelaria\" \/>\n<meta property=\"article:publisher\" content=\"https:\/\/www.facebook.com\/mettapapelaria\/\" \/>\n<meta property=\"og:image\" content=\"https:\/\/mettapapelaria.com.br\/catalogo\/wp-content\/uploads\/2022\/11\/DICIONARIO-ESCOLAR-INGLES-CIRANDA-CULTURA.jpg\" \/>\n\t<meta property=\"og:image:width\" content=\"1000\" \/>\n\t<meta property=\"og:image:height\" content=\"1000\" \/>\n\t<meta property=\"og:image:type\" content=\"image\/jpeg\" \/>\n<meta name=\"twitter:card\" content=\"summary_large_image\" \/>\n<script type=\"application\/ld+json\" class=\"yoast-schema-graph\">{\"@context\":\"https:\/\/schema.org\",\"@graph\":[{\"@type\":\"WebPage\",\"@id\":\"https:\/\/mettapapelaria.com.br\/catalogo\/produto\/dicionario-escolar-ingles-ciranda-cultura\/\",\"url\":\"https:\/\/mettapapelaria.com.br\/catalogo\/produto\/dicionario-escolar-ingles-ciranda-cultura\/\",\"name\":\"DICION\u00c1RIO ESCOLAR INGL\u00caS CIRANDA CULTURA - Metta Papelaria\",\"isPartOf\":{\"@id\":\"https:\/\/mettapapelaria.com.br\/catalogo\/#website\"},\"primaryImageOfPage\":{\"@id\":\"https:\/\/mettapapelaria.com.br\/catalogo\/produto\/dicionario-escolar-ingles-ciranda-cultura\/#primaryimage\"},\"image\":{\"@id\":\"https:\/\/mettapapelaria.com.br\/catalogo\/produto\/dicionario-escolar-ingles-ciranda-cultura\/#primaryimage\"},\"thumbnailUrl\":\"https:\/\/mettapapelaria.com.br\/catalogo\/wp-content\/uploads\/2022\/11\/DICIONARIO-ESCOLAR-INGLES-CIRANDA-CULTURA.jpg\",\"datePublished\":\"2022-11-04T20:07:29+00:00\",\"breadcrumb\":{\"@id\":\"https:\/\/mettapapelaria.com.br\/catalogo\/produto\/dicionario-escolar-ingles-ciranda-cultura\/#breadcrumb\"},\"inLanguage\":\"pt-BR\",\"potentialAction\":[{\"@type\":\"ReadAction\",\"target\":[\"https:\/\/mettapapelaria.com.br\/catalogo\/produto\/dicionario-escolar-ingles-ciranda-cultura\/\"]}]},{\"@type\":\"ImageObject\",\"inLanguage\":\"pt-BR\",\"@id\":\"https:\/\/mettapapelaria.com.br\/catalogo\/produto\/dicionario-escolar-ingles-ciranda-cultura\/#primaryimage\",\"url\":\"https:\/\/mettapapelaria.com.br\/catalogo\/wp-content\/uploads\/2022\/11\/DICIONARIO-ESCOLAR-INGLES-CIRANDA-CULTURA.jpg\",\"contentUrl\":\"https:\/\/mettapapelaria.com.br\/catalogo\/wp-content\/uploads\/2022\/11\/DICIONARIO-ESCOLAR-INGLES-CIRANDA-CULTURA.jpg\",\"width\":1000,\"height\":1000,\"caption\":\"DICION\u00c1RIO ESCOLAR INGL\u00caS CIRANDA CULTURA\"},{\"@type\":\"BreadcrumbList\",\"@id\":\"https:\/\/mettapapelaria.com.br\/catalogo\/produto\/dicionario-escolar-ingles-ciranda-cultura\/#breadcrumb\",\"itemListElement\":[{\"@type\":\"ListItem\",\"position\":1,\"name\":\"In\u00edcio\",\"item\":\"https:\/\/mettapapelaria.com.br\/catalogo\/\"},{\"@type\":\"ListItem\",\"position\":2,\"name\":\"Shop\",\"item\":\"https:\/\/mettapapelaria.com.br\/catalogo\/shop\/\"},{\"@type\":\"ListItem\",\"position\":3,\"name\":\"DICION\u00c1RIO ESCOLAR INGL\u00caS CIRANDA CULTURA\"}]},{\"@type\":\"WebSite\",\"@id\":\"https:\/\/mettapapelaria.com.br\/catalogo\/#website\",\"url\":\"https:\/\/mettapapelaria.com.br\/catalogo\/\",\"name\":\"Metta Papelaria\",\"description\":\"Materiais e equipamentos de escrit\u00f3rio, suprimentos para inform\u00e1tica, e uma diversificada linha de material escolar\",\"publisher\":{\"@id\":\"https:\/\/mettapapelaria.com.br\/catalogo\/#organization\"},\"potentialAction\":[{\"@type\":\"SearchAction\",\"target\":{\"@type\":\"EntryPoint\",\"urlTemplate\":\"https:\/\/mettapapelaria.com.br\/catalogo\/?s={search_term_string}\"},\"query-input\":{\"@type\":\"PropertyValueSpecification\",\"valueRequired\":true,\"valueName\":\"search_term_string\"}}],\"inLanguage\":\"pt-BR\"},{\"@type\":\"Organization\",\"@id\":\"https:\/\/mettapapelaria.com.br\/catalogo\/#organization\",\"name\":\"Metta Papelaria\",\"url\":\"https:\/\/mettapapelaria.com.br\/catalogo\/\",\"logo\":{\"@type\":\"ImageObject\",\"inLanguage\":\"pt-BR\",\"@id\":\"https:\/\/mettapapelaria.com.br\/catalogo\/#\/schema\/logo\/image\/\",\"url\":\"https:\/\/mettapapelaria.com.br\/catalogo\/wp-content\/uploads\/2023\/12\/cropped-favicon-Metta_512-1.png\",\"contentUrl\":\"https:\/\/mettapapelaria.com.br\/catalogo\/wp-content\/uploads\/2023\/12\/cropped-favicon-Metta_512-1.png\",\"width\":512,\"height\":512,\"caption\":\"Metta Papelaria\"},\"image\":{\"@id\":\"https:\/\/mettapapelaria.com.br\/catalogo\/#\/schema\/logo\/image\/\"},\"sameAs\":[\"https:\/\/www.facebook.com\/mettapapelaria\/\",\"https:\/\/www.instagram.com\/papelariametta\/\"]}]}<\/script>\n<!-- \/ Yoast SEO plugin. -->","yoast_head_json":{"title":"DICION\u00c1RIO ESCOLAR INGL\u00caS CIRANDA CULTURA - Metta Papelaria","robots":{"index":"index","follow":"follow","max-snippet":"max-snippet:-1","max-image-preview":"max-image-preview:large","max-video-preview":"max-video-preview:-1"},"canonical":"https:\/\/mettapapelaria.com.br\/catalogo\/produto\/dicionario-escolar-ingles-ciranda-cultura\/","og_locale":"pt_BR","og_type":"article","og_title":"DICION\u00c1RIO ESCOLAR INGL\u00caS CIRANDA CULTURA - Metta Papelaria","og_description":"Encontre a tradu\u00e7\u00e3o de mais de 35.000 verbetes da l\u00edngua inglesa e aumente seus conhecimentos neste idioma! Este dicion\u00e1rio tamb\u00e9m traz diversas informa\u00e7\u00f5es relacionadas \u00e0...","og_url":"https:\/\/mettapapelaria.com.br\/catalogo\/produto\/dicionario-escolar-ingles-ciranda-cultura\/","og_site_name":"Metta Papelaria","article_publisher":"https:\/\/www.facebook.com\/mettapapelaria\/","og_image":[{"width":1000,"height":1000,"url":"https:\/\/mettapapelaria.com.br\/catalogo\/wp-content\/uploads\/2022\/11\/DICIONARIO-ESCOLAR-INGLES-CIRANDA-CULTURA.jpg","type":"image\/jpeg"}],"twitter_card":"summary_large_image","schema":{"@context":"https:\/\/schema.org","@graph":[{"@type":"WebPage","@id":"https:\/\/mettapapelaria.com.br\/catalogo\/produto\/dicionario-escolar-ingles-ciranda-cultura\/","url":"https:\/\/mettapapelaria.com.br\/catalogo\/produto\/dicionario-escolar-ingles-ciranda-cultura\/","name":"DICION\u00c1RIO ESCOLAR INGL\u00caS CIRANDA CULTURA - Metta Papelaria","isPartOf":{"@id":"https:\/\/mettapapelaria.com.br\/catalogo\/#website"},"primaryImageOfPage":{"@id":"https:\/\/mettapapelaria.com.br\/catalogo\/produto\/dicionario-escolar-ingles-ciranda-cultura\/#primaryimage"},"image":{"@id":"https:\/\/mettapapelaria.com.br\/catalogo\/produto\/dicionario-escolar-ingles-ciranda-cultura\/#primaryimage"},"thumbnailUrl":"https:\/\/mettapapelaria.com.br\/catalogo\/wp-content\/uploads\/2022\/11\/DICIONARIO-ESCOLAR-INGLES-CIRANDA-CULTURA.jpg","datePublished":"2022-11-04T20:07:29+00:00","breadcrumb":{"@id":"https:\/\/mettapapelaria.com.br\/catalogo\/produto\/dicionario-escolar-ingles-ciranda-cultura\/#breadcrumb"},"inLanguage":"pt-BR","potentialAction":[{"@type":"ReadAction","target":["https:\/\/mettapapelaria.com.br\/catalogo\/produto\/dicionario-escolar-ingles-ciranda-cultura\/"]}]},{"@type":"ImageObject","inLanguage":"pt-BR","@id":"https:\/\/mettapapelaria.com.br\/catalogo\/produto\/dicionario-escolar-ingles-ciranda-cultura\/#primaryimage","url":"https:\/\/mettapapelaria.com.br\/catalogo\/wp-content\/uploads\/2022\/11\/DICIONARIO-ESCOLAR-INGLES-CIRANDA-CULTURA.jpg","contentUrl":"https:\/\/mettapapelaria.com.br\/catalogo\/wp-content\/uploads\/2022\/11\/DICIONARIO-ESCOLAR-INGLES-CIRANDA-CULTURA.jpg","width":1000,"height":1000,"caption":"DICION\u00c1RIO ESCOLAR INGL\u00caS CIRANDA CULTURA"},{"@type":"BreadcrumbList","@id":"https:\/\/mettapapelaria.com.br\/catalogo\/produto\/dicionario-escolar-ingles-ciranda-cultura\/#breadcrumb","itemListElement":[{"@type":"ListItem","position":1,"name":"In\u00edcio","item":"https:\/\/mettapapelaria.com.br\/catalogo\/"},{"@type":"ListItem","position":2,"name":"Shop","item":"https:\/\/mettapapelaria.com.br\/catalogo\/shop\/"},{"@type":"ListItem","position":3,"name":"DICION\u00c1RIO ESCOLAR INGL\u00caS CIRANDA CULTURA"}]},{"@type":"WebSite","@id":"https:\/\/mettapapelaria.com.br\/catalogo\/#website","url":"https:\/\/mettapapelaria.com.br\/catalogo\/","name":"Metta Papelaria","description":"Materiais e equipamentos de escrit\u00f3rio, suprimentos para inform\u00e1tica, e uma diversificada linha de material escolar","publisher":{"@id":"https:\/\/mettapapelaria.com.br\/catalogo\/#organization"},"potentialAction":[{"@type":"SearchAction","target":{"@type":"EntryPoint","urlTemplate":"https:\/\/mettapapelaria.com.br\/catalogo\/?s={search_term_string}"},"query-input":{"@type":"PropertyValueSpecification","valueRequired":true,"valueName":"search_term_string"}}],"inLanguage":"pt-BR"},{"@type":"Organization","@id":"https:\/\/mettapapelaria.com.br\/catalogo\/#organization","name":"Metta Papelaria","url":"https:\/\/mettapapelaria.com.br\/catalogo\/","logo":{"@type":"ImageObject","inLanguage":"pt-BR","@id":"https:\/\/mettapapelaria.com.br\/catalogo\/#\/schema\/logo\/image\/","url":"https:\/\/mettapapelaria.com.br\/catalogo\/wp-content\/uploads\/2023\/12\/cropped-favicon-Metta_512-1.png","contentUrl":"https:\/\/mettapapelaria.com.br\/catalogo\/wp-content\/uploads\/2023\/12\/cropped-favicon-Metta_512-1.png","width":512,"height":512,"caption":"Metta Papelaria"},"image":{"@id":"https:\/\/mettapapelaria.com.br\/catalogo\/#\/schema\/logo\/image\/"},"sameAs":["https:\/\/www.facebook.com\/mettapapelaria\/","https:\/\/www.instagram.com\/papelariametta\/"]}]}},"_links":{"self":[{"href":"https:\/\/mettapapelaria.com.br\/catalogo\/wp-json\/wp\/v2\/product\/845","targetHints":{"allow":["GET"]}}],"collection":[{"href":"https:\/\/mettapapelaria.com.br\/catalogo\/wp-json\/wp\/v2\/product"}],"about":[{"href":"https:\/\/mettapapelaria.com.br\/catalogo\/wp-json\/wp\/v2\/types\/product"}],"replies":[{"embeddable":true,"href":"https:\/\/mettapapelaria.com.br\/catalogo\/wp-json\/wp\/v2\/comments?post=845"}],"version-history":[{"count":0,"href":"https:\/\/mettapapelaria.com.br\/catalogo\/wp-json\/wp\/v2\/product\/845\/revisions"}],"wp:featuredmedia":[{"embeddable":true,"href":"https:\/\/mettapapelaria.com.br\/catalogo\/wp-json\/wp\/v2\/media\/843"}],"wp:attachment":[{"href":"https:\/\/mettapapelaria.com.br\/catalogo\/wp-json\/wp\/v2\/media?parent=845"}],"wp:term":[{"taxonomy":"brand","embeddable":true,"href":"https:\/\/mettapapelaria.com.br\/catalogo\/wp-json\/wp\/v2\/etheme_brands?post=845"},{"taxonomy":"product_brand","embeddable":true,"href":"https:\/\/mettapapelaria.com.br\/catalogo\/wp-json\/wp\/v2\/product_brand?post=845"},{"taxonomy":"product_cat","embeddable":true,"href":"https:\/\/mettapapelaria.com.br\/catalogo\/wp-json\/wp\/v2\/product_cat?post=845"},{"taxonomy":"product_tag","embeddable":true,"href":"https:\/\/mettapapelaria.com.br\/catalogo\/wp-json\/wp\/v2\/product_tag?post=845"}],"curies":[{"name":"wp","href":"https:\/\/api.w.org\/{rel}","templated":true}]}}