{"id":8319,"date":"2024-10-28T09:06:58","date_gmt":"2024-10-28T12:06:58","guid":{"rendered":"https:\/\/mettapapelaria.com.br\/catalogo\/?post_type=product&#038;p=8319"},"modified":"2024-10-28T09:06:59","modified_gmt":"2024-10-28T12:06:59","slug":"borracha-boo-brilha-no-escuro-tris","status":"publish","type":"product","link":"https:\/\/mettapapelaria.com.br\/catalogo\/produto\/borracha-boo-brilha-no-escuro-tris\/","title":{"rendered":"BORRACHA BOO BRILHA NO ESCURO TRIS"},"content":{"rendered":"<p>BOO! Com formato divertido de esqueleto e tecnologia que brilha no escuro, essa borracha \u00e9 perfeita para os amantes de Halloween! A borracha \u00e9 macia e livre de PVC. Dimens\u00f5es: 3x5x1,1cm<\/p>\n<p>Composi\u00e7\u00e3o<\/p>\n<ul>\n<li>ECO pvc, corantes e aglutinantes.<\/li>\n<\/ul>\n","protected":false},"excerpt":{"rendered":"<p>BOO! Com formato divertido de esqueleto e tecnologia que brilha no escuro, essa borracha \u00e9 perfeita para os amantes de Halloween! A borracha \u00e9 macia&#8230;<\/p>\n","protected":false},"featured_media":8320,"comment_status":"open","ping_status":"closed","template":"","meta":[],"etheme_brands":[{"term_id":337,"name":"Tris","slug":"tris","term_group":0,"term_taxonomy_id":337,"taxonomy":"brand","description":"","parent":0,"count":53,"filter":"raw"}],"product_brand":[],"product_cat":[100,73,16],"product_tag":[332,709,338,293,396,715,276,711,316,275,395,710,714,294,292,227,225,712,713,317,274],"class_list":{"0":"post-8319","1":"product","2":"type-product","3":"status-publish","4":"has-post-thumbnail","6":"brand-tris","7":"product_cat-borracha-sem-capa","8":"product_cat-borrachas","9":"product_cat-material-escolar","10":"product_tag-borracha-com-capa","11":"product_tag-brilha-no-escuro","12":"product_tag-colorido","13":"product_tag-crianca","14":"product_tag-cute","15":"product_tag-dia-das-bruxas","16":"product_tag-escola","17":"product_tag-esqueleto","18":"product_tag-estudante","19":"product_tag-faculdade","20":"product_tag-fofo","21":"product_tag-glow-in-the-dark","22":"product_tag-halloween","23":"product_tag-infantil","24":"product_tag-kids","25":"product_tag-material-escolar","26":"product_tag-metta-papelaria","27":"product_tag-skeleton","28":"product_tag-spooky","29":"product_tag-study","30":"product_tag-universidade","32":"first","33":"instock","34":"sold-individually","35":"shipping-taxable","36":"purchasable","37":"product-type-simple"},"yoast_head":"<!-- This site is optimized with the Yoast SEO plugin v26.9 - https:\/\/yoast.com\/product\/yoast-seo-wordpress\/ -->\n<title>BORRACHA BOO BRILHA NO ESCURO TRIS - Metta Papelaria<\/title>\n<meta name=\"description\" content=\"BOO! Com formato divertido de esqueleto e tecnologia que brilha no escuro, essa borracha \u00e9 perfeita para os amantes de Halloween! A borracha \u00e9 macia e livre de PVC. Dimens\u00f5es: 3x5x1,1cm\" \/>\n<meta name=\"robots\" content=\"index, follow, max-snippet:-1, max-image-preview:large, max-video-preview:-1\" \/>\n<link rel=\"canonical\" href=\"https:\/\/mettapapelaria.com.br\/catalogo\/produto\/borracha-boo-brilha-no-escuro-tris\/\" \/>\n<meta property=\"og:locale\" content=\"pt_BR\" \/>\n<meta property=\"og:type\" content=\"article\" \/>\n<meta property=\"og:title\" content=\"BORRACHA BOO BRILHA NO ESCURO TRIS - Metta Papelaria\" \/>\n<meta property=\"og:description\" content=\"BOO! Com formato divertido de esqueleto e tecnologia que brilha no escuro, essa borracha \u00e9 perfeita para os amantes de Halloween! A borracha \u00e9 macia e livre de PVC. Dimens\u00f5es: 3x5x1,1cm\" \/>\n<meta property=\"og:url\" content=\"https:\/\/mettapapelaria.com.br\/catalogo\/produto\/borracha-boo-brilha-no-escuro-tris\/\" \/>\n<meta property=\"og:site_name\" content=\"Metta Papelaria\" \/>\n<meta property=\"article:publisher\" content=\"https:\/\/www.facebook.com\/mettapapelaria\/\" \/>\n<meta property=\"article:modified_time\" content=\"2024-10-28T12:06:59+00:00\" \/>\n<meta property=\"og:image\" content=\"https:\/\/mettapapelaria.com.br\/catalogo\/wp-content\/uploads\/2024\/10\/BORRACHA-BOO-BRILHA-NO-ESCURO-TRIS-3.jpg\" \/>\n\t<meta property=\"og:image:width\" content=\"500\" \/>\n\t<meta property=\"og:image:height\" content=\"500\" \/>\n\t<meta property=\"og:image:type\" content=\"image\/jpeg\" \/>\n<meta name=\"twitter:card\" content=\"summary_large_image\" \/>\n<meta name=\"twitter:label1\" content=\"Est. tempo de leitura\" \/>\n\t<meta name=\"twitter:data1\" content=\"1 minuto\" \/>\n<script type=\"application\/ld+json\" class=\"yoast-schema-graph\">{\"@context\":\"https:\/\/schema.org\",\"@graph\":[{\"@type\":\"WebPage\",\"@id\":\"https:\/\/mettapapelaria.com.br\/catalogo\/produto\/borracha-boo-brilha-no-escuro-tris\/\",\"url\":\"https:\/\/mettapapelaria.com.br\/catalogo\/produto\/borracha-boo-brilha-no-escuro-tris\/\",\"name\":\"BORRACHA BOO BRILHA NO ESCURO TRIS - Metta Papelaria\",\"isPartOf\":{\"@id\":\"https:\/\/mettapapelaria.com.br\/catalogo\/#website\"},\"primaryImageOfPage\":{\"@id\":\"https:\/\/mettapapelaria.com.br\/catalogo\/produto\/borracha-boo-brilha-no-escuro-tris\/#primaryimage\"},\"image\":{\"@id\":\"https:\/\/mettapapelaria.com.br\/catalogo\/produto\/borracha-boo-brilha-no-escuro-tris\/#primaryimage\"},\"thumbnailUrl\":\"https:\/\/mettapapelaria.com.br\/catalogo\/wp-content\/uploads\/2024\/10\/BORRACHA-BOO-BRILHA-NO-ESCURO-TRIS-3.jpg\",\"datePublished\":\"2024-10-28T12:06:58+00:00\",\"dateModified\":\"2024-10-28T12:06:59+00:00\",\"description\":\"BOO! Com formato divertido de esqueleto e tecnologia que brilha no escuro, essa borracha \u00e9 perfeita para os amantes de Halloween! A borracha \u00e9 macia e livre de PVC. Dimens\u00f5es: 3x5x1,1cm\",\"breadcrumb\":{\"@id\":\"https:\/\/mettapapelaria.com.br\/catalogo\/produto\/borracha-boo-brilha-no-escuro-tris\/#breadcrumb\"},\"inLanguage\":\"pt-BR\",\"potentialAction\":[{\"@type\":\"ReadAction\",\"target\":[\"https:\/\/mettapapelaria.com.br\/catalogo\/produto\/borracha-boo-brilha-no-escuro-tris\/\"]}]},{\"@type\":\"ImageObject\",\"inLanguage\":\"pt-BR\",\"@id\":\"https:\/\/mettapapelaria.com.br\/catalogo\/produto\/borracha-boo-brilha-no-escuro-tris\/#primaryimage\",\"url\":\"https:\/\/mettapapelaria.com.br\/catalogo\/wp-content\/uploads\/2024\/10\/BORRACHA-BOO-BRILHA-NO-ESCURO-TRIS-3.jpg\",\"contentUrl\":\"https:\/\/mettapapelaria.com.br\/catalogo\/wp-content\/uploads\/2024\/10\/BORRACHA-BOO-BRILHA-NO-ESCURO-TRIS-3.jpg\",\"width\":500,\"height\":500},{\"@type\":\"BreadcrumbList\",\"@id\":\"https:\/\/mettapapelaria.com.br\/catalogo\/produto\/borracha-boo-brilha-no-escuro-tris\/#breadcrumb\",\"itemListElement\":[{\"@type\":\"ListItem\",\"position\":1,\"name\":\"In\u00edcio\",\"item\":\"https:\/\/mettapapelaria.com.br\/catalogo\/\"},{\"@type\":\"ListItem\",\"position\":2,\"name\":\"Shop\",\"item\":\"https:\/\/mettapapelaria.com.br\/catalogo\/shop\/\"},{\"@type\":\"ListItem\",\"position\":3,\"name\":\"BORRACHA BOO BRILHA NO ESCURO TRIS\"}]},{\"@type\":\"WebSite\",\"@id\":\"https:\/\/mettapapelaria.com.br\/catalogo\/#website\",\"url\":\"https:\/\/mettapapelaria.com.br\/catalogo\/\",\"name\":\"Metta Papelaria\",\"description\":\"Materiais e equipamentos de escrit\u00f3rio, suprimentos para inform\u00e1tica, e uma diversificada linha de material escolar\",\"publisher\":{\"@id\":\"https:\/\/mettapapelaria.com.br\/catalogo\/#organization\"},\"potentialAction\":[{\"@type\":\"SearchAction\",\"target\":{\"@type\":\"EntryPoint\",\"urlTemplate\":\"https:\/\/mettapapelaria.com.br\/catalogo\/?s={search_term_string}\"},\"query-input\":{\"@type\":\"PropertyValueSpecification\",\"valueRequired\":true,\"valueName\":\"search_term_string\"}}],\"inLanguage\":\"pt-BR\"},{\"@type\":\"Organization\",\"@id\":\"https:\/\/mettapapelaria.com.br\/catalogo\/#organization\",\"name\":\"Metta Papelaria\",\"url\":\"https:\/\/mettapapelaria.com.br\/catalogo\/\",\"logo\":{\"@type\":\"ImageObject\",\"inLanguage\":\"pt-BR\",\"@id\":\"https:\/\/mettapapelaria.com.br\/catalogo\/#\/schema\/logo\/image\/\",\"url\":\"https:\/\/mettapapelaria.com.br\/catalogo\/wp-content\/uploads\/2023\/12\/cropped-favicon-Metta_512-1.png\",\"contentUrl\":\"https:\/\/mettapapelaria.com.br\/catalogo\/wp-content\/uploads\/2023\/12\/cropped-favicon-Metta_512-1.png\",\"width\":512,\"height\":512,\"caption\":\"Metta Papelaria\"},\"image\":{\"@id\":\"https:\/\/mettapapelaria.com.br\/catalogo\/#\/schema\/logo\/image\/\"},\"sameAs\":[\"https:\/\/www.facebook.com\/mettapapelaria\/\",\"https:\/\/www.instagram.com\/papelariametta\/\"]}]}<\/script>\n<!-- \/ Yoast SEO plugin. -->","yoast_head_json":{"title":"BORRACHA BOO BRILHA NO ESCURO TRIS - Metta Papelaria","description":"BOO! Com formato divertido de esqueleto e tecnologia que brilha no escuro, essa borracha \u00e9 perfeita para os amantes de Halloween! A borracha \u00e9 macia e livre de PVC. Dimens\u00f5es: 3x5x1,1cm","robots":{"index":"index","follow":"follow","max-snippet":"max-snippet:-1","max-image-preview":"max-image-preview:large","max-video-preview":"max-video-preview:-1"},"canonical":"https:\/\/mettapapelaria.com.br\/catalogo\/produto\/borracha-boo-brilha-no-escuro-tris\/","og_locale":"pt_BR","og_type":"article","og_title":"BORRACHA BOO BRILHA NO ESCURO TRIS - Metta Papelaria","og_description":"BOO! Com formato divertido de esqueleto e tecnologia que brilha no escuro, essa borracha \u00e9 perfeita para os amantes de Halloween! A borracha \u00e9 macia e livre de PVC. Dimens\u00f5es: 3x5x1,1cm","og_url":"https:\/\/mettapapelaria.com.br\/catalogo\/produto\/borracha-boo-brilha-no-escuro-tris\/","og_site_name":"Metta Papelaria","article_publisher":"https:\/\/www.facebook.com\/mettapapelaria\/","article_modified_time":"2024-10-28T12:06:59+00:00","og_image":[{"width":500,"height":500,"url":"https:\/\/mettapapelaria.com.br\/catalogo\/wp-content\/uploads\/2024\/10\/BORRACHA-BOO-BRILHA-NO-ESCURO-TRIS-3.jpg","type":"image\/jpeg"}],"twitter_card":"summary_large_image","twitter_misc":{"Est. tempo de leitura":"1 minuto"},"schema":{"@context":"https:\/\/schema.org","@graph":[{"@type":"WebPage","@id":"https:\/\/mettapapelaria.com.br\/catalogo\/produto\/borracha-boo-brilha-no-escuro-tris\/","url":"https:\/\/mettapapelaria.com.br\/catalogo\/produto\/borracha-boo-brilha-no-escuro-tris\/","name":"BORRACHA BOO BRILHA NO ESCURO TRIS - Metta Papelaria","isPartOf":{"@id":"https:\/\/mettapapelaria.com.br\/catalogo\/#website"},"primaryImageOfPage":{"@id":"https:\/\/mettapapelaria.com.br\/catalogo\/produto\/borracha-boo-brilha-no-escuro-tris\/#primaryimage"},"image":{"@id":"https:\/\/mettapapelaria.com.br\/catalogo\/produto\/borracha-boo-brilha-no-escuro-tris\/#primaryimage"},"thumbnailUrl":"https:\/\/mettapapelaria.com.br\/catalogo\/wp-content\/uploads\/2024\/10\/BORRACHA-BOO-BRILHA-NO-ESCURO-TRIS-3.jpg","datePublished":"2024-10-28T12:06:58+00:00","dateModified":"2024-10-28T12:06:59+00:00","description":"BOO! Com formato divertido de esqueleto e tecnologia que brilha no escuro, essa borracha \u00e9 perfeita para os amantes de Halloween! A borracha \u00e9 macia e livre de PVC. Dimens\u00f5es: 3x5x1,1cm","breadcrumb":{"@id":"https:\/\/mettapapelaria.com.br\/catalogo\/produto\/borracha-boo-brilha-no-escuro-tris\/#breadcrumb"},"inLanguage":"pt-BR","potentialAction":[{"@type":"ReadAction","target":["https:\/\/mettapapelaria.com.br\/catalogo\/produto\/borracha-boo-brilha-no-escuro-tris\/"]}]},{"@type":"ImageObject","inLanguage":"pt-BR","@id":"https:\/\/mettapapelaria.com.br\/catalogo\/produto\/borracha-boo-brilha-no-escuro-tris\/#primaryimage","url":"https:\/\/mettapapelaria.com.br\/catalogo\/wp-content\/uploads\/2024\/10\/BORRACHA-BOO-BRILHA-NO-ESCURO-TRIS-3.jpg","contentUrl":"https:\/\/mettapapelaria.com.br\/catalogo\/wp-content\/uploads\/2024\/10\/BORRACHA-BOO-BRILHA-NO-ESCURO-TRIS-3.jpg","width":500,"height":500},{"@type":"BreadcrumbList","@id":"https:\/\/mettapapelaria.com.br\/catalogo\/produto\/borracha-boo-brilha-no-escuro-tris\/#breadcrumb","itemListElement":[{"@type":"ListItem","position":1,"name":"In\u00edcio","item":"https:\/\/mettapapelaria.com.br\/catalogo\/"},{"@type":"ListItem","position":2,"name":"Shop","item":"https:\/\/mettapapelaria.com.br\/catalogo\/shop\/"},{"@type":"ListItem","position":3,"name":"BORRACHA BOO BRILHA NO ESCURO TRIS"}]},{"@type":"WebSite","@id":"https:\/\/mettapapelaria.com.br\/catalogo\/#website","url":"https:\/\/mettapapelaria.com.br\/catalogo\/","name":"Metta Papelaria","description":"Materiais e equipamentos de escrit\u00f3rio, suprimentos para inform\u00e1tica, e uma diversificada linha de material escolar","publisher":{"@id":"https:\/\/mettapapelaria.com.br\/catalogo\/#organization"},"potentialAction":[{"@type":"SearchAction","target":{"@type":"EntryPoint","urlTemplate":"https:\/\/mettapapelaria.com.br\/catalogo\/?s={search_term_string}"},"query-input":{"@type":"PropertyValueSpecification","valueRequired":true,"valueName":"search_term_string"}}],"inLanguage":"pt-BR"},{"@type":"Organization","@id":"https:\/\/mettapapelaria.com.br\/catalogo\/#organization","name":"Metta Papelaria","url":"https:\/\/mettapapelaria.com.br\/catalogo\/","logo":{"@type":"ImageObject","inLanguage":"pt-BR","@id":"https:\/\/mettapapelaria.com.br\/catalogo\/#\/schema\/logo\/image\/","url":"https:\/\/mettapapelaria.com.br\/catalogo\/wp-content\/uploads\/2023\/12\/cropped-favicon-Metta_512-1.png","contentUrl":"https:\/\/mettapapelaria.com.br\/catalogo\/wp-content\/uploads\/2023\/12\/cropped-favicon-Metta_512-1.png","width":512,"height":512,"caption":"Metta Papelaria"},"image":{"@id":"https:\/\/mettapapelaria.com.br\/catalogo\/#\/schema\/logo\/image\/"},"sameAs":["https:\/\/www.facebook.com\/mettapapelaria\/","https:\/\/www.instagram.com\/papelariametta\/"]}]}},"_links":{"self":[{"href":"https:\/\/mettapapelaria.com.br\/catalogo\/wp-json\/wp\/v2\/product\/8319","targetHints":{"allow":["GET"]}}],"collection":[{"href":"https:\/\/mettapapelaria.com.br\/catalogo\/wp-json\/wp\/v2\/product"}],"about":[{"href":"https:\/\/mettapapelaria.com.br\/catalogo\/wp-json\/wp\/v2\/types\/product"}],"replies":[{"embeddable":true,"href":"https:\/\/mettapapelaria.com.br\/catalogo\/wp-json\/wp\/v2\/comments?post=8319"}],"version-history":[{"count":1,"href":"https:\/\/mettapapelaria.com.br\/catalogo\/wp-json\/wp\/v2\/product\/8319\/revisions"}],"predecessor-version":[{"id":8324,"href":"https:\/\/mettapapelaria.com.br\/catalogo\/wp-json\/wp\/v2\/product\/8319\/revisions\/8324"}],"wp:featuredmedia":[{"embeddable":true,"href":"https:\/\/mettapapelaria.com.br\/catalogo\/wp-json\/wp\/v2\/media\/8320"}],"wp:attachment":[{"href":"https:\/\/mettapapelaria.com.br\/catalogo\/wp-json\/wp\/v2\/media?parent=8319"}],"wp:term":[{"taxonomy":"brand","embeddable":true,"href":"https:\/\/mettapapelaria.com.br\/catalogo\/wp-json\/wp\/v2\/etheme_brands?post=8319"},{"taxonomy":"product_brand","embeddable":true,"href":"https:\/\/mettapapelaria.com.br\/catalogo\/wp-json\/wp\/v2\/product_brand?post=8319"},{"taxonomy":"product_cat","embeddable":true,"href":"https:\/\/mettapapelaria.com.br\/catalogo\/wp-json\/wp\/v2\/product_cat?post=8319"},{"taxonomy":"product_tag","embeddable":true,"href":"https:\/\/mettapapelaria.com.br\/catalogo\/wp-json\/wp\/v2\/product_tag?post=8319"}],"curies":[{"name":"wp","href":"https:\/\/api.w.org\/{rel}","templated":true}]}}