{"id":7928,"date":"2024-10-09T15:00:12","date_gmt":"2024-10-09T18:00:12","guid":{"rendered":"https:\/\/mettapapelaria.com.br\/catalogo\/?post_type=product&#038;p=7928"},"modified":"2024-10-09T15:00:13","modified_gmt":"2024-10-09T18:00:13","slug":"fita-corretiva-em-caneta-6mx5mm-leo-arte","status":"publish","type":"product","link":"https:\/\/mettapapelaria.com.br\/catalogo\/produto\/fita-corretiva-em-caneta-6mx5mm-leo-arte\/","title":{"rendered":"FITA CORRETIVA EM CANETA 6MX5MM LEO ARTE"},"content":{"rendered":"<div class=\"vtex-flex-layout-0-x-flexColChild vtex-flex-layout-0-x-flexColChild--product-container pb0\">\n<div class=\"vtex-flex-layout-0-x-flexRow vtex-flex-layout-0-x-flexRow--menu-infos\">\n<div class=\"flex mt0 mb0 pt0 pb0    justify-start vtex-flex-layout-0-x-flexRowContent vtex-flex-layout-0-x-flexRowContent--menu-infos items-stretch w-100\">\n<div class=\"pr0 items-stretch vtex-flex-layout-0-x-stretchChildrenWidth   flex\">\n<div class=\"vtex-tab-layout-0-x-container vtex-tab-layout-0-x-container--product-description vtex-tab-layout-0-x-container--product-description-pdp\">\n<div class=\"vtex-tab-layout-0-x-contentContainer w-100\">\n<div class=\"vtex-tab-layout-0-x-contentItem w-100\">\n<div class=\"vtex-store-components-3-x-productDescriptionContainer\">\n<div class=\"vtex-store-components-3-x-productDescriptionText c-muted-1\">\n<div class=\"vtex-store-components-3-x-container relative\">\n<div class=\"vtex-store-components-3-x-content h-auto\">Se voc\u00ea busca praticidade e estilo para corrigir pequenos deslizes, a escolha da Fita Corretiva 6mx5mm Formato Caneta LeoArte tem zero erros.<\/div>\n<div><\/div>\n<div class=\"vtex-store-components-3-x-content h-auto\">Seu design em formato de caneta, proporciona uma corre\u00e7\u00e3o instant\u00e2nea e de f\u00e1cil aplica\u00e7\u00e3o, ideal para estudantes e profissionais. Dispon\u00edvel em tr\u00eas cores vibrantes &#8211; rosa, preto e azul &#8211; esta fita corretiva n\u00e3o s\u00f3 corrige erros, mas tamb\u00e9m adiciona um toque de estilo ao seu material escolar ou de escrit\u00f3rio.<\/div>\n<div><\/div>\n<div class=\"vtex-store-components-3-x-content h-auto\">Ela vem na cor branca, garantindo uma cobertura perfeita. Seu formato ergon\u00f4mico oferece uma pegada confort\u00e1vel, facilitando o uso em qualquer situa\u00e7\u00e3o. Compacta e leve, ela \u00e9 perfeita para ser guardada no estojo e levada para qualquer lugar.<\/div>\n<div><\/div>\n<div class=\"vtex-store-components-3-x-content h-auto\">Esta \u00e9 a escolha certa para quem busca funcionalidade e design contempor\u00e2neo, inspirados nas tend\u00eancias mundiais.<\/div>\n<\/div>\n<\/div>\n<\/div>\n<\/div>\n<\/div>\n<\/div>\n<\/div>\n<\/div>\n<\/div>\n<\/div>\n","protected":false},"excerpt":{"rendered":"<p>Se voc\u00ea busca praticidade e estilo para corrigir pequenos deslizes, a escolha da Fita Corretiva 6mx5mm Formato Caneta LeoArte tem zero erros. Seu design em&#8230;<\/p>\n","protected":false},"featured_media":7929,"comment_status":"open","ping_status":"closed","template":"","meta":[],"etheme_brands":[{"term_id":252,"name":"LeoArte","slug":"leo-arte","term_group":0,"term_taxonomy_id":252,"taxonomy":"brand","description":"","parent":249,"count":2,"filter":"raw"},{"term_id":249,"name":"Leonora","slug":"leonora","term_group":0,"term_taxonomy_id":249,"taxonomy":"brand","description":"","parent":0,"count":67,"filter":"raw"}],"product_brand":[],"product_cat":[55,72,103,105,16,15],"product_tag":[338,579,647,293,396,276,385,316,275,646,395,294,292,228,227,225,317,274],"class_list":{"0":"post-7928","1":"product","2":"type-product","3":"status-publish","4":"has-post-thumbnail","6":"brand-leo-arte","7":"brand-leonora","8":"product_cat-corretivos1","9":"product_cat-corretivos","10":"product_cat-corretivos-em-fita","11":"product_cat-corretivos-em-fita1","12":"product_cat-material-escolar","13":"product_cat-material-escritorio","14":"product_tag-colorido","15":"product_tag-corretivo","16":"product_tag-corretivo-em-fita","17":"product_tag-crianca","18":"product_tag-cute","19":"product_tag-escola","20":"product_tag-escritorio","21":"product_tag-estudante","22":"product_tag-faculdade","23":"product_tag-fita-corretiva","24":"product_tag-fofo","25":"product_tag-infantil","26":"product_tag-kids","27":"product_tag-material-de-escritorio","28":"product_tag-material-escolar","29":"product_tag-metta-papelaria","30":"product_tag-study","31":"product_tag-universidade","33":"first","34":"instock","35":"sold-individually","36":"shipping-taxable","37":"purchasable","38":"product-type-simple"},"yoast_head":"<!-- This site is optimized with the Yoast SEO plugin v26.9 - https:\/\/yoast.com\/product\/yoast-seo-wordpress\/ -->\n<title>FITA CORRETIVA EM CANETA 6MX5MM LEO ARTE - Metta Papelaria<\/title>\n<meta name=\"description\" content=\"Se voc\u00ea busca praticidade e estilo para corrigir pequenos deslizes, a escolha da Fita Corretiva 6mx5mm Formato Caneta LeoArte tem zero erros. Seu design em formato de caneta, proporciona uma corre\u00e7\u00e3o instant\u00e2nea e de f\u00e1cil aplica\u00e7\u00e3o, ideal para estudantes e profissionais. Dispon\u00edvel em tr\u00eas cores vibrantes - rosa, preto e azul - esta fita corretiva n\u00e3o s\u00f3 corrige erros, mas tamb\u00e9m adiciona um toque de estilo ao seu material escolar ou de escrit\u00f3rio.\" \/>\n<meta name=\"robots\" content=\"index, follow, max-snippet:-1, max-image-preview:large, max-video-preview:-1\" \/>\n<link rel=\"canonical\" href=\"https:\/\/mettapapelaria.com.br\/catalogo\/produto\/fita-corretiva-em-caneta-6mx5mm-leo-arte\/\" \/>\n<meta property=\"og:locale\" content=\"pt_BR\" \/>\n<meta property=\"og:type\" content=\"article\" \/>\n<meta property=\"og:title\" content=\"FITA CORRETIVA EM CANETA 6MX5MM LEO ARTE - Metta Papelaria\" \/>\n<meta property=\"og:description\" content=\"Se voc\u00ea busca praticidade e estilo para corrigir pequenos deslizes, a escolha da Fita Corretiva 6mx5mm Formato Caneta LeoArte tem zero erros. Seu design em formato de caneta, proporciona uma corre\u00e7\u00e3o instant\u00e2nea e de f\u00e1cil aplica\u00e7\u00e3o, ideal para estudantes e profissionais. Dispon\u00edvel em tr\u00eas cores vibrantes - rosa, preto e azul - esta fita corretiva n\u00e3o s\u00f3 corrige erros, mas tamb\u00e9m adiciona um toque de estilo ao seu material escolar ou de escrit\u00f3rio.\" \/>\n<meta property=\"og:url\" content=\"https:\/\/mettapapelaria.com.br\/catalogo\/produto\/fita-corretiva-em-caneta-6mx5mm-leo-arte\/\" \/>\n<meta property=\"og:site_name\" content=\"Metta Papelaria\" \/>\n<meta property=\"article:publisher\" content=\"https:\/\/www.facebook.com\/mettapapelaria\/\" \/>\n<meta property=\"article:modified_time\" content=\"2024-10-09T18:00:13+00:00\" \/>\n<meta property=\"og:image\" content=\"https:\/\/mettapapelaria.com.br\/catalogo\/wp-content\/uploads\/2024\/10\/FITA-CORRETIVA-EM-CANETA-6MX5MM-LEO-ARTE-2.jpg\" \/>\n\t<meta property=\"og:image:width\" content=\"500\" \/>\n\t<meta property=\"og:image:height\" content=\"500\" \/>\n\t<meta property=\"og:image:type\" content=\"image\/jpeg\" \/>\n<meta name=\"twitter:card\" content=\"summary_large_image\" \/>\n<meta name=\"twitter:label1\" content=\"Est. tempo de leitura\" \/>\n\t<meta name=\"twitter:data1\" content=\"1 minuto\" \/>\n<script type=\"application\/ld+json\" class=\"yoast-schema-graph\">{\"@context\":\"https:\/\/schema.org\",\"@graph\":[{\"@type\":\"WebPage\",\"@id\":\"https:\/\/mettapapelaria.com.br\/catalogo\/produto\/fita-corretiva-em-caneta-6mx5mm-leo-arte\/\",\"url\":\"https:\/\/mettapapelaria.com.br\/catalogo\/produto\/fita-corretiva-em-caneta-6mx5mm-leo-arte\/\",\"name\":\"FITA CORRETIVA EM CANETA 6MX5MM LEO ARTE - Metta Papelaria\",\"isPartOf\":{\"@id\":\"https:\/\/mettapapelaria.com.br\/catalogo\/#website\"},\"primaryImageOfPage\":{\"@id\":\"https:\/\/mettapapelaria.com.br\/catalogo\/produto\/fita-corretiva-em-caneta-6mx5mm-leo-arte\/#primaryimage\"},\"image\":{\"@id\":\"https:\/\/mettapapelaria.com.br\/catalogo\/produto\/fita-corretiva-em-caneta-6mx5mm-leo-arte\/#primaryimage\"},\"thumbnailUrl\":\"https:\/\/mettapapelaria.com.br\/catalogo\/wp-content\/uploads\/2024\/10\/FITA-CORRETIVA-EM-CANETA-6MX5MM-LEO-ARTE-2.jpg\",\"datePublished\":\"2024-10-09T18:00:12+00:00\",\"dateModified\":\"2024-10-09T18:00:13+00:00\",\"description\":\"Se voc\u00ea busca praticidade e estilo para corrigir pequenos deslizes, a escolha da Fita Corretiva 6mx5mm Formato Caneta LeoArte tem zero erros. Seu design em formato de caneta, proporciona uma corre\u00e7\u00e3o instant\u00e2nea e de f\u00e1cil aplica\u00e7\u00e3o, ideal para estudantes e profissionais. Dispon\u00edvel em tr\u00eas cores vibrantes - rosa, preto e azul - esta fita corretiva n\u00e3o s\u00f3 corrige erros, mas tamb\u00e9m adiciona um toque de estilo ao seu material escolar ou de escrit\u00f3rio.\",\"breadcrumb\":{\"@id\":\"https:\/\/mettapapelaria.com.br\/catalogo\/produto\/fita-corretiva-em-caneta-6mx5mm-leo-arte\/#breadcrumb\"},\"inLanguage\":\"pt-BR\",\"potentialAction\":[{\"@type\":\"ReadAction\",\"target\":[\"https:\/\/mettapapelaria.com.br\/catalogo\/produto\/fita-corretiva-em-caneta-6mx5mm-leo-arte\/\"]}]},{\"@type\":\"ImageObject\",\"inLanguage\":\"pt-BR\",\"@id\":\"https:\/\/mettapapelaria.com.br\/catalogo\/produto\/fita-corretiva-em-caneta-6mx5mm-leo-arte\/#primaryimage\",\"url\":\"https:\/\/mettapapelaria.com.br\/catalogo\/wp-content\/uploads\/2024\/10\/FITA-CORRETIVA-EM-CANETA-6MX5MM-LEO-ARTE-2.jpg\",\"contentUrl\":\"https:\/\/mettapapelaria.com.br\/catalogo\/wp-content\/uploads\/2024\/10\/FITA-CORRETIVA-EM-CANETA-6MX5MM-LEO-ARTE-2.jpg\",\"width\":500,\"height\":500},{\"@type\":\"BreadcrumbList\",\"@id\":\"https:\/\/mettapapelaria.com.br\/catalogo\/produto\/fita-corretiva-em-caneta-6mx5mm-leo-arte\/#breadcrumb\",\"itemListElement\":[{\"@type\":\"ListItem\",\"position\":1,\"name\":\"In\u00edcio\",\"item\":\"https:\/\/mettapapelaria.com.br\/catalogo\/\"},{\"@type\":\"ListItem\",\"position\":2,\"name\":\"Shop\",\"item\":\"https:\/\/mettapapelaria.com.br\/catalogo\/shop\/\"},{\"@type\":\"ListItem\",\"position\":3,\"name\":\"FITA CORRETIVA EM CANETA 6MX5MM LEO ARTE\"}]},{\"@type\":\"WebSite\",\"@id\":\"https:\/\/mettapapelaria.com.br\/catalogo\/#website\",\"url\":\"https:\/\/mettapapelaria.com.br\/catalogo\/\",\"name\":\"Metta Papelaria\",\"description\":\"Materiais e equipamentos de escrit\u00f3rio, suprimentos para inform\u00e1tica, e uma diversificada linha de material escolar\",\"publisher\":{\"@id\":\"https:\/\/mettapapelaria.com.br\/catalogo\/#organization\"},\"potentialAction\":[{\"@type\":\"SearchAction\",\"target\":{\"@type\":\"EntryPoint\",\"urlTemplate\":\"https:\/\/mettapapelaria.com.br\/catalogo\/?s={search_term_string}\"},\"query-input\":{\"@type\":\"PropertyValueSpecification\",\"valueRequired\":true,\"valueName\":\"search_term_string\"}}],\"inLanguage\":\"pt-BR\"},{\"@type\":\"Organization\",\"@id\":\"https:\/\/mettapapelaria.com.br\/catalogo\/#organization\",\"name\":\"Metta Papelaria\",\"url\":\"https:\/\/mettapapelaria.com.br\/catalogo\/\",\"logo\":{\"@type\":\"ImageObject\",\"inLanguage\":\"pt-BR\",\"@id\":\"https:\/\/mettapapelaria.com.br\/catalogo\/#\/schema\/logo\/image\/\",\"url\":\"https:\/\/mettapapelaria.com.br\/catalogo\/wp-content\/uploads\/2023\/12\/cropped-favicon-Metta_512-1.png\",\"contentUrl\":\"https:\/\/mettapapelaria.com.br\/catalogo\/wp-content\/uploads\/2023\/12\/cropped-favicon-Metta_512-1.png\",\"width\":512,\"height\":512,\"caption\":\"Metta Papelaria\"},\"image\":{\"@id\":\"https:\/\/mettapapelaria.com.br\/catalogo\/#\/schema\/logo\/image\/\"},\"sameAs\":[\"https:\/\/www.facebook.com\/mettapapelaria\/\",\"https:\/\/www.instagram.com\/papelariametta\/\"]}]}<\/script>\n<!-- \/ Yoast SEO plugin. -->","yoast_head_json":{"title":"FITA CORRETIVA EM CANETA 6MX5MM LEO ARTE - Metta Papelaria","description":"Se voc\u00ea busca praticidade e estilo para corrigir pequenos deslizes, a escolha da Fita Corretiva 6mx5mm Formato Caneta LeoArte tem zero erros. Seu design em formato de caneta, proporciona uma corre\u00e7\u00e3o instant\u00e2nea e de f\u00e1cil aplica\u00e7\u00e3o, ideal para estudantes e profissionais. Dispon\u00edvel em tr\u00eas cores vibrantes - rosa, preto e azul - esta fita corretiva n\u00e3o s\u00f3 corrige erros, mas tamb\u00e9m adiciona um toque de estilo ao seu material escolar ou de escrit\u00f3rio.","robots":{"index":"index","follow":"follow","max-snippet":"max-snippet:-1","max-image-preview":"max-image-preview:large","max-video-preview":"max-video-preview:-1"},"canonical":"https:\/\/mettapapelaria.com.br\/catalogo\/produto\/fita-corretiva-em-caneta-6mx5mm-leo-arte\/","og_locale":"pt_BR","og_type":"article","og_title":"FITA CORRETIVA EM CANETA 6MX5MM LEO ARTE - Metta Papelaria","og_description":"Se voc\u00ea busca praticidade e estilo para corrigir pequenos deslizes, a escolha da Fita Corretiva 6mx5mm Formato Caneta LeoArte tem zero erros. Seu design em formato de caneta, proporciona uma corre\u00e7\u00e3o instant\u00e2nea e de f\u00e1cil aplica\u00e7\u00e3o, ideal para estudantes e profissionais. Dispon\u00edvel em tr\u00eas cores vibrantes - rosa, preto e azul - esta fita corretiva n\u00e3o s\u00f3 corrige erros, mas tamb\u00e9m adiciona um toque de estilo ao seu material escolar ou de escrit\u00f3rio.","og_url":"https:\/\/mettapapelaria.com.br\/catalogo\/produto\/fita-corretiva-em-caneta-6mx5mm-leo-arte\/","og_site_name":"Metta Papelaria","article_publisher":"https:\/\/www.facebook.com\/mettapapelaria\/","article_modified_time":"2024-10-09T18:00:13+00:00","og_image":[{"width":500,"height":500,"url":"https:\/\/mettapapelaria.com.br\/catalogo\/wp-content\/uploads\/2024\/10\/FITA-CORRETIVA-EM-CANETA-6MX5MM-LEO-ARTE-2.jpg","type":"image\/jpeg"}],"twitter_card":"summary_large_image","twitter_misc":{"Est. tempo de leitura":"1 minuto"},"schema":{"@context":"https:\/\/schema.org","@graph":[{"@type":"WebPage","@id":"https:\/\/mettapapelaria.com.br\/catalogo\/produto\/fita-corretiva-em-caneta-6mx5mm-leo-arte\/","url":"https:\/\/mettapapelaria.com.br\/catalogo\/produto\/fita-corretiva-em-caneta-6mx5mm-leo-arte\/","name":"FITA CORRETIVA EM CANETA 6MX5MM LEO ARTE - Metta Papelaria","isPartOf":{"@id":"https:\/\/mettapapelaria.com.br\/catalogo\/#website"},"primaryImageOfPage":{"@id":"https:\/\/mettapapelaria.com.br\/catalogo\/produto\/fita-corretiva-em-caneta-6mx5mm-leo-arte\/#primaryimage"},"image":{"@id":"https:\/\/mettapapelaria.com.br\/catalogo\/produto\/fita-corretiva-em-caneta-6mx5mm-leo-arte\/#primaryimage"},"thumbnailUrl":"https:\/\/mettapapelaria.com.br\/catalogo\/wp-content\/uploads\/2024\/10\/FITA-CORRETIVA-EM-CANETA-6MX5MM-LEO-ARTE-2.jpg","datePublished":"2024-10-09T18:00:12+00:00","dateModified":"2024-10-09T18:00:13+00:00","description":"Se voc\u00ea busca praticidade e estilo para corrigir pequenos deslizes, a escolha da Fita Corretiva 6mx5mm Formato Caneta LeoArte tem zero erros. Seu design em formato de caneta, proporciona uma corre\u00e7\u00e3o instant\u00e2nea e de f\u00e1cil aplica\u00e7\u00e3o, ideal para estudantes e profissionais. Dispon\u00edvel em tr\u00eas cores vibrantes - rosa, preto e azul - esta fita corretiva n\u00e3o s\u00f3 corrige erros, mas tamb\u00e9m adiciona um toque de estilo ao seu material escolar ou de escrit\u00f3rio.","breadcrumb":{"@id":"https:\/\/mettapapelaria.com.br\/catalogo\/produto\/fita-corretiva-em-caneta-6mx5mm-leo-arte\/#breadcrumb"},"inLanguage":"pt-BR","potentialAction":[{"@type":"ReadAction","target":["https:\/\/mettapapelaria.com.br\/catalogo\/produto\/fita-corretiva-em-caneta-6mx5mm-leo-arte\/"]}]},{"@type":"ImageObject","inLanguage":"pt-BR","@id":"https:\/\/mettapapelaria.com.br\/catalogo\/produto\/fita-corretiva-em-caneta-6mx5mm-leo-arte\/#primaryimage","url":"https:\/\/mettapapelaria.com.br\/catalogo\/wp-content\/uploads\/2024\/10\/FITA-CORRETIVA-EM-CANETA-6MX5MM-LEO-ARTE-2.jpg","contentUrl":"https:\/\/mettapapelaria.com.br\/catalogo\/wp-content\/uploads\/2024\/10\/FITA-CORRETIVA-EM-CANETA-6MX5MM-LEO-ARTE-2.jpg","width":500,"height":500},{"@type":"BreadcrumbList","@id":"https:\/\/mettapapelaria.com.br\/catalogo\/produto\/fita-corretiva-em-caneta-6mx5mm-leo-arte\/#breadcrumb","itemListElement":[{"@type":"ListItem","position":1,"name":"In\u00edcio","item":"https:\/\/mettapapelaria.com.br\/catalogo\/"},{"@type":"ListItem","position":2,"name":"Shop","item":"https:\/\/mettapapelaria.com.br\/catalogo\/shop\/"},{"@type":"ListItem","position":3,"name":"FITA CORRETIVA EM CANETA 6MX5MM LEO ARTE"}]},{"@type":"WebSite","@id":"https:\/\/mettapapelaria.com.br\/catalogo\/#website","url":"https:\/\/mettapapelaria.com.br\/catalogo\/","name":"Metta Papelaria","description":"Materiais e equipamentos de escrit\u00f3rio, suprimentos para inform\u00e1tica, e uma diversificada linha de material escolar","publisher":{"@id":"https:\/\/mettapapelaria.com.br\/catalogo\/#organization"},"potentialAction":[{"@type":"SearchAction","target":{"@type":"EntryPoint","urlTemplate":"https:\/\/mettapapelaria.com.br\/catalogo\/?s={search_term_string}"},"query-input":{"@type":"PropertyValueSpecification","valueRequired":true,"valueName":"search_term_string"}}],"inLanguage":"pt-BR"},{"@type":"Organization","@id":"https:\/\/mettapapelaria.com.br\/catalogo\/#organization","name":"Metta Papelaria","url":"https:\/\/mettapapelaria.com.br\/catalogo\/","logo":{"@type":"ImageObject","inLanguage":"pt-BR","@id":"https:\/\/mettapapelaria.com.br\/catalogo\/#\/schema\/logo\/image\/","url":"https:\/\/mettapapelaria.com.br\/catalogo\/wp-content\/uploads\/2023\/12\/cropped-favicon-Metta_512-1.png","contentUrl":"https:\/\/mettapapelaria.com.br\/catalogo\/wp-content\/uploads\/2023\/12\/cropped-favicon-Metta_512-1.png","width":512,"height":512,"caption":"Metta Papelaria"},"image":{"@id":"https:\/\/mettapapelaria.com.br\/catalogo\/#\/schema\/logo\/image\/"},"sameAs":["https:\/\/www.facebook.com\/mettapapelaria\/","https:\/\/www.instagram.com\/papelariametta\/"]}]}},"_links":{"self":[{"href":"https:\/\/mettapapelaria.com.br\/catalogo\/wp-json\/wp\/v2\/product\/7928","targetHints":{"allow":["GET"]}}],"collection":[{"href":"https:\/\/mettapapelaria.com.br\/catalogo\/wp-json\/wp\/v2\/product"}],"about":[{"href":"https:\/\/mettapapelaria.com.br\/catalogo\/wp-json\/wp\/v2\/types\/product"}],"replies":[{"embeddable":true,"href":"https:\/\/mettapapelaria.com.br\/catalogo\/wp-json\/wp\/v2\/comments?post=7928"}],"version-history":[{"count":1,"href":"https:\/\/mettapapelaria.com.br\/catalogo\/wp-json\/wp\/v2\/product\/7928\/revisions"}],"predecessor-version":[{"id":7932,"href":"https:\/\/mettapapelaria.com.br\/catalogo\/wp-json\/wp\/v2\/product\/7928\/revisions\/7932"}],"wp:featuredmedia":[{"embeddable":true,"href":"https:\/\/mettapapelaria.com.br\/catalogo\/wp-json\/wp\/v2\/media\/7929"}],"wp:attachment":[{"href":"https:\/\/mettapapelaria.com.br\/catalogo\/wp-json\/wp\/v2\/media?parent=7928"}],"wp:term":[{"taxonomy":"brand","embeddable":true,"href":"https:\/\/mettapapelaria.com.br\/catalogo\/wp-json\/wp\/v2\/etheme_brands?post=7928"},{"taxonomy":"product_brand","embeddable":true,"href":"https:\/\/mettapapelaria.com.br\/catalogo\/wp-json\/wp\/v2\/product_brand?post=7928"},{"taxonomy":"product_cat","embeddable":true,"href":"https:\/\/mettapapelaria.com.br\/catalogo\/wp-json\/wp\/v2\/product_cat?post=7928"},{"taxonomy":"product_tag","embeddable":true,"href":"https:\/\/mettapapelaria.com.br\/catalogo\/wp-json\/wp\/v2\/product_tag?post=7928"}],"curies":[{"name":"wp","href":"https:\/\/api.w.org\/{rel}","templated":true}]}}