{"id":7486,"date":"2024-09-23T16:00:26","date_gmt":"2024-09-23T19:00:26","guid":{"rendered":"https:\/\/mettapapelaria.com.br\/catalogo\/?post_type=product&#038;p=7486"},"modified":"2024-09-23T16:00:26","modified_gmt":"2024-09-23T19:00:26","slug":"lapiseira-stitch-0-7-molin","status":"publish","type":"product","link":"https:\/\/mettapapelaria.com.br\/catalogo\/produto\/lapiseira-stitch-0-7-molin\/","title":{"rendered":"LAPISEIRA STITCH 0.7 MOLIN"},"content":{"rendered":"<p>Lapiseira Stitch 0.7 mm Molin ideal para uso no escrit\u00f3rio, na escola ou em casa. Lapiseira com escrita macia, ponta resistente com borracha na ponta e tampa protetora evitando res\u00edduos. Estampas divertidas do Stitch dispon\u00edveis em 4 op\u00e7\u00f5es. Escolha a sua favorita!<\/p>\n<p>Especifica\u00e7\u00f5es:<\/p>\n<p>&#8211; 1 Lapiseira Stitch 0,7mm<\/p>\n<p>&#8211; Dimens\u00f5es: 15 cm x 1 cm<\/p>\n<p>&#8211; Idade: Acima de 6 anos<\/p>\n<p>&#8211; Produto licenciado Disney<\/p>\n<p>&#8211; Peso: 10g<\/p>\n<p>&#8211; Marca: Molin<\/p>\n","protected":false},"excerpt":{"rendered":"<p>Lapiseira Stitch 0.7 mm Molin ideal para uso no escrit\u00f3rio, na escola ou em casa. Lapiseira com escrita macia, ponta resistente com borracha na ponta&#8230;<\/p>\n","protected":false},"featured_media":7487,"comment_status":"open","ping_status":"closed","template":"","meta":[],"etheme_brands":[{"term_id":607,"name":"Molin","slug":"molin","term_group":0,"term_taxonomy_id":607,"taxonomy":"brand","description":"","parent":0,"count":1,"filter":"raw"}],"product_brand":[],"product_cat":[79,16],"product_tag":[338,397,293,396,276,316,275,395,294,292,438,531,227,225,384,317,274],"class_list":{"0":"post-7486","1":"product","2":"type-product","3":"status-publish","4":"has-post-thumbnail","6":"brand-molin","7":"product_cat-lapiseiras","8":"product_cat-material-escolar","9":"product_tag-colorido","10":"product_tag-cores-pasteis","11":"product_tag-crianca","12":"product_tag-cute","13":"product_tag-escola","14":"product_tag-estudante","15":"product_tag-faculdade","16":"product_tag-fofo","17":"product_tag-infantil","18":"product_tag-kids","19":"product_tag-lapiseira","20":"product_tag-lapiseira-0-7","21":"product_tag-material-escolar","22":"product_tag-metta-papelaria","23":"product_tag-pastel","24":"product_tag-study","25":"product_tag-universidade","27":"first","28":"instock","29":"sold-individually","30":"shipping-taxable","31":"purchasable","32":"product-type-simple"},"yoast_head":"<!-- This site is optimized with the Yoast SEO plugin v26.9 - https:\/\/yoast.com\/product\/yoast-seo-wordpress\/ -->\n<title>LAPISEIRA STITCH 0.7 MOLIN - Metta Papelaria<\/title>\n<meta name=\"description\" content=\"Lapiseira Stitch 0.7 mm Molin ideal para uso no escrit\u00f3rio, na escola ou em casa. Lapiseira com escrita macia, ponta resistente com borracha na ponta e tampa protetora evitando res\u00edduos. Estampas divertidas do Stitch dispon\u00edveis em 4 op\u00e7\u00f5es. Escolha a sua favorita!\" \/>\n<meta name=\"robots\" content=\"index, follow, max-snippet:-1, max-image-preview:large, max-video-preview:-1\" \/>\n<link rel=\"canonical\" href=\"https:\/\/mettapapelaria.com.br\/catalogo\/produto\/lapiseira-stitch-0-7-molin\/\" \/>\n<meta property=\"og:locale\" content=\"pt_BR\" \/>\n<meta property=\"og:type\" content=\"article\" \/>\n<meta property=\"og:title\" content=\"LAPISEIRA STITCH 0.7 MOLIN - Metta Papelaria\" \/>\n<meta property=\"og:description\" content=\"Lapiseira Stitch 0.7 mm Molin ideal para uso no escrit\u00f3rio, na escola ou em casa. Lapiseira com escrita macia, ponta resistente com borracha na ponta e tampa protetora evitando res\u00edduos. Estampas divertidas do Stitch dispon\u00edveis em 4 op\u00e7\u00f5es. Escolha a sua favorita!\" \/>\n<meta property=\"og:url\" content=\"https:\/\/mettapapelaria.com.br\/catalogo\/produto\/lapiseira-stitch-0-7-molin\/\" \/>\n<meta property=\"og:site_name\" content=\"Metta Papelaria\" \/>\n<meta property=\"article:publisher\" content=\"https:\/\/www.facebook.com\/mettapapelaria\/\" \/>\n<meta property=\"og:image\" content=\"https:\/\/mettapapelaria.com.br\/catalogo\/wp-content\/uploads\/2024\/09\/LAPISEIRA-STITCH-0.7-MOLIN-1.jpg\" \/>\n\t<meta property=\"og:image:width\" content=\"500\" \/>\n\t<meta property=\"og:image:height\" content=\"500\" \/>\n\t<meta property=\"og:image:type\" content=\"image\/jpeg\" \/>\n<meta name=\"twitter:card\" content=\"summary_large_image\" \/>\n<meta name=\"twitter:label1\" content=\"Est. tempo de leitura\" \/>\n\t<meta name=\"twitter:data1\" content=\"1 minuto\" \/>\n<script type=\"application\/ld+json\" class=\"yoast-schema-graph\">{\"@context\":\"https:\/\/schema.org\",\"@graph\":[{\"@type\":\"WebPage\",\"@id\":\"https:\/\/mettapapelaria.com.br\/catalogo\/produto\/lapiseira-stitch-0-7-molin\/\",\"url\":\"https:\/\/mettapapelaria.com.br\/catalogo\/produto\/lapiseira-stitch-0-7-molin\/\",\"name\":\"LAPISEIRA STITCH 0.7 MOLIN - Metta Papelaria\",\"isPartOf\":{\"@id\":\"https:\/\/mettapapelaria.com.br\/catalogo\/#website\"},\"primaryImageOfPage\":{\"@id\":\"https:\/\/mettapapelaria.com.br\/catalogo\/produto\/lapiseira-stitch-0-7-molin\/#primaryimage\"},\"image\":{\"@id\":\"https:\/\/mettapapelaria.com.br\/catalogo\/produto\/lapiseira-stitch-0-7-molin\/#primaryimage\"},\"thumbnailUrl\":\"https:\/\/mettapapelaria.com.br\/catalogo\/wp-content\/uploads\/2024\/09\/LAPISEIRA-STITCH-0.7-MOLIN-1.jpg\",\"datePublished\":\"2024-09-23T19:00:26+00:00\",\"description\":\"Lapiseira Stitch 0.7 mm Molin ideal para uso no escrit\u00f3rio, na escola ou em casa. Lapiseira com escrita macia, ponta resistente com borracha na ponta e tampa protetora evitando res\u00edduos. Estampas divertidas do Stitch dispon\u00edveis em 4 op\u00e7\u00f5es. Escolha a sua favorita!\",\"breadcrumb\":{\"@id\":\"https:\/\/mettapapelaria.com.br\/catalogo\/produto\/lapiseira-stitch-0-7-molin\/#breadcrumb\"},\"inLanguage\":\"pt-BR\",\"potentialAction\":[{\"@type\":\"ReadAction\",\"target\":[\"https:\/\/mettapapelaria.com.br\/catalogo\/produto\/lapiseira-stitch-0-7-molin\/\"]}]},{\"@type\":\"ImageObject\",\"inLanguage\":\"pt-BR\",\"@id\":\"https:\/\/mettapapelaria.com.br\/catalogo\/produto\/lapiseira-stitch-0-7-molin\/#primaryimage\",\"url\":\"https:\/\/mettapapelaria.com.br\/catalogo\/wp-content\/uploads\/2024\/09\/LAPISEIRA-STITCH-0.7-MOLIN-1.jpg\",\"contentUrl\":\"https:\/\/mettapapelaria.com.br\/catalogo\/wp-content\/uploads\/2024\/09\/LAPISEIRA-STITCH-0.7-MOLIN-1.jpg\",\"width\":500,\"height\":500},{\"@type\":\"BreadcrumbList\",\"@id\":\"https:\/\/mettapapelaria.com.br\/catalogo\/produto\/lapiseira-stitch-0-7-molin\/#breadcrumb\",\"itemListElement\":[{\"@type\":\"ListItem\",\"position\":1,\"name\":\"In\u00edcio\",\"item\":\"https:\/\/mettapapelaria.com.br\/catalogo\/\"},{\"@type\":\"ListItem\",\"position\":2,\"name\":\"Shop\",\"item\":\"https:\/\/mettapapelaria.com.br\/catalogo\/shop\/\"},{\"@type\":\"ListItem\",\"position\":3,\"name\":\"LAPISEIRA STITCH 0.7 MOLIN\"}]},{\"@type\":\"WebSite\",\"@id\":\"https:\/\/mettapapelaria.com.br\/catalogo\/#website\",\"url\":\"https:\/\/mettapapelaria.com.br\/catalogo\/\",\"name\":\"Metta Papelaria\",\"description\":\"Materiais e equipamentos de escrit\u00f3rio, suprimentos para inform\u00e1tica, e uma diversificada linha de material escolar\",\"publisher\":{\"@id\":\"https:\/\/mettapapelaria.com.br\/catalogo\/#organization\"},\"potentialAction\":[{\"@type\":\"SearchAction\",\"target\":{\"@type\":\"EntryPoint\",\"urlTemplate\":\"https:\/\/mettapapelaria.com.br\/catalogo\/?s={search_term_string}\"},\"query-input\":{\"@type\":\"PropertyValueSpecification\",\"valueRequired\":true,\"valueName\":\"search_term_string\"}}],\"inLanguage\":\"pt-BR\"},{\"@type\":\"Organization\",\"@id\":\"https:\/\/mettapapelaria.com.br\/catalogo\/#organization\",\"name\":\"Metta Papelaria\",\"url\":\"https:\/\/mettapapelaria.com.br\/catalogo\/\",\"logo\":{\"@type\":\"ImageObject\",\"inLanguage\":\"pt-BR\",\"@id\":\"https:\/\/mettapapelaria.com.br\/catalogo\/#\/schema\/logo\/image\/\",\"url\":\"https:\/\/mettapapelaria.com.br\/catalogo\/wp-content\/uploads\/2023\/12\/cropped-favicon-Metta_512-1.png\",\"contentUrl\":\"https:\/\/mettapapelaria.com.br\/catalogo\/wp-content\/uploads\/2023\/12\/cropped-favicon-Metta_512-1.png\",\"width\":512,\"height\":512,\"caption\":\"Metta Papelaria\"},\"image\":{\"@id\":\"https:\/\/mettapapelaria.com.br\/catalogo\/#\/schema\/logo\/image\/\"},\"sameAs\":[\"https:\/\/www.facebook.com\/mettapapelaria\/\",\"https:\/\/www.instagram.com\/papelariametta\/\"]}]}<\/script>\n<!-- \/ Yoast SEO plugin. -->","yoast_head_json":{"title":"LAPISEIRA STITCH 0.7 MOLIN - Metta Papelaria","description":"Lapiseira Stitch 0.7 mm Molin ideal para uso no escrit\u00f3rio, na escola ou em casa. Lapiseira com escrita macia, ponta resistente com borracha na ponta e tampa protetora evitando res\u00edduos. Estampas divertidas do Stitch dispon\u00edveis em 4 op\u00e7\u00f5es. Escolha a sua favorita!","robots":{"index":"index","follow":"follow","max-snippet":"max-snippet:-1","max-image-preview":"max-image-preview:large","max-video-preview":"max-video-preview:-1"},"canonical":"https:\/\/mettapapelaria.com.br\/catalogo\/produto\/lapiseira-stitch-0-7-molin\/","og_locale":"pt_BR","og_type":"article","og_title":"LAPISEIRA STITCH 0.7 MOLIN - Metta Papelaria","og_description":"Lapiseira Stitch 0.7 mm Molin ideal para uso no escrit\u00f3rio, na escola ou em casa. Lapiseira com escrita macia, ponta resistente com borracha na ponta e tampa protetora evitando res\u00edduos. Estampas divertidas do Stitch dispon\u00edveis em 4 op\u00e7\u00f5es. Escolha a sua favorita!","og_url":"https:\/\/mettapapelaria.com.br\/catalogo\/produto\/lapiseira-stitch-0-7-molin\/","og_site_name":"Metta Papelaria","article_publisher":"https:\/\/www.facebook.com\/mettapapelaria\/","og_image":[{"width":500,"height":500,"url":"https:\/\/mettapapelaria.com.br\/catalogo\/wp-content\/uploads\/2024\/09\/LAPISEIRA-STITCH-0.7-MOLIN-1.jpg","type":"image\/jpeg"}],"twitter_card":"summary_large_image","twitter_misc":{"Est. tempo de leitura":"1 minuto"},"schema":{"@context":"https:\/\/schema.org","@graph":[{"@type":"WebPage","@id":"https:\/\/mettapapelaria.com.br\/catalogo\/produto\/lapiseira-stitch-0-7-molin\/","url":"https:\/\/mettapapelaria.com.br\/catalogo\/produto\/lapiseira-stitch-0-7-molin\/","name":"LAPISEIRA STITCH 0.7 MOLIN - Metta Papelaria","isPartOf":{"@id":"https:\/\/mettapapelaria.com.br\/catalogo\/#website"},"primaryImageOfPage":{"@id":"https:\/\/mettapapelaria.com.br\/catalogo\/produto\/lapiseira-stitch-0-7-molin\/#primaryimage"},"image":{"@id":"https:\/\/mettapapelaria.com.br\/catalogo\/produto\/lapiseira-stitch-0-7-molin\/#primaryimage"},"thumbnailUrl":"https:\/\/mettapapelaria.com.br\/catalogo\/wp-content\/uploads\/2024\/09\/LAPISEIRA-STITCH-0.7-MOLIN-1.jpg","datePublished":"2024-09-23T19:00:26+00:00","description":"Lapiseira Stitch 0.7 mm Molin ideal para uso no escrit\u00f3rio, na escola ou em casa. Lapiseira com escrita macia, ponta resistente com borracha na ponta e tampa protetora evitando res\u00edduos. Estampas divertidas do Stitch dispon\u00edveis em 4 op\u00e7\u00f5es. Escolha a sua favorita!","breadcrumb":{"@id":"https:\/\/mettapapelaria.com.br\/catalogo\/produto\/lapiseira-stitch-0-7-molin\/#breadcrumb"},"inLanguage":"pt-BR","potentialAction":[{"@type":"ReadAction","target":["https:\/\/mettapapelaria.com.br\/catalogo\/produto\/lapiseira-stitch-0-7-molin\/"]}]},{"@type":"ImageObject","inLanguage":"pt-BR","@id":"https:\/\/mettapapelaria.com.br\/catalogo\/produto\/lapiseira-stitch-0-7-molin\/#primaryimage","url":"https:\/\/mettapapelaria.com.br\/catalogo\/wp-content\/uploads\/2024\/09\/LAPISEIRA-STITCH-0.7-MOLIN-1.jpg","contentUrl":"https:\/\/mettapapelaria.com.br\/catalogo\/wp-content\/uploads\/2024\/09\/LAPISEIRA-STITCH-0.7-MOLIN-1.jpg","width":500,"height":500},{"@type":"BreadcrumbList","@id":"https:\/\/mettapapelaria.com.br\/catalogo\/produto\/lapiseira-stitch-0-7-molin\/#breadcrumb","itemListElement":[{"@type":"ListItem","position":1,"name":"In\u00edcio","item":"https:\/\/mettapapelaria.com.br\/catalogo\/"},{"@type":"ListItem","position":2,"name":"Shop","item":"https:\/\/mettapapelaria.com.br\/catalogo\/shop\/"},{"@type":"ListItem","position":3,"name":"LAPISEIRA STITCH 0.7 MOLIN"}]},{"@type":"WebSite","@id":"https:\/\/mettapapelaria.com.br\/catalogo\/#website","url":"https:\/\/mettapapelaria.com.br\/catalogo\/","name":"Metta Papelaria","description":"Materiais e equipamentos de escrit\u00f3rio, suprimentos para inform\u00e1tica, e uma diversificada linha de material escolar","publisher":{"@id":"https:\/\/mettapapelaria.com.br\/catalogo\/#organization"},"potentialAction":[{"@type":"SearchAction","target":{"@type":"EntryPoint","urlTemplate":"https:\/\/mettapapelaria.com.br\/catalogo\/?s={search_term_string}"},"query-input":{"@type":"PropertyValueSpecification","valueRequired":true,"valueName":"search_term_string"}}],"inLanguage":"pt-BR"},{"@type":"Organization","@id":"https:\/\/mettapapelaria.com.br\/catalogo\/#organization","name":"Metta Papelaria","url":"https:\/\/mettapapelaria.com.br\/catalogo\/","logo":{"@type":"ImageObject","inLanguage":"pt-BR","@id":"https:\/\/mettapapelaria.com.br\/catalogo\/#\/schema\/logo\/image\/","url":"https:\/\/mettapapelaria.com.br\/catalogo\/wp-content\/uploads\/2023\/12\/cropped-favicon-Metta_512-1.png","contentUrl":"https:\/\/mettapapelaria.com.br\/catalogo\/wp-content\/uploads\/2023\/12\/cropped-favicon-Metta_512-1.png","width":512,"height":512,"caption":"Metta Papelaria"},"image":{"@id":"https:\/\/mettapapelaria.com.br\/catalogo\/#\/schema\/logo\/image\/"},"sameAs":["https:\/\/www.facebook.com\/mettapapelaria\/","https:\/\/www.instagram.com\/papelariametta\/"]}]}},"_links":{"self":[{"href":"https:\/\/mettapapelaria.com.br\/catalogo\/wp-json\/wp\/v2\/product\/7486","targetHints":{"allow":["GET"]}}],"collection":[{"href":"https:\/\/mettapapelaria.com.br\/catalogo\/wp-json\/wp\/v2\/product"}],"about":[{"href":"https:\/\/mettapapelaria.com.br\/catalogo\/wp-json\/wp\/v2\/types\/product"}],"replies":[{"embeddable":true,"href":"https:\/\/mettapapelaria.com.br\/catalogo\/wp-json\/wp\/v2\/comments?post=7486"}],"version-history":[{"count":1,"href":"https:\/\/mettapapelaria.com.br\/catalogo\/wp-json\/wp\/v2\/product\/7486\/revisions"}],"predecessor-version":[{"id":7489,"href":"https:\/\/mettapapelaria.com.br\/catalogo\/wp-json\/wp\/v2\/product\/7486\/revisions\/7489"}],"wp:featuredmedia":[{"embeddable":true,"href":"https:\/\/mettapapelaria.com.br\/catalogo\/wp-json\/wp\/v2\/media\/7487"}],"wp:attachment":[{"href":"https:\/\/mettapapelaria.com.br\/catalogo\/wp-json\/wp\/v2\/media?parent=7486"}],"wp:term":[{"taxonomy":"brand","embeddable":true,"href":"https:\/\/mettapapelaria.com.br\/catalogo\/wp-json\/wp\/v2\/etheme_brands?post=7486"},{"taxonomy":"product_brand","embeddable":true,"href":"https:\/\/mettapapelaria.com.br\/catalogo\/wp-json\/wp\/v2\/product_brand?post=7486"},{"taxonomy":"product_cat","embeddable":true,"href":"https:\/\/mettapapelaria.com.br\/catalogo\/wp-json\/wp\/v2\/product_cat?post=7486"},{"taxonomy":"product_tag","embeddable":true,"href":"https:\/\/mettapapelaria.com.br\/catalogo\/wp-json\/wp\/v2\/product_tag?post=7486"}],"curies":[{"name":"wp","href":"https:\/\/api.w.org\/{rel}","templated":true}]}}