{"id":7482,"date":"2024-09-23T15:45:20","date_gmt":"2024-09-23T18:45:20","guid":{"rendered":"https:\/\/mettapapelaria.com.br\/catalogo\/?post_type=product&#038;p=7482"},"modified":"2024-09-23T15:45:21","modified_gmt":"2024-09-23T18:45:21","slug":"cartela-de-adesivos-30un-stitch-festcolor","status":"publish","type":"product","link":"https:\/\/mettapapelaria.com.br\/catalogo\/produto\/cartela-de-adesivos-30un-stitch-festcolor\/","title":{"rendered":"CARTELA DE ADESIVOS 30UN STITCH FESTCOLOR"},"content":{"rendered":"<p>Esse kit com 30 adesivos em diversos modelos \u00e9 perfeito para personalizar diversos itens e deixar tudo mais divertido:<\/p>\n<p>Festa de anivers\u00e1rio: As crian\u00e7as v\u00e3o amar os adesivos com o Stitch em poses engra\u00e7adas e em diferentes cores.<\/p>\n<p>Decora\u00e7\u00e3o do quarto: Decore as paredes, m\u00f3veis e at\u00e9 mesmo os cadernos com o Stitch e deixe seu cantinho com a cara do personagem.<\/p>\n","protected":false},"excerpt":{"rendered":"<p>Esse kit com 30 adesivos em diversos modelos \u00e9 perfeito para personalizar diversos itens e deixar tudo mais divertido: Festa de anivers\u00e1rio: As crian\u00e7as v\u00e3o&#8230;<\/p>\n","protected":false},"featured_media":7483,"comment_status":"open","ping_status":"closed","template":"","meta":[],"etheme_brands":[{"term_id":608,"name":"Festcolor","slug":"festcolor","term_group":0,"term_taxonomy_id":608,"taxonomy":"brand","description":"","parent":0,"count":1,"filter":"raw"}],"product_brand":[],"product_cat":[43,58,120,16],"product_tag":[609,254,338,397,293,396,611,563,276,316,610,395,255,294,292,515,227,225,384,514],"class_list":{"0":"post-7482","1":"product","2":"type-product","3":"status-publish","4":"has-post-thumbnail","6":"brand-festcolor","7":"product_cat-bazar-artesanato","8":"product_cat-etiquetas-manuais-impressoras-fichas","9":"product_cat-fitas-adesivass","10":"product_cat-material-escolar","11":"product_tag-adesivos","12":"product_tag-casa","13":"product_tag-colorido","14":"product_tag-cores-pasteis","15":"product_tag-crianca","16":"product_tag-cute","17":"product_tag-decoracao","18":"product_tag-desenho","19":"product_tag-escola","20":"product_tag-estudante","21":"product_tag-figurinhas","22":"product_tag-fofo","23":"product_tag-home","24":"product_tag-infantil","25":"product_tag-kids","26":"product_tag-lilo-e-stitch","27":"product_tag-material-escolar","28":"product_tag-metta-papelaria","29":"product_tag-pastel","30":"product_tag-stitch","32":"first","33":"instock","34":"sold-individually","35":"shipping-taxable","36":"purchasable","37":"product-type-simple"},"yoast_head":"<!-- This site is optimized with the Yoast SEO plugin v26.9 - https:\/\/yoast.com\/product\/yoast-seo-wordpress\/ -->\n<title>CARTELA DE ADESIVOS 30UN STITCH FESTCOLOR - Metta Papelaria<\/title>\n<meta name=\"description\" content=\"Esse kit com 30 adesivos em diversos modelos \u00e9 perfeito para personalizar diversos itens e deixar tudo mais divertido: Festa de anivers\u00e1rio: As crian\u00e7as v\u00e3o amar os adesivos com o Stitch em poses engra\u00e7adas e em diferentes cores. Decora\u00e7\u00e3o do quarto: Decore as paredes, m\u00f3veis e at\u00e9 mesmo os cadernos com o Stitch e deixe seu cantinho com a cara do personagem.\" \/>\n<meta name=\"robots\" content=\"index, follow, max-snippet:-1, max-image-preview:large, max-video-preview:-1\" \/>\n<link rel=\"canonical\" href=\"https:\/\/mettapapelaria.com.br\/catalogo\/produto\/cartela-de-adesivos-30un-stitch-festcolor\/\" \/>\n<meta property=\"og:locale\" content=\"pt_BR\" \/>\n<meta property=\"og:type\" content=\"article\" \/>\n<meta property=\"og:title\" content=\"CARTELA DE ADESIVOS 30UN STITCH FESTCOLOR - Metta Papelaria\" \/>\n<meta property=\"og:description\" content=\"Esse kit com 30 adesivos em diversos modelos \u00e9 perfeito para personalizar diversos itens e deixar tudo mais divertido: Festa de anivers\u00e1rio: As crian\u00e7as v\u00e3o amar os adesivos com o Stitch em poses engra\u00e7adas e em diferentes cores. Decora\u00e7\u00e3o do quarto: Decore as paredes, m\u00f3veis e at\u00e9 mesmo os cadernos com o Stitch e deixe seu cantinho com a cara do personagem.\" \/>\n<meta property=\"og:url\" content=\"https:\/\/mettapapelaria.com.br\/catalogo\/produto\/cartela-de-adesivos-30un-stitch-festcolor\/\" \/>\n<meta property=\"og:site_name\" content=\"Metta Papelaria\" \/>\n<meta property=\"article:publisher\" content=\"https:\/\/www.facebook.com\/mettapapelaria\/\" \/>\n<meta property=\"article:modified_time\" content=\"2024-09-23T18:45:21+00:00\" \/>\n<meta property=\"og:image\" content=\"https:\/\/mettapapelaria.com.br\/catalogo\/wp-content\/uploads\/2024\/09\/CARTELA-DE-ADESIVOS-30UN-STITCH-FESTCOLOR.jpg\" \/>\n\t<meta property=\"og:image:width\" content=\"500\" \/>\n\t<meta property=\"og:image:height\" content=\"500\" \/>\n\t<meta property=\"og:image:type\" content=\"image\/jpeg\" \/>\n<meta name=\"twitter:card\" content=\"summary_large_image\" \/>\n<meta name=\"twitter:label1\" content=\"Est. tempo de leitura\" \/>\n\t<meta name=\"twitter:data1\" content=\"1 minuto\" \/>\n<script type=\"application\/ld+json\" class=\"yoast-schema-graph\">{\"@context\":\"https:\/\/schema.org\",\"@graph\":[{\"@type\":\"WebPage\",\"@id\":\"https:\/\/mettapapelaria.com.br\/catalogo\/produto\/cartela-de-adesivos-30un-stitch-festcolor\/\",\"url\":\"https:\/\/mettapapelaria.com.br\/catalogo\/produto\/cartela-de-adesivos-30un-stitch-festcolor\/\",\"name\":\"CARTELA DE ADESIVOS 30UN STITCH FESTCOLOR - Metta Papelaria\",\"isPartOf\":{\"@id\":\"https:\/\/mettapapelaria.com.br\/catalogo\/#website\"},\"primaryImageOfPage\":{\"@id\":\"https:\/\/mettapapelaria.com.br\/catalogo\/produto\/cartela-de-adesivos-30un-stitch-festcolor\/#primaryimage\"},\"image\":{\"@id\":\"https:\/\/mettapapelaria.com.br\/catalogo\/produto\/cartela-de-adesivos-30un-stitch-festcolor\/#primaryimage\"},\"thumbnailUrl\":\"https:\/\/mettapapelaria.com.br\/catalogo\/wp-content\/uploads\/2024\/09\/CARTELA-DE-ADESIVOS-30UN-STITCH-FESTCOLOR.jpg\",\"datePublished\":\"2024-09-23T18:45:20+00:00\",\"dateModified\":\"2024-09-23T18:45:21+00:00\",\"description\":\"Esse kit com 30 adesivos em diversos modelos \u00e9 perfeito para personalizar diversos itens e deixar tudo mais divertido: Festa de anivers\u00e1rio: As crian\u00e7as v\u00e3o amar os adesivos com o Stitch em poses engra\u00e7adas e em diferentes cores. Decora\u00e7\u00e3o do quarto: Decore as paredes, m\u00f3veis e at\u00e9 mesmo os cadernos com o Stitch e deixe seu cantinho com a cara do personagem.\",\"breadcrumb\":{\"@id\":\"https:\/\/mettapapelaria.com.br\/catalogo\/produto\/cartela-de-adesivos-30un-stitch-festcolor\/#breadcrumb\"},\"inLanguage\":\"pt-BR\",\"potentialAction\":[{\"@type\":\"ReadAction\",\"target\":[\"https:\/\/mettapapelaria.com.br\/catalogo\/produto\/cartela-de-adesivos-30un-stitch-festcolor\/\"]}]},{\"@type\":\"ImageObject\",\"inLanguage\":\"pt-BR\",\"@id\":\"https:\/\/mettapapelaria.com.br\/catalogo\/produto\/cartela-de-adesivos-30un-stitch-festcolor\/#primaryimage\",\"url\":\"https:\/\/mettapapelaria.com.br\/catalogo\/wp-content\/uploads\/2024\/09\/CARTELA-DE-ADESIVOS-30UN-STITCH-FESTCOLOR.jpg\",\"contentUrl\":\"https:\/\/mettapapelaria.com.br\/catalogo\/wp-content\/uploads\/2024\/09\/CARTELA-DE-ADESIVOS-30UN-STITCH-FESTCOLOR.jpg\",\"width\":500,\"height\":500},{\"@type\":\"BreadcrumbList\",\"@id\":\"https:\/\/mettapapelaria.com.br\/catalogo\/produto\/cartela-de-adesivos-30un-stitch-festcolor\/#breadcrumb\",\"itemListElement\":[{\"@type\":\"ListItem\",\"position\":1,\"name\":\"In\u00edcio\",\"item\":\"https:\/\/mettapapelaria.com.br\/catalogo\/\"},{\"@type\":\"ListItem\",\"position\":2,\"name\":\"Shop\",\"item\":\"https:\/\/mettapapelaria.com.br\/catalogo\/shop\/\"},{\"@type\":\"ListItem\",\"position\":3,\"name\":\"CARTELA DE ADESIVOS 30UN STITCH FESTCOLOR\"}]},{\"@type\":\"WebSite\",\"@id\":\"https:\/\/mettapapelaria.com.br\/catalogo\/#website\",\"url\":\"https:\/\/mettapapelaria.com.br\/catalogo\/\",\"name\":\"Metta Papelaria\",\"description\":\"Materiais e equipamentos de escrit\u00f3rio, suprimentos para inform\u00e1tica, e uma diversificada linha de material escolar\",\"publisher\":{\"@id\":\"https:\/\/mettapapelaria.com.br\/catalogo\/#organization\"},\"potentialAction\":[{\"@type\":\"SearchAction\",\"target\":{\"@type\":\"EntryPoint\",\"urlTemplate\":\"https:\/\/mettapapelaria.com.br\/catalogo\/?s={search_term_string}\"},\"query-input\":{\"@type\":\"PropertyValueSpecification\",\"valueRequired\":true,\"valueName\":\"search_term_string\"}}],\"inLanguage\":\"pt-BR\"},{\"@type\":\"Organization\",\"@id\":\"https:\/\/mettapapelaria.com.br\/catalogo\/#organization\",\"name\":\"Metta Papelaria\",\"url\":\"https:\/\/mettapapelaria.com.br\/catalogo\/\",\"logo\":{\"@type\":\"ImageObject\",\"inLanguage\":\"pt-BR\",\"@id\":\"https:\/\/mettapapelaria.com.br\/catalogo\/#\/schema\/logo\/image\/\",\"url\":\"https:\/\/mettapapelaria.com.br\/catalogo\/wp-content\/uploads\/2023\/12\/cropped-favicon-Metta_512-1.png\",\"contentUrl\":\"https:\/\/mettapapelaria.com.br\/catalogo\/wp-content\/uploads\/2023\/12\/cropped-favicon-Metta_512-1.png\",\"width\":512,\"height\":512,\"caption\":\"Metta Papelaria\"},\"image\":{\"@id\":\"https:\/\/mettapapelaria.com.br\/catalogo\/#\/schema\/logo\/image\/\"},\"sameAs\":[\"https:\/\/www.facebook.com\/mettapapelaria\/\",\"https:\/\/www.instagram.com\/papelariametta\/\"]}]}<\/script>\n<!-- \/ Yoast SEO plugin. -->","yoast_head_json":{"title":"CARTELA DE ADESIVOS 30UN STITCH FESTCOLOR - Metta Papelaria","description":"Esse kit com 30 adesivos em diversos modelos \u00e9 perfeito para personalizar diversos itens e deixar tudo mais divertido: Festa de anivers\u00e1rio: As crian\u00e7as v\u00e3o amar os adesivos com o Stitch em poses engra\u00e7adas e em diferentes cores. Decora\u00e7\u00e3o do quarto: Decore as paredes, m\u00f3veis e at\u00e9 mesmo os cadernos com o Stitch e deixe seu cantinho com a cara do personagem.","robots":{"index":"index","follow":"follow","max-snippet":"max-snippet:-1","max-image-preview":"max-image-preview:large","max-video-preview":"max-video-preview:-1"},"canonical":"https:\/\/mettapapelaria.com.br\/catalogo\/produto\/cartela-de-adesivos-30un-stitch-festcolor\/","og_locale":"pt_BR","og_type":"article","og_title":"CARTELA DE ADESIVOS 30UN STITCH FESTCOLOR - Metta Papelaria","og_description":"Esse kit com 30 adesivos em diversos modelos \u00e9 perfeito para personalizar diversos itens e deixar tudo mais divertido: Festa de anivers\u00e1rio: As crian\u00e7as v\u00e3o amar os adesivos com o Stitch em poses engra\u00e7adas e em diferentes cores. Decora\u00e7\u00e3o do quarto: Decore as paredes, m\u00f3veis e at\u00e9 mesmo os cadernos com o Stitch e deixe seu cantinho com a cara do personagem.","og_url":"https:\/\/mettapapelaria.com.br\/catalogo\/produto\/cartela-de-adesivos-30un-stitch-festcolor\/","og_site_name":"Metta Papelaria","article_publisher":"https:\/\/www.facebook.com\/mettapapelaria\/","article_modified_time":"2024-09-23T18:45:21+00:00","og_image":[{"width":500,"height":500,"url":"https:\/\/mettapapelaria.com.br\/catalogo\/wp-content\/uploads\/2024\/09\/CARTELA-DE-ADESIVOS-30UN-STITCH-FESTCOLOR.jpg","type":"image\/jpeg"}],"twitter_card":"summary_large_image","twitter_misc":{"Est. tempo de leitura":"1 minuto"},"schema":{"@context":"https:\/\/schema.org","@graph":[{"@type":"WebPage","@id":"https:\/\/mettapapelaria.com.br\/catalogo\/produto\/cartela-de-adesivos-30un-stitch-festcolor\/","url":"https:\/\/mettapapelaria.com.br\/catalogo\/produto\/cartela-de-adesivos-30un-stitch-festcolor\/","name":"CARTELA DE ADESIVOS 30UN STITCH FESTCOLOR - Metta Papelaria","isPartOf":{"@id":"https:\/\/mettapapelaria.com.br\/catalogo\/#website"},"primaryImageOfPage":{"@id":"https:\/\/mettapapelaria.com.br\/catalogo\/produto\/cartela-de-adesivos-30un-stitch-festcolor\/#primaryimage"},"image":{"@id":"https:\/\/mettapapelaria.com.br\/catalogo\/produto\/cartela-de-adesivos-30un-stitch-festcolor\/#primaryimage"},"thumbnailUrl":"https:\/\/mettapapelaria.com.br\/catalogo\/wp-content\/uploads\/2024\/09\/CARTELA-DE-ADESIVOS-30UN-STITCH-FESTCOLOR.jpg","datePublished":"2024-09-23T18:45:20+00:00","dateModified":"2024-09-23T18:45:21+00:00","description":"Esse kit com 30 adesivos em diversos modelos \u00e9 perfeito para personalizar diversos itens e deixar tudo mais divertido: Festa de anivers\u00e1rio: As crian\u00e7as v\u00e3o amar os adesivos com o Stitch em poses engra\u00e7adas e em diferentes cores. Decora\u00e7\u00e3o do quarto: Decore as paredes, m\u00f3veis e at\u00e9 mesmo os cadernos com o Stitch e deixe seu cantinho com a cara do personagem.","breadcrumb":{"@id":"https:\/\/mettapapelaria.com.br\/catalogo\/produto\/cartela-de-adesivos-30un-stitch-festcolor\/#breadcrumb"},"inLanguage":"pt-BR","potentialAction":[{"@type":"ReadAction","target":["https:\/\/mettapapelaria.com.br\/catalogo\/produto\/cartela-de-adesivos-30un-stitch-festcolor\/"]}]},{"@type":"ImageObject","inLanguage":"pt-BR","@id":"https:\/\/mettapapelaria.com.br\/catalogo\/produto\/cartela-de-adesivos-30un-stitch-festcolor\/#primaryimage","url":"https:\/\/mettapapelaria.com.br\/catalogo\/wp-content\/uploads\/2024\/09\/CARTELA-DE-ADESIVOS-30UN-STITCH-FESTCOLOR.jpg","contentUrl":"https:\/\/mettapapelaria.com.br\/catalogo\/wp-content\/uploads\/2024\/09\/CARTELA-DE-ADESIVOS-30UN-STITCH-FESTCOLOR.jpg","width":500,"height":500},{"@type":"BreadcrumbList","@id":"https:\/\/mettapapelaria.com.br\/catalogo\/produto\/cartela-de-adesivos-30un-stitch-festcolor\/#breadcrumb","itemListElement":[{"@type":"ListItem","position":1,"name":"In\u00edcio","item":"https:\/\/mettapapelaria.com.br\/catalogo\/"},{"@type":"ListItem","position":2,"name":"Shop","item":"https:\/\/mettapapelaria.com.br\/catalogo\/shop\/"},{"@type":"ListItem","position":3,"name":"CARTELA DE ADESIVOS 30UN STITCH FESTCOLOR"}]},{"@type":"WebSite","@id":"https:\/\/mettapapelaria.com.br\/catalogo\/#website","url":"https:\/\/mettapapelaria.com.br\/catalogo\/","name":"Metta Papelaria","description":"Materiais e equipamentos de escrit\u00f3rio, suprimentos para inform\u00e1tica, e uma diversificada linha de material escolar","publisher":{"@id":"https:\/\/mettapapelaria.com.br\/catalogo\/#organization"},"potentialAction":[{"@type":"SearchAction","target":{"@type":"EntryPoint","urlTemplate":"https:\/\/mettapapelaria.com.br\/catalogo\/?s={search_term_string}"},"query-input":{"@type":"PropertyValueSpecification","valueRequired":true,"valueName":"search_term_string"}}],"inLanguage":"pt-BR"},{"@type":"Organization","@id":"https:\/\/mettapapelaria.com.br\/catalogo\/#organization","name":"Metta Papelaria","url":"https:\/\/mettapapelaria.com.br\/catalogo\/","logo":{"@type":"ImageObject","inLanguage":"pt-BR","@id":"https:\/\/mettapapelaria.com.br\/catalogo\/#\/schema\/logo\/image\/","url":"https:\/\/mettapapelaria.com.br\/catalogo\/wp-content\/uploads\/2023\/12\/cropped-favicon-Metta_512-1.png","contentUrl":"https:\/\/mettapapelaria.com.br\/catalogo\/wp-content\/uploads\/2023\/12\/cropped-favicon-Metta_512-1.png","width":512,"height":512,"caption":"Metta Papelaria"},"image":{"@id":"https:\/\/mettapapelaria.com.br\/catalogo\/#\/schema\/logo\/image\/"},"sameAs":["https:\/\/www.facebook.com\/mettapapelaria\/","https:\/\/www.instagram.com\/papelariametta\/"]}]}},"_links":{"self":[{"href":"https:\/\/mettapapelaria.com.br\/catalogo\/wp-json\/wp\/v2\/product\/7482","targetHints":{"allow":["GET"]}}],"collection":[{"href":"https:\/\/mettapapelaria.com.br\/catalogo\/wp-json\/wp\/v2\/product"}],"about":[{"href":"https:\/\/mettapapelaria.com.br\/catalogo\/wp-json\/wp\/v2\/types\/product"}],"replies":[{"embeddable":true,"href":"https:\/\/mettapapelaria.com.br\/catalogo\/wp-json\/wp\/v2\/comments?post=7482"}],"version-history":[{"count":1,"href":"https:\/\/mettapapelaria.com.br\/catalogo\/wp-json\/wp\/v2\/product\/7482\/revisions"}],"predecessor-version":[{"id":7485,"href":"https:\/\/mettapapelaria.com.br\/catalogo\/wp-json\/wp\/v2\/product\/7482\/revisions\/7485"}],"wp:featuredmedia":[{"embeddable":true,"href":"https:\/\/mettapapelaria.com.br\/catalogo\/wp-json\/wp\/v2\/media\/7483"}],"wp:attachment":[{"href":"https:\/\/mettapapelaria.com.br\/catalogo\/wp-json\/wp\/v2\/media?parent=7482"}],"wp:term":[{"taxonomy":"brand","embeddable":true,"href":"https:\/\/mettapapelaria.com.br\/catalogo\/wp-json\/wp\/v2\/etheme_brands?post=7482"},{"taxonomy":"product_brand","embeddable":true,"href":"https:\/\/mettapapelaria.com.br\/catalogo\/wp-json\/wp\/v2\/product_brand?post=7482"},{"taxonomy":"product_cat","embeddable":true,"href":"https:\/\/mettapapelaria.com.br\/catalogo\/wp-json\/wp\/v2\/product_cat?post=7482"},{"taxonomy":"product_tag","embeddable":true,"href":"https:\/\/mettapapelaria.com.br\/catalogo\/wp-json\/wp\/v2\/product_tag?post=7482"}],"curies":[{"name":"wp","href":"https:\/\/api.w.org\/{rel}","templated":true}]}}