{"id":6987,"date":"2024-08-20T13:30:03","date_gmt":"2024-08-20T16:30:03","guid":{"rendered":"https:\/\/mettapapelaria.com.br\/catalogo\/?post_type=product&#038;p=6987"},"modified":"2024-08-20T13:30:04","modified_gmt":"2024-08-20T16:30:04","slug":"agenda-espiral-great-tilibra","status":"publish","type":"product","link":"https:\/\/mettapapelaria.com.br\/catalogo\/produto\/agenda-espiral-great-tilibra\/","title":{"rendered":"AGENDA ESPIRAL GREAT TILIBRA"},"content":{"rendered":"<p>A Agenda Espiral Di\u00e1ria 12,9 x 18,7 cm Great 2025 tem vis\u00e3o de 1 dia por p\u00e1gina, exceto s\u00e1bado e domingo. Possui capa revestida em material metalizado. Ideal para a organiza\u00e7\u00e3o do dia a dia, em casa ou no trabalho.<\/p>\n<p>Detalhes<\/p>\n<ul>\n<li>Bolsa: de papel decorada<\/li>\n<li>Capa: dura<\/li>\n<li>Capa acabamento: com detalhe metalizado<\/li>\n<li>Espiral: colorido<\/li>\n<li>Folha de adesivos<\/li>\n<li>Folhas: decoradas<\/li>\n<li>Parte interna da capa decorada<\/li>\n<li>Produto certificado: FSC<\/li>\n<li>Vis\u00e3o: di\u00e1ria exceto s\u00e1bado e domingo<\/li>\n<li>Formato: 129mm x 187mm<\/li>\n<li>Gramatura: 63 g\/m\u00b2<\/li>\n<li>N\u00famero de folhas: 176 folhas<\/li>\n<\/ul>\n","protected":false},"excerpt":{"rendered":"<p>A Agenda Espiral Di\u00e1ria 12,9 x 18,7 cm Great 2025 tem vis\u00e3o de 1 dia por p\u00e1gina, exceto s\u00e1bado e domingo. Possui capa revestida em&#8230;<\/p>\n","protected":false},"featured_media":6988,"comment_status":"open","ping_status":"closed","template":"","meta":[],"etheme_brands":[{"term_id":311,"name":"Tilibra","slug":"tilibra","term_group":0,"term_taxonomy_id":311,"taxonomy":"brand","description":"","parent":0,"count":148,"filter":"raw"}],"product_brand":[],"product_cat":[114,26,15],"product_tag":[262,589,316,275,228,225,239,266,317,274],"class_list":{"0":"post-6987","1":"product","2":"type-product","3":"status-publish","4":"has-post-thumbnail","6":"brand-tilibra","7":"product_cat-agendas","8":"product_cat-agendas-planners-outros","9":"product_cat-material-escritorio","10":"product_tag-agenda","11":"product_tag-agenda-2025","12":"product_tag-estudante","13":"product_tag-faculdade","14":"product_tag-material-de-escritorio","15":"product_tag-metta-papelaria","16":"product_tag-organizacao","17":"product_tag-planner","18":"product_tag-study","19":"product_tag-universidade","21":"first","22":"instock","23":"sold-individually","24":"shipping-taxable","25":"purchasable","26":"product-type-simple"},"yoast_head":"<!-- This site is optimized with the Yoast SEO plugin v26.9 - https:\/\/yoast.com\/product\/yoast-seo-wordpress\/ -->\n<title>AGENDA ESPIRAL GREAT TILIBRA - Metta Papelaria<\/title>\n<meta name=\"description\" content=\"A Agenda Espiral Di\u00e1ria 12,9 x 18,7 cm Great 2025 tem vis\u00e3o de 1 dia por p\u00e1gina, exceto s\u00e1bado e domingo. Possui capa revestida em material metalizado. Ideal para a organiza\u00e7\u00e3o do dia a dia, em casa ou no trabalho.\" \/>\n<meta name=\"robots\" content=\"index, follow, max-snippet:-1, max-image-preview:large, max-video-preview:-1\" \/>\n<link rel=\"canonical\" href=\"https:\/\/mettapapelaria.com.br\/catalogo\/produto\/agenda-espiral-great-tilibra\/\" \/>\n<meta property=\"og:locale\" content=\"pt_BR\" \/>\n<meta property=\"og:type\" content=\"article\" \/>\n<meta property=\"og:title\" content=\"AGENDA ESPIRAL GREAT TILIBRA - Metta Papelaria\" \/>\n<meta property=\"og:description\" content=\"A Agenda Espiral Di\u00e1ria 12,9 x 18,7 cm Great 2025 tem vis\u00e3o de 1 dia por p\u00e1gina, exceto s\u00e1bado e domingo. Possui capa revestida em material metalizado. Ideal para a organiza\u00e7\u00e3o do dia a dia, em casa ou no trabalho.\" \/>\n<meta property=\"og:url\" content=\"https:\/\/mettapapelaria.com.br\/catalogo\/produto\/agenda-espiral-great-tilibra\/\" \/>\n<meta property=\"og:site_name\" content=\"Metta Papelaria\" \/>\n<meta property=\"article:publisher\" content=\"https:\/\/www.facebook.com\/mettapapelaria\/\" \/>\n<meta property=\"article:modified_time\" content=\"2024-08-20T16:30:04+00:00\" \/>\n<meta property=\"og:image\" content=\"https:\/\/mettapapelaria.com.br\/catalogo\/wp-content\/uploads\/2024\/08\/AGENDA-ESPIRAL-GREAT-TILIBRA-3.jpg\" \/>\n\t<meta property=\"og:image:width\" content=\"500\" \/>\n\t<meta property=\"og:image:height\" content=\"500\" \/>\n\t<meta property=\"og:image:type\" content=\"image\/jpeg\" \/>\n<meta name=\"twitter:card\" content=\"summary_large_image\" \/>\n<meta name=\"twitter:label1\" content=\"Est. tempo de leitura\" \/>\n\t<meta name=\"twitter:data1\" content=\"1 minuto\" \/>\n<script type=\"application\/ld+json\" class=\"yoast-schema-graph\">{\"@context\":\"https:\/\/schema.org\",\"@graph\":[{\"@type\":\"WebPage\",\"@id\":\"https:\/\/mettapapelaria.com.br\/catalogo\/produto\/agenda-espiral-great-tilibra\/\",\"url\":\"https:\/\/mettapapelaria.com.br\/catalogo\/produto\/agenda-espiral-great-tilibra\/\",\"name\":\"AGENDA ESPIRAL GREAT TILIBRA - Metta Papelaria\",\"isPartOf\":{\"@id\":\"https:\/\/mettapapelaria.com.br\/catalogo\/#website\"},\"primaryImageOfPage\":{\"@id\":\"https:\/\/mettapapelaria.com.br\/catalogo\/produto\/agenda-espiral-great-tilibra\/#primaryimage\"},\"image\":{\"@id\":\"https:\/\/mettapapelaria.com.br\/catalogo\/produto\/agenda-espiral-great-tilibra\/#primaryimage\"},\"thumbnailUrl\":\"https:\/\/mettapapelaria.com.br\/catalogo\/wp-content\/uploads\/2024\/08\/AGENDA-ESPIRAL-GREAT-TILIBRA-3.jpg\",\"datePublished\":\"2024-08-20T16:30:03+00:00\",\"dateModified\":\"2024-08-20T16:30:04+00:00\",\"description\":\"A Agenda Espiral Di\u00e1ria 12,9 x 18,7 cm Great 2025 tem vis\u00e3o de 1 dia por p\u00e1gina, exceto s\u00e1bado e domingo. Possui capa revestida em material metalizado. Ideal para a organiza\u00e7\u00e3o do dia a dia, em casa ou no trabalho.\",\"breadcrumb\":{\"@id\":\"https:\/\/mettapapelaria.com.br\/catalogo\/produto\/agenda-espiral-great-tilibra\/#breadcrumb\"},\"inLanguage\":\"pt-BR\",\"potentialAction\":[{\"@type\":\"ReadAction\",\"target\":[\"https:\/\/mettapapelaria.com.br\/catalogo\/produto\/agenda-espiral-great-tilibra\/\"]}]},{\"@type\":\"ImageObject\",\"inLanguage\":\"pt-BR\",\"@id\":\"https:\/\/mettapapelaria.com.br\/catalogo\/produto\/agenda-espiral-great-tilibra\/#primaryimage\",\"url\":\"https:\/\/mettapapelaria.com.br\/catalogo\/wp-content\/uploads\/2024\/08\/AGENDA-ESPIRAL-GREAT-TILIBRA-3.jpg\",\"contentUrl\":\"https:\/\/mettapapelaria.com.br\/catalogo\/wp-content\/uploads\/2024\/08\/AGENDA-ESPIRAL-GREAT-TILIBRA-3.jpg\",\"width\":500,\"height\":500},{\"@type\":\"BreadcrumbList\",\"@id\":\"https:\/\/mettapapelaria.com.br\/catalogo\/produto\/agenda-espiral-great-tilibra\/#breadcrumb\",\"itemListElement\":[{\"@type\":\"ListItem\",\"position\":1,\"name\":\"In\u00edcio\",\"item\":\"https:\/\/mettapapelaria.com.br\/catalogo\/\"},{\"@type\":\"ListItem\",\"position\":2,\"name\":\"Shop\",\"item\":\"https:\/\/mettapapelaria.com.br\/catalogo\/shop\/\"},{\"@type\":\"ListItem\",\"position\":3,\"name\":\"AGENDA ESPIRAL GREAT TILIBRA\"}]},{\"@type\":\"WebSite\",\"@id\":\"https:\/\/mettapapelaria.com.br\/catalogo\/#website\",\"url\":\"https:\/\/mettapapelaria.com.br\/catalogo\/\",\"name\":\"Metta Papelaria\",\"description\":\"Materiais e equipamentos de escrit\u00f3rio, suprimentos para inform\u00e1tica, e uma diversificada linha de material escolar\",\"publisher\":{\"@id\":\"https:\/\/mettapapelaria.com.br\/catalogo\/#organization\"},\"potentialAction\":[{\"@type\":\"SearchAction\",\"target\":{\"@type\":\"EntryPoint\",\"urlTemplate\":\"https:\/\/mettapapelaria.com.br\/catalogo\/?s={search_term_string}\"},\"query-input\":{\"@type\":\"PropertyValueSpecification\",\"valueRequired\":true,\"valueName\":\"search_term_string\"}}],\"inLanguage\":\"pt-BR\"},{\"@type\":\"Organization\",\"@id\":\"https:\/\/mettapapelaria.com.br\/catalogo\/#organization\",\"name\":\"Metta Papelaria\",\"url\":\"https:\/\/mettapapelaria.com.br\/catalogo\/\",\"logo\":{\"@type\":\"ImageObject\",\"inLanguage\":\"pt-BR\",\"@id\":\"https:\/\/mettapapelaria.com.br\/catalogo\/#\/schema\/logo\/image\/\",\"url\":\"https:\/\/mettapapelaria.com.br\/catalogo\/wp-content\/uploads\/2023\/12\/cropped-favicon-Metta_512-1.png\",\"contentUrl\":\"https:\/\/mettapapelaria.com.br\/catalogo\/wp-content\/uploads\/2023\/12\/cropped-favicon-Metta_512-1.png\",\"width\":512,\"height\":512,\"caption\":\"Metta Papelaria\"},\"image\":{\"@id\":\"https:\/\/mettapapelaria.com.br\/catalogo\/#\/schema\/logo\/image\/\"},\"sameAs\":[\"https:\/\/www.facebook.com\/mettapapelaria\/\",\"https:\/\/www.instagram.com\/papelariametta\/\"]}]}<\/script>\n<!-- \/ Yoast SEO plugin. -->","yoast_head_json":{"title":"AGENDA ESPIRAL GREAT TILIBRA - Metta Papelaria","description":"A Agenda Espiral Di\u00e1ria 12,9 x 18,7 cm Great 2025 tem vis\u00e3o de 1 dia por p\u00e1gina, exceto s\u00e1bado e domingo. Possui capa revestida em material metalizado. Ideal para a organiza\u00e7\u00e3o do dia a dia, em casa ou no trabalho.","robots":{"index":"index","follow":"follow","max-snippet":"max-snippet:-1","max-image-preview":"max-image-preview:large","max-video-preview":"max-video-preview:-1"},"canonical":"https:\/\/mettapapelaria.com.br\/catalogo\/produto\/agenda-espiral-great-tilibra\/","og_locale":"pt_BR","og_type":"article","og_title":"AGENDA ESPIRAL GREAT TILIBRA - Metta Papelaria","og_description":"A Agenda Espiral Di\u00e1ria 12,9 x 18,7 cm Great 2025 tem vis\u00e3o de 1 dia por p\u00e1gina, exceto s\u00e1bado e domingo. Possui capa revestida em material metalizado. Ideal para a organiza\u00e7\u00e3o do dia a dia, em casa ou no trabalho.","og_url":"https:\/\/mettapapelaria.com.br\/catalogo\/produto\/agenda-espiral-great-tilibra\/","og_site_name":"Metta Papelaria","article_publisher":"https:\/\/www.facebook.com\/mettapapelaria\/","article_modified_time":"2024-08-20T16:30:04+00:00","og_image":[{"width":500,"height":500,"url":"https:\/\/mettapapelaria.com.br\/catalogo\/wp-content\/uploads\/2024\/08\/AGENDA-ESPIRAL-GREAT-TILIBRA-3.jpg","type":"image\/jpeg"}],"twitter_card":"summary_large_image","twitter_misc":{"Est. tempo de leitura":"1 minuto"},"schema":{"@context":"https:\/\/schema.org","@graph":[{"@type":"WebPage","@id":"https:\/\/mettapapelaria.com.br\/catalogo\/produto\/agenda-espiral-great-tilibra\/","url":"https:\/\/mettapapelaria.com.br\/catalogo\/produto\/agenda-espiral-great-tilibra\/","name":"AGENDA ESPIRAL GREAT TILIBRA - Metta Papelaria","isPartOf":{"@id":"https:\/\/mettapapelaria.com.br\/catalogo\/#website"},"primaryImageOfPage":{"@id":"https:\/\/mettapapelaria.com.br\/catalogo\/produto\/agenda-espiral-great-tilibra\/#primaryimage"},"image":{"@id":"https:\/\/mettapapelaria.com.br\/catalogo\/produto\/agenda-espiral-great-tilibra\/#primaryimage"},"thumbnailUrl":"https:\/\/mettapapelaria.com.br\/catalogo\/wp-content\/uploads\/2024\/08\/AGENDA-ESPIRAL-GREAT-TILIBRA-3.jpg","datePublished":"2024-08-20T16:30:03+00:00","dateModified":"2024-08-20T16:30:04+00:00","description":"A Agenda Espiral Di\u00e1ria 12,9 x 18,7 cm Great 2025 tem vis\u00e3o de 1 dia por p\u00e1gina, exceto s\u00e1bado e domingo. Possui capa revestida em material metalizado. Ideal para a organiza\u00e7\u00e3o do dia a dia, em casa ou no trabalho.","breadcrumb":{"@id":"https:\/\/mettapapelaria.com.br\/catalogo\/produto\/agenda-espiral-great-tilibra\/#breadcrumb"},"inLanguage":"pt-BR","potentialAction":[{"@type":"ReadAction","target":["https:\/\/mettapapelaria.com.br\/catalogo\/produto\/agenda-espiral-great-tilibra\/"]}]},{"@type":"ImageObject","inLanguage":"pt-BR","@id":"https:\/\/mettapapelaria.com.br\/catalogo\/produto\/agenda-espiral-great-tilibra\/#primaryimage","url":"https:\/\/mettapapelaria.com.br\/catalogo\/wp-content\/uploads\/2024\/08\/AGENDA-ESPIRAL-GREAT-TILIBRA-3.jpg","contentUrl":"https:\/\/mettapapelaria.com.br\/catalogo\/wp-content\/uploads\/2024\/08\/AGENDA-ESPIRAL-GREAT-TILIBRA-3.jpg","width":500,"height":500},{"@type":"BreadcrumbList","@id":"https:\/\/mettapapelaria.com.br\/catalogo\/produto\/agenda-espiral-great-tilibra\/#breadcrumb","itemListElement":[{"@type":"ListItem","position":1,"name":"In\u00edcio","item":"https:\/\/mettapapelaria.com.br\/catalogo\/"},{"@type":"ListItem","position":2,"name":"Shop","item":"https:\/\/mettapapelaria.com.br\/catalogo\/shop\/"},{"@type":"ListItem","position":3,"name":"AGENDA ESPIRAL GREAT TILIBRA"}]},{"@type":"WebSite","@id":"https:\/\/mettapapelaria.com.br\/catalogo\/#website","url":"https:\/\/mettapapelaria.com.br\/catalogo\/","name":"Metta Papelaria","description":"Materiais e equipamentos de escrit\u00f3rio, suprimentos para inform\u00e1tica, e uma diversificada linha de material escolar","publisher":{"@id":"https:\/\/mettapapelaria.com.br\/catalogo\/#organization"},"potentialAction":[{"@type":"SearchAction","target":{"@type":"EntryPoint","urlTemplate":"https:\/\/mettapapelaria.com.br\/catalogo\/?s={search_term_string}"},"query-input":{"@type":"PropertyValueSpecification","valueRequired":true,"valueName":"search_term_string"}}],"inLanguage":"pt-BR"},{"@type":"Organization","@id":"https:\/\/mettapapelaria.com.br\/catalogo\/#organization","name":"Metta Papelaria","url":"https:\/\/mettapapelaria.com.br\/catalogo\/","logo":{"@type":"ImageObject","inLanguage":"pt-BR","@id":"https:\/\/mettapapelaria.com.br\/catalogo\/#\/schema\/logo\/image\/","url":"https:\/\/mettapapelaria.com.br\/catalogo\/wp-content\/uploads\/2023\/12\/cropped-favicon-Metta_512-1.png","contentUrl":"https:\/\/mettapapelaria.com.br\/catalogo\/wp-content\/uploads\/2023\/12\/cropped-favicon-Metta_512-1.png","width":512,"height":512,"caption":"Metta Papelaria"},"image":{"@id":"https:\/\/mettapapelaria.com.br\/catalogo\/#\/schema\/logo\/image\/"},"sameAs":["https:\/\/www.facebook.com\/mettapapelaria\/","https:\/\/www.instagram.com\/papelariametta\/"]}]}},"_links":{"self":[{"href":"https:\/\/mettapapelaria.com.br\/catalogo\/wp-json\/wp\/v2\/product\/6987","targetHints":{"allow":["GET"]}}],"collection":[{"href":"https:\/\/mettapapelaria.com.br\/catalogo\/wp-json\/wp\/v2\/product"}],"about":[{"href":"https:\/\/mettapapelaria.com.br\/catalogo\/wp-json\/wp\/v2\/types\/product"}],"replies":[{"embeddable":true,"href":"https:\/\/mettapapelaria.com.br\/catalogo\/wp-json\/wp\/v2\/comments?post=6987"}],"version-history":[{"count":1,"href":"https:\/\/mettapapelaria.com.br\/catalogo\/wp-json\/wp\/v2\/product\/6987\/revisions"}],"predecessor-version":[{"id":6992,"href":"https:\/\/mettapapelaria.com.br\/catalogo\/wp-json\/wp\/v2\/product\/6987\/revisions\/6992"}],"wp:featuredmedia":[{"embeddable":true,"href":"https:\/\/mettapapelaria.com.br\/catalogo\/wp-json\/wp\/v2\/media\/6988"}],"wp:attachment":[{"href":"https:\/\/mettapapelaria.com.br\/catalogo\/wp-json\/wp\/v2\/media?parent=6987"}],"wp:term":[{"taxonomy":"brand","embeddable":true,"href":"https:\/\/mettapapelaria.com.br\/catalogo\/wp-json\/wp\/v2\/etheme_brands?post=6987"},{"taxonomy":"product_brand","embeddable":true,"href":"https:\/\/mettapapelaria.com.br\/catalogo\/wp-json\/wp\/v2\/product_brand?post=6987"},{"taxonomy":"product_cat","embeddable":true,"href":"https:\/\/mettapapelaria.com.br\/catalogo\/wp-json\/wp\/v2\/product_cat?post=6987"},{"taxonomy":"product_tag","embeddable":true,"href":"https:\/\/mettapapelaria.com.br\/catalogo\/wp-json\/wp\/v2\/product_tag?post=6987"}],"curies":[{"name":"wp","href":"https:\/\/api.w.org\/{rel}","templated":true}]}}