{"id":6852,"date":"2024-07-24T11:29:11","date_gmt":"2024-07-24T14:29:11","guid":{"rendered":"https:\/\/mettapapelaria.com.br\/catalogo\/?post_type=product&#038;p=6852"},"modified":"2024-07-24T11:35:29","modified_gmt":"2024-07-24T14:35:29","slug":"fone-de-ouvido-com-microfone-headset-ph-02bk-c3plus","status":"publish","type":"product","link":"https:\/\/mettapapelaria.com.br\/catalogo\/produto\/fone-de-ouvido-com-microfone-headset-ph-02bk-c3plus\/","title":{"rendered":"FONE DE OUVIDO COM MICROFONE HEADSET PH-02BK C3TECH"},"content":{"rendered":"<p>Design simples, direto, leve e confort\u00e1vel, ideal para uso no dia a dia e aplica\u00e7\u00f5es VoiP, conta com regulagem de altura do arco e conex\u00e3o P2.<\/p>\n<p>ESPECIFICA\u00c7\u00d5ES GERAIS<\/p>\n<ul>\n<li>Dimens\u00e3o : 160*155*60 mm<\/li>\n<li>Peso: 115 g<\/li>\n<li>Acoplamento de Ouvido: Circumaural (Over-Ear)<\/li>\n<li>Conex\u00e3o: 2x P2 3.5mm<\/li>\n<li>Possui Microfone Integrado: Sim<\/li>\n<li>Possui Ajuste de Volume no Cabo: Sim<\/li>\n<li>Possui Fun\u00e7\u00e3o Mudo:<\/li>\n<li>Possui Ilumina\u00e7\u00e3o: N\u00e3o<\/li>\n<li>Comprimento de Cabo: 200 cm<\/li>\n<li>Revestimento de Cabo: PVC<\/li>\n<\/ul>\n<p>CARACTER\u00cdSTICAS AC\u00daSTICAS<\/p>\n<ul>\n<li>Tamanho de Alto-Falante: 40 mm<\/li>\n<li>Tamanho de Microfone: 6&#215;5 mm<\/li>\n<li>Dire\u00e7\u00e3o de Capta\u00e7\u00e3o do Microfone: Omnidirecional<\/li>\n<li>Frequ\u00eancia de Resposta: 50 Hz a 20 kHz<\/li>\n<li>Imped\u00e2ncia: 32O \u00b1 15%<\/li>\n<li>Sensibilidade: 110dB \u00b1 3dB<\/li>\n<li>Sensibilidade do Microfone:<\/li>\n<li>Possui Som Est\u00e9reo: Sim<\/li>\n<li>Possui \u00c1udio 7.1: N\u00e3o<\/li>\n<li>Possui Cancelamento de Ru\u00eddo: N\u00e3o<\/li>\n<\/ul>\n<p>CARACTER\u00cdSTICAS EL\u00c9TRICAS<\/p>\n<ul>\n<li>Pot\u00eancia Nominal: 25 mW<\/li>\n<li>Pot\u00eancia M\u00e1xima de Entrada:<\/li>\n<li>Tens\u00e3o de Opera\u00e7\u00e3o: 3,0V<\/li>\n<li>Corrente de Opera\u00e7\u00e3o<\/li>\n<li>Alimenta\u00e7\u00e3o: P2 3.5mm<\/li>\n<\/ul>\n","protected":false},"excerpt":{"rendered":"<p>Design simples, direto, leve e confort\u00e1vel, ideal para uso no dia a dia e aplica\u00e7\u00f5es VoiP, conta com regulagem de altura do arco e conex\u00e3o&#8230;<\/p>\n","protected":false},"featured_media":6853,"comment_status":"open","ping_status":"closed","template":"","meta":[],"etheme_brands":[{"term_id":194,"name":"C3 Tech","slug":"c3-tech","term_group":0,"term_taxonomy_id":194,"taxonomy":"brand","description":"","parent":0,"count":2,"filter":"raw"}],"product_brand":[],"product_cat":[124,17],"product_tag":[575,254,316,275,441,422,577,255,256,228,225,317,574,576,573,274],"class_list":{"0":"post-6852","1":"product","2":"type-product","3":"status-publish","4":"has-post-thumbnail","6":"brand-c3-tech","7":"product_cat-fone-de-ouvido","8":"product_cat-suprimentos-informatica","9":"product_tag-atendimento-ao-publico","10":"product_tag-casa","11":"product_tag-estudante","12":"product_tag-faculdade","13":"product_tag-fone","14":"product_tag-fone-de-ouvido","15":"product_tag-fone-de-ouvido-headset","16":"product_tag-home","17":"product_tag-lar","18":"product_tag-material-de-escritorio","19":"product_tag-metta-papelaria","20":"product_tag-study","21":"product_tag-telemarketing","22":"product_tag-televendas","23":"product_tag-trabalho","24":"product_tag-universidade","26":"first","27":"instock","28":"sold-individually","29":"shipping-taxable","30":"purchasable","31":"product-type-simple"},"yoast_head":"<!-- This site is optimized with the Yoast SEO plugin v26.9 - https:\/\/yoast.com\/product\/yoast-seo-wordpress\/ -->\n<title>FONE DE OUVIDO COM MICROFONE HEADSET PH-02BK C3TECH - Metta Papelaria<\/title>\n<meta name=\"robots\" content=\"index, follow, max-snippet:-1, max-image-preview:large, max-video-preview:-1\" \/>\n<link rel=\"canonical\" href=\"https:\/\/mettapapelaria.com.br\/catalogo\/produto\/fone-de-ouvido-com-microfone-headset-ph-02bk-c3plus\/\" \/>\n<meta property=\"og:locale\" content=\"pt_BR\" \/>\n<meta property=\"og:type\" content=\"article\" \/>\n<meta property=\"og:title\" content=\"FONE DE OUVIDO COM MICROFONE HEADSET PH-02BK C3TECH - Metta Papelaria\" \/>\n<meta property=\"og:description\" content=\"Design simples, direto, leve e confort\u00e1vel, ideal para uso no dia a dia e aplica\u00e7\u00f5es VoiP, conta com regulagem de altura do arco e conex\u00e3o...\" \/>\n<meta property=\"og:url\" content=\"https:\/\/mettapapelaria.com.br\/catalogo\/produto\/fone-de-ouvido-com-microfone-headset-ph-02bk-c3plus\/\" \/>\n<meta property=\"og:site_name\" content=\"Metta Papelaria\" \/>\n<meta property=\"article:publisher\" content=\"https:\/\/www.facebook.com\/mettapapelaria\/\" \/>\n<meta property=\"article:modified_time\" content=\"2024-07-24T14:35:29+00:00\" \/>\n<meta property=\"og:image\" content=\"https:\/\/mettapapelaria.com.br\/catalogo\/wp-content\/uploads\/2024\/07\/FONE-DE-OUVIDO-COM-MICROFONE-HEADSET-PH-02BK-C3PLUS.jpg\" \/>\n\t<meta property=\"og:image:width\" content=\"500\" \/>\n\t<meta property=\"og:image:height\" content=\"500\" \/>\n\t<meta property=\"og:image:type\" content=\"image\/jpeg\" \/>\n<meta name=\"twitter:card\" content=\"summary_large_image\" \/>\n<meta name=\"twitter:label1\" content=\"Est. tempo de leitura\" \/>\n\t<meta name=\"twitter:data1\" content=\"1 minuto\" \/>\n<script type=\"application\/ld+json\" class=\"yoast-schema-graph\">{\"@context\":\"https:\/\/schema.org\",\"@graph\":[{\"@type\":\"WebPage\",\"@id\":\"https:\/\/mettapapelaria.com.br\/catalogo\/produto\/fone-de-ouvido-com-microfone-headset-ph-02bk-c3plus\/\",\"url\":\"https:\/\/mettapapelaria.com.br\/catalogo\/produto\/fone-de-ouvido-com-microfone-headset-ph-02bk-c3plus\/\",\"name\":\"FONE DE OUVIDO COM MICROFONE HEADSET PH-02BK C3TECH - Metta Papelaria\",\"isPartOf\":{\"@id\":\"https:\/\/mettapapelaria.com.br\/catalogo\/#website\"},\"primaryImageOfPage\":{\"@id\":\"https:\/\/mettapapelaria.com.br\/catalogo\/produto\/fone-de-ouvido-com-microfone-headset-ph-02bk-c3plus\/#primaryimage\"},\"image\":{\"@id\":\"https:\/\/mettapapelaria.com.br\/catalogo\/produto\/fone-de-ouvido-com-microfone-headset-ph-02bk-c3plus\/#primaryimage\"},\"thumbnailUrl\":\"https:\/\/mettapapelaria.com.br\/catalogo\/wp-content\/uploads\/2024\/07\/FONE-DE-OUVIDO-COM-MICROFONE-HEADSET-PH-02BK-C3PLUS.jpg\",\"datePublished\":\"2024-07-24T14:29:11+00:00\",\"dateModified\":\"2024-07-24T14:35:29+00:00\",\"breadcrumb\":{\"@id\":\"https:\/\/mettapapelaria.com.br\/catalogo\/produto\/fone-de-ouvido-com-microfone-headset-ph-02bk-c3plus\/#breadcrumb\"},\"inLanguage\":\"pt-BR\",\"potentialAction\":[{\"@type\":\"ReadAction\",\"target\":[\"https:\/\/mettapapelaria.com.br\/catalogo\/produto\/fone-de-ouvido-com-microfone-headset-ph-02bk-c3plus\/\"]}]},{\"@type\":\"ImageObject\",\"inLanguage\":\"pt-BR\",\"@id\":\"https:\/\/mettapapelaria.com.br\/catalogo\/produto\/fone-de-ouvido-com-microfone-headset-ph-02bk-c3plus\/#primaryimage\",\"url\":\"https:\/\/mettapapelaria.com.br\/catalogo\/wp-content\/uploads\/2024\/07\/FONE-DE-OUVIDO-COM-MICROFONE-HEADSET-PH-02BK-C3PLUS.jpg\",\"contentUrl\":\"https:\/\/mettapapelaria.com.br\/catalogo\/wp-content\/uploads\/2024\/07\/FONE-DE-OUVIDO-COM-MICROFONE-HEADSET-PH-02BK-C3PLUS.jpg\",\"width\":500,\"height\":500},{\"@type\":\"BreadcrumbList\",\"@id\":\"https:\/\/mettapapelaria.com.br\/catalogo\/produto\/fone-de-ouvido-com-microfone-headset-ph-02bk-c3plus\/#breadcrumb\",\"itemListElement\":[{\"@type\":\"ListItem\",\"position\":1,\"name\":\"In\u00edcio\",\"item\":\"https:\/\/mettapapelaria.com.br\/catalogo\/\"},{\"@type\":\"ListItem\",\"position\":2,\"name\":\"Shop\",\"item\":\"https:\/\/mettapapelaria.com.br\/catalogo\/shop\/\"},{\"@type\":\"ListItem\",\"position\":3,\"name\":\"FONE DE OUVIDO COM MICROFONE HEADSET PH-02BK C3TECH\"}]},{\"@type\":\"WebSite\",\"@id\":\"https:\/\/mettapapelaria.com.br\/catalogo\/#website\",\"url\":\"https:\/\/mettapapelaria.com.br\/catalogo\/\",\"name\":\"Metta Papelaria\",\"description\":\"Materiais e equipamentos de escrit\u00f3rio, suprimentos para inform\u00e1tica, e uma diversificada linha de material escolar\",\"publisher\":{\"@id\":\"https:\/\/mettapapelaria.com.br\/catalogo\/#organization\"},\"potentialAction\":[{\"@type\":\"SearchAction\",\"target\":{\"@type\":\"EntryPoint\",\"urlTemplate\":\"https:\/\/mettapapelaria.com.br\/catalogo\/?s={search_term_string}\"},\"query-input\":{\"@type\":\"PropertyValueSpecification\",\"valueRequired\":true,\"valueName\":\"search_term_string\"}}],\"inLanguage\":\"pt-BR\"},{\"@type\":\"Organization\",\"@id\":\"https:\/\/mettapapelaria.com.br\/catalogo\/#organization\",\"name\":\"Metta Papelaria\",\"url\":\"https:\/\/mettapapelaria.com.br\/catalogo\/\",\"logo\":{\"@type\":\"ImageObject\",\"inLanguage\":\"pt-BR\",\"@id\":\"https:\/\/mettapapelaria.com.br\/catalogo\/#\/schema\/logo\/image\/\",\"url\":\"https:\/\/mettapapelaria.com.br\/catalogo\/wp-content\/uploads\/2023\/12\/cropped-favicon-Metta_512-1.png\",\"contentUrl\":\"https:\/\/mettapapelaria.com.br\/catalogo\/wp-content\/uploads\/2023\/12\/cropped-favicon-Metta_512-1.png\",\"width\":512,\"height\":512,\"caption\":\"Metta Papelaria\"},\"image\":{\"@id\":\"https:\/\/mettapapelaria.com.br\/catalogo\/#\/schema\/logo\/image\/\"},\"sameAs\":[\"https:\/\/www.facebook.com\/mettapapelaria\/\",\"https:\/\/www.instagram.com\/papelariametta\/\"]}]}<\/script>\n<!-- \/ Yoast SEO plugin. -->","yoast_head_json":{"title":"FONE DE OUVIDO COM MICROFONE HEADSET PH-02BK C3TECH - Metta Papelaria","robots":{"index":"index","follow":"follow","max-snippet":"max-snippet:-1","max-image-preview":"max-image-preview:large","max-video-preview":"max-video-preview:-1"},"canonical":"https:\/\/mettapapelaria.com.br\/catalogo\/produto\/fone-de-ouvido-com-microfone-headset-ph-02bk-c3plus\/","og_locale":"pt_BR","og_type":"article","og_title":"FONE DE OUVIDO COM MICROFONE HEADSET PH-02BK C3TECH - Metta Papelaria","og_description":"Design simples, direto, leve e confort\u00e1vel, ideal para uso no dia a dia e aplica\u00e7\u00f5es VoiP, conta com regulagem de altura do arco e conex\u00e3o...","og_url":"https:\/\/mettapapelaria.com.br\/catalogo\/produto\/fone-de-ouvido-com-microfone-headset-ph-02bk-c3plus\/","og_site_name":"Metta Papelaria","article_publisher":"https:\/\/www.facebook.com\/mettapapelaria\/","article_modified_time":"2024-07-24T14:35:29+00:00","og_image":[{"width":500,"height":500,"url":"https:\/\/mettapapelaria.com.br\/catalogo\/wp-content\/uploads\/2024\/07\/FONE-DE-OUVIDO-COM-MICROFONE-HEADSET-PH-02BK-C3PLUS.jpg","type":"image\/jpeg"}],"twitter_card":"summary_large_image","twitter_misc":{"Est. tempo de leitura":"1 minuto"},"schema":{"@context":"https:\/\/schema.org","@graph":[{"@type":"WebPage","@id":"https:\/\/mettapapelaria.com.br\/catalogo\/produto\/fone-de-ouvido-com-microfone-headset-ph-02bk-c3plus\/","url":"https:\/\/mettapapelaria.com.br\/catalogo\/produto\/fone-de-ouvido-com-microfone-headset-ph-02bk-c3plus\/","name":"FONE DE OUVIDO COM MICROFONE HEADSET PH-02BK C3TECH - Metta Papelaria","isPartOf":{"@id":"https:\/\/mettapapelaria.com.br\/catalogo\/#website"},"primaryImageOfPage":{"@id":"https:\/\/mettapapelaria.com.br\/catalogo\/produto\/fone-de-ouvido-com-microfone-headset-ph-02bk-c3plus\/#primaryimage"},"image":{"@id":"https:\/\/mettapapelaria.com.br\/catalogo\/produto\/fone-de-ouvido-com-microfone-headset-ph-02bk-c3plus\/#primaryimage"},"thumbnailUrl":"https:\/\/mettapapelaria.com.br\/catalogo\/wp-content\/uploads\/2024\/07\/FONE-DE-OUVIDO-COM-MICROFONE-HEADSET-PH-02BK-C3PLUS.jpg","datePublished":"2024-07-24T14:29:11+00:00","dateModified":"2024-07-24T14:35:29+00:00","breadcrumb":{"@id":"https:\/\/mettapapelaria.com.br\/catalogo\/produto\/fone-de-ouvido-com-microfone-headset-ph-02bk-c3plus\/#breadcrumb"},"inLanguage":"pt-BR","potentialAction":[{"@type":"ReadAction","target":["https:\/\/mettapapelaria.com.br\/catalogo\/produto\/fone-de-ouvido-com-microfone-headset-ph-02bk-c3plus\/"]}]},{"@type":"ImageObject","inLanguage":"pt-BR","@id":"https:\/\/mettapapelaria.com.br\/catalogo\/produto\/fone-de-ouvido-com-microfone-headset-ph-02bk-c3plus\/#primaryimage","url":"https:\/\/mettapapelaria.com.br\/catalogo\/wp-content\/uploads\/2024\/07\/FONE-DE-OUVIDO-COM-MICROFONE-HEADSET-PH-02BK-C3PLUS.jpg","contentUrl":"https:\/\/mettapapelaria.com.br\/catalogo\/wp-content\/uploads\/2024\/07\/FONE-DE-OUVIDO-COM-MICROFONE-HEADSET-PH-02BK-C3PLUS.jpg","width":500,"height":500},{"@type":"BreadcrumbList","@id":"https:\/\/mettapapelaria.com.br\/catalogo\/produto\/fone-de-ouvido-com-microfone-headset-ph-02bk-c3plus\/#breadcrumb","itemListElement":[{"@type":"ListItem","position":1,"name":"In\u00edcio","item":"https:\/\/mettapapelaria.com.br\/catalogo\/"},{"@type":"ListItem","position":2,"name":"Shop","item":"https:\/\/mettapapelaria.com.br\/catalogo\/shop\/"},{"@type":"ListItem","position":3,"name":"FONE DE OUVIDO COM MICROFONE HEADSET PH-02BK C3TECH"}]},{"@type":"WebSite","@id":"https:\/\/mettapapelaria.com.br\/catalogo\/#website","url":"https:\/\/mettapapelaria.com.br\/catalogo\/","name":"Metta Papelaria","description":"Materiais e equipamentos de escrit\u00f3rio, suprimentos para inform\u00e1tica, e uma diversificada linha de material escolar","publisher":{"@id":"https:\/\/mettapapelaria.com.br\/catalogo\/#organization"},"potentialAction":[{"@type":"SearchAction","target":{"@type":"EntryPoint","urlTemplate":"https:\/\/mettapapelaria.com.br\/catalogo\/?s={search_term_string}"},"query-input":{"@type":"PropertyValueSpecification","valueRequired":true,"valueName":"search_term_string"}}],"inLanguage":"pt-BR"},{"@type":"Organization","@id":"https:\/\/mettapapelaria.com.br\/catalogo\/#organization","name":"Metta Papelaria","url":"https:\/\/mettapapelaria.com.br\/catalogo\/","logo":{"@type":"ImageObject","inLanguage":"pt-BR","@id":"https:\/\/mettapapelaria.com.br\/catalogo\/#\/schema\/logo\/image\/","url":"https:\/\/mettapapelaria.com.br\/catalogo\/wp-content\/uploads\/2023\/12\/cropped-favicon-Metta_512-1.png","contentUrl":"https:\/\/mettapapelaria.com.br\/catalogo\/wp-content\/uploads\/2023\/12\/cropped-favicon-Metta_512-1.png","width":512,"height":512,"caption":"Metta Papelaria"},"image":{"@id":"https:\/\/mettapapelaria.com.br\/catalogo\/#\/schema\/logo\/image\/"},"sameAs":["https:\/\/www.facebook.com\/mettapapelaria\/","https:\/\/www.instagram.com\/papelariametta\/"]}]}},"_links":{"self":[{"href":"https:\/\/mettapapelaria.com.br\/catalogo\/wp-json\/wp\/v2\/product\/6852","targetHints":{"allow":["GET"]}}],"collection":[{"href":"https:\/\/mettapapelaria.com.br\/catalogo\/wp-json\/wp\/v2\/product"}],"about":[{"href":"https:\/\/mettapapelaria.com.br\/catalogo\/wp-json\/wp\/v2\/types\/product"}],"replies":[{"embeddable":true,"href":"https:\/\/mettapapelaria.com.br\/catalogo\/wp-json\/wp\/v2\/comments?post=6852"}],"version-history":[{"count":2,"href":"https:\/\/mettapapelaria.com.br\/catalogo\/wp-json\/wp\/v2\/product\/6852\/revisions"}],"predecessor-version":[{"id":6857,"href":"https:\/\/mettapapelaria.com.br\/catalogo\/wp-json\/wp\/v2\/product\/6852\/revisions\/6857"}],"wp:featuredmedia":[{"embeddable":true,"href":"https:\/\/mettapapelaria.com.br\/catalogo\/wp-json\/wp\/v2\/media\/6853"}],"wp:attachment":[{"href":"https:\/\/mettapapelaria.com.br\/catalogo\/wp-json\/wp\/v2\/media?parent=6852"}],"wp:term":[{"taxonomy":"brand","embeddable":true,"href":"https:\/\/mettapapelaria.com.br\/catalogo\/wp-json\/wp\/v2\/etheme_brands?post=6852"},{"taxonomy":"product_brand","embeddable":true,"href":"https:\/\/mettapapelaria.com.br\/catalogo\/wp-json\/wp\/v2\/product_brand?post=6852"},{"taxonomy":"product_cat","embeddable":true,"href":"https:\/\/mettapapelaria.com.br\/catalogo\/wp-json\/wp\/v2\/product_cat?post=6852"},{"taxonomy":"product_tag","embeddable":true,"href":"https:\/\/mettapapelaria.com.br\/catalogo\/wp-json\/wp\/v2\/product_tag?post=6852"}],"curies":[{"name":"wp","href":"https:\/\/api.w.org\/{rel}","templated":true}]}}