{"id":6603,"date":"2024-01-25T14:28:45","date_gmt":"2024-01-25T17:28:45","guid":{"rendered":"https:\/\/mettapapelaria.com.br\/catalogo\/?post_type=product&#038;p=6603"},"modified":"2024-01-25T16:17:51","modified_gmt":"2024-01-25T19:17:51","slug":"caneta-esferografica-com-ponteira-coracao-metallic-soul-brw","status":"publish","type":"product","link":"https:\/\/mettapapelaria.com.br\/catalogo\/produto\/caneta-esferografica-com-ponteira-coracao-metallic-soul-brw\/","title":{"rendered":"CANETA ESFEROGR\u00c1FICA COM PONTEIRA CORA\u00c7\u00c3O METALLIC SOUL BRW"},"content":{"rendered":"<p>Leve toda a magia e eleg\u00e2ncia dos cora\u00e7\u00f5es com voc\u00ea com a caneta esferogr\u00e1fica em corpo met\u00e1lico da BRW.<\/p>\n<p>Detalhes:<\/p>\n<ul>\n<li>Escrita m\u00e9dia de 1,0 mm;<\/li>\n<li>Escrita na cor preta;<\/li>\n<li>Dispon\u00edvel: Prata, Dourado e Rose Gold.<\/li>\n<\/ul>\n","protected":false},"excerpt":{"rendered":"<p>Leve toda a magia e eleg\u00e2ncia dos cora\u00e7\u00f5es com voc\u00ea com a caneta esferogr\u00e1fica em corpo met\u00e1lico da BRW. Detalhes: Escrita m\u00e9dia de 1,0 mm;&#8230;<\/p>\n","protected":false},"featured_media":6605,"comment_status":"open","ping_status":"closed","template":"","meta":[],"etheme_brands":[{"term_id":193,"name":"BRW","slug":"brw","term_group":0,"term_taxonomy_id":193,"taxonomy":"brand","description":"","parent":0,"count":34,"filter":"raw"}],"product_brand":[],"product_cat":[380,21,157,152,16,15],"product_tag":[377,532,397,293,396,276,316,275,395,294,292,227,225,384,317,274,318],"class_list":{"0":"post-6603","1":"product","2":"type-product","3":"status-publish","4":"has-post-thumbnail","6":"brand-brw","7":"product_cat-canetas-me","8":"product_cat-canetas","9":"product_cat-canetas-esferograficass","10":"product_cat-canetas-esferograficas","11":"product_cat-material-escolar","12":"product_cat-material-escritorio","13":"product_tag-caneta","14":"product_tag-caneta-esferografica","15":"product_tag-cores-pasteis","16":"product_tag-crianca","17":"product_tag-cute","18":"product_tag-escola","19":"product_tag-estudante","20":"product_tag-faculdade","21":"product_tag-fofo","22":"product_tag-infantil","23":"product_tag-kids","24":"product_tag-material-escolar","25":"product_tag-metta-papelaria","26":"product_tag-pastel","27":"product_tag-study","28":"product_tag-universidade","29":"product_tag-volta-as-aulas","31":"first","32":"instock","33":"sold-individually","34":"shipping-taxable","35":"purchasable","36":"product-type-simple"},"yoast_head":"<!-- This site is optimized with the Yoast SEO plugin v26.9 - https:\/\/yoast.com\/product\/yoast-seo-wordpress\/ -->\n<title>CANETA ESFEROGR\u00c1FICA COM PONTEIRA CORA\u00c7\u00c3O METALLIC SOUL BRW - Metta Papelaria<\/title>\n<meta name=\"description\" content=\"Leve toda a magia e eleg\u00e2ncia dos cora\u00e7\u00f5es com voc\u00ea com a caneta esferogr\u00e1fica em corpo met\u00e1lico da BRW.\" \/>\n<meta name=\"robots\" content=\"index, follow, max-snippet:-1, max-image-preview:large, max-video-preview:-1\" \/>\n<link rel=\"canonical\" href=\"https:\/\/mettapapelaria.com.br\/catalogo\/produto\/caneta-esferografica-com-ponteira-coracao-metallic-soul-brw\/\" \/>\n<meta property=\"og:locale\" content=\"pt_BR\" \/>\n<meta property=\"og:type\" content=\"article\" \/>\n<meta property=\"og:title\" content=\"CANETA ESFEROGR\u00c1FICA COM PONTEIRA CORA\u00c7\u00c3O METALLIC SOUL BRW - Metta Papelaria\" \/>\n<meta property=\"og:description\" content=\"Leve toda a magia e eleg\u00e2ncia dos cora\u00e7\u00f5es com voc\u00ea com a caneta esferogr\u00e1fica em corpo met\u00e1lico da BRW.\" \/>\n<meta property=\"og:url\" content=\"https:\/\/mettapapelaria.com.br\/catalogo\/produto\/caneta-esferografica-com-ponteira-coracao-metallic-soul-brw\/\" \/>\n<meta property=\"og:site_name\" content=\"Metta Papelaria\" \/>\n<meta property=\"article:publisher\" content=\"https:\/\/www.facebook.com\/mettapapelaria\/\" \/>\n<meta property=\"article:modified_time\" content=\"2024-01-25T19:17:51+00:00\" \/>\n<meta property=\"og:image\" content=\"https:\/\/mettapapelaria.com.br\/catalogo\/wp-content\/uploads\/2024\/01\/CANETA-ESFEROGRAFICA-COM-PONTEIRA-CORACAO-METALLIC-SOUL-BRW.jpg\" \/>\n\t<meta property=\"og:image:width\" content=\"600\" \/>\n\t<meta property=\"og:image:height\" content=\"600\" \/>\n\t<meta property=\"og:image:type\" content=\"image\/jpeg\" \/>\n<meta name=\"twitter:card\" content=\"summary_large_image\" \/>\n<meta name=\"twitter:label1\" content=\"Est. tempo de leitura\" \/>\n\t<meta name=\"twitter:data1\" content=\"1 minuto\" \/>\n<script type=\"application\/ld+json\" class=\"yoast-schema-graph\">{\"@context\":\"https:\/\/schema.org\",\"@graph\":[{\"@type\":\"WebPage\",\"@id\":\"https:\/\/mettapapelaria.com.br\/catalogo\/produto\/caneta-esferografica-com-ponteira-coracao-metallic-soul-brw\/\",\"url\":\"https:\/\/mettapapelaria.com.br\/catalogo\/produto\/caneta-esferografica-com-ponteira-coracao-metallic-soul-brw\/\",\"name\":\"CANETA ESFEROGR\u00c1FICA COM PONTEIRA CORA\u00c7\u00c3O METALLIC SOUL BRW - Metta Papelaria\",\"isPartOf\":{\"@id\":\"https:\/\/mettapapelaria.com.br\/catalogo\/#website\"},\"primaryImageOfPage\":{\"@id\":\"https:\/\/mettapapelaria.com.br\/catalogo\/produto\/caneta-esferografica-com-ponteira-coracao-metallic-soul-brw\/#primaryimage\"},\"image\":{\"@id\":\"https:\/\/mettapapelaria.com.br\/catalogo\/produto\/caneta-esferografica-com-ponteira-coracao-metallic-soul-brw\/#primaryimage\"},\"thumbnailUrl\":\"https:\/\/mettapapelaria.com.br\/catalogo\/wp-content\/uploads\/2024\/01\/CANETA-ESFEROGRAFICA-COM-PONTEIRA-CORACAO-METALLIC-SOUL-BRW.jpg\",\"datePublished\":\"2024-01-25T17:28:45+00:00\",\"dateModified\":\"2024-01-25T19:17:51+00:00\",\"description\":\"Leve toda a magia e eleg\u00e2ncia dos cora\u00e7\u00f5es com voc\u00ea com a caneta esferogr\u00e1fica em corpo met\u00e1lico da BRW.\",\"breadcrumb\":{\"@id\":\"https:\/\/mettapapelaria.com.br\/catalogo\/produto\/caneta-esferografica-com-ponteira-coracao-metallic-soul-brw\/#breadcrumb\"},\"inLanguage\":\"pt-BR\",\"potentialAction\":[{\"@type\":\"ReadAction\",\"target\":[\"https:\/\/mettapapelaria.com.br\/catalogo\/produto\/caneta-esferografica-com-ponteira-coracao-metallic-soul-brw\/\"]}]},{\"@type\":\"ImageObject\",\"inLanguage\":\"pt-BR\",\"@id\":\"https:\/\/mettapapelaria.com.br\/catalogo\/produto\/caneta-esferografica-com-ponteira-coracao-metallic-soul-brw\/#primaryimage\",\"url\":\"https:\/\/mettapapelaria.com.br\/catalogo\/wp-content\/uploads\/2024\/01\/CANETA-ESFEROGRAFICA-COM-PONTEIRA-CORACAO-METALLIC-SOUL-BRW.jpg\",\"contentUrl\":\"https:\/\/mettapapelaria.com.br\/catalogo\/wp-content\/uploads\/2024\/01\/CANETA-ESFEROGRAFICA-COM-PONTEIRA-CORACAO-METALLIC-SOUL-BRW.jpg\",\"width\":600,\"height\":600},{\"@type\":\"BreadcrumbList\",\"@id\":\"https:\/\/mettapapelaria.com.br\/catalogo\/produto\/caneta-esferografica-com-ponteira-coracao-metallic-soul-brw\/#breadcrumb\",\"itemListElement\":[{\"@type\":\"ListItem\",\"position\":1,\"name\":\"In\u00edcio\",\"item\":\"https:\/\/mettapapelaria.com.br\/catalogo\/\"},{\"@type\":\"ListItem\",\"position\":2,\"name\":\"Shop\",\"item\":\"https:\/\/mettapapelaria.com.br\/catalogo\/shop\/\"},{\"@type\":\"ListItem\",\"position\":3,\"name\":\"CANETA ESFEROGR\u00c1FICA COM PONTEIRA CORA\u00c7\u00c3O METALLIC SOUL BRW\"}]},{\"@type\":\"WebSite\",\"@id\":\"https:\/\/mettapapelaria.com.br\/catalogo\/#website\",\"url\":\"https:\/\/mettapapelaria.com.br\/catalogo\/\",\"name\":\"Metta Papelaria\",\"description\":\"Materiais e equipamentos de escrit\u00f3rio, suprimentos para inform\u00e1tica, e uma diversificada linha de material escolar\",\"publisher\":{\"@id\":\"https:\/\/mettapapelaria.com.br\/catalogo\/#organization\"},\"potentialAction\":[{\"@type\":\"SearchAction\",\"target\":{\"@type\":\"EntryPoint\",\"urlTemplate\":\"https:\/\/mettapapelaria.com.br\/catalogo\/?s={search_term_string}\"},\"query-input\":{\"@type\":\"PropertyValueSpecification\",\"valueRequired\":true,\"valueName\":\"search_term_string\"}}],\"inLanguage\":\"pt-BR\"},{\"@type\":\"Organization\",\"@id\":\"https:\/\/mettapapelaria.com.br\/catalogo\/#organization\",\"name\":\"Metta Papelaria\",\"url\":\"https:\/\/mettapapelaria.com.br\/catalogo\/\",\"logo\":{\"@type\":\"ImageObject\",\"inLanguage\":\"pt-BR\",\"@id\":\"https:\/\/mettapapelaria.com.br\/catalogo\/#\/schema\/logo\/image\/\",\"url\":\"https:\/\/mettapapelaria.com.br\/catalogo\/wp-content\/uploads\/2023\/12\/cropped-favicon-Metta_512-1.png\",\"contentUrl\":\"https:\/\/mettapapelaria.com.br\/catalogo\/wp-content\/uploads\/2023\/12\/cropped-favicon-Metta_512-1.png\",\"width\":512,\"height\":512,\"caption\":\"Metta Papelaria\"},\"image\":{\"@id\":\"https:\/\/mettapapelaria.com.br\/catalogo\/#\/schema\/logo\/image\/\"},\"sameAs\":[\"https:\/\/www.facebook.com\/mettapapelaria\/\",\"https:\/\/www.instagram.com\/papelariametta\/\"]}]}<\/script>\n<!-- \/ Yoast SEO plugin. -->","yoast_head_json":{"title":"CANETA ESFEROGR\u00c1FICA COM PONTEIRA CORA\u00c7\u00c3O METALLIC SOUL BRW - Metta Papelaria","description":"Leve toda a magia e eleg\u00e2ncia dos cora\u00e7\u00f5es com voc\u00ea com a caneta esferogr\u00e1fica em corpo met\u00e1lico da BRW.","robots":{"index":"index","follow":"follow","max-snippet":"max-snippet:-1","max-image-preview":"max-image-preview:large","max-video-preview":"max-video-preview:-1"},"canonical":"https:\/\/mettapapelaria.com.br\/catalogo\/produto\/caneta-esferografica-com-ponteira-coracao-metallic-soul-brw\/","og_locale":"pt_BR","og_type":"article","og_title":"CANETA ESFEROGR\u00c1FICA COM PONTEIRA CORA\u00c7\u00c3O METALLIC SOUL BRW - Metta Papelaria","og_description":"Leve toda a magia e eleg\u00e2ncia dos cora\u00e7\u00f5es com voc\u00ea com a caneta esferogr\u00e1fica em corpo met\u00e1lico da BRW.","og_url":"https:\/\/mettapapelaria.com.br\/catalogo\/produto\/caneta-esferografica-com-ponteira-coracao-metallic-soul-brw\/","og_site_name":"Metta Papelaria","article_publisher":"https:\/\/www.facebook.com\/mettapapelaria\/","article_modified_time":"2024-01-25T19:17:51+00:00","og_image":[{"width":600,"height":600,"url":"https:\/\/mettapapelaria.com.br\/catalogo\/wp-content\/uploads\/2024\/01\/CANETA-ESFEROGRAFICA-COM-PONTEIRA-CORACAO-METALLIC-SOUL-BRW.jpg","type":"image\/jpeg"}],"twitter_card":"summary_large_image","twitter_misc":{"Est. tempo de leitura":"1 minuto"},"schema":{"@context":"https:\/\/schema.org","@graph":[{"@type":"WebPage","@id":"https:\/\/mettapapelaria.com.br\/catalogo\/produto\/caneta-esferografica-com-ponteira-coracao-metallic-soul-brw\/","url":"https:\/\/mettapapelaria.com.br\/catalogo\/produto\/caneta-esferografica-com-ponteira-coracao-metallic-soul-brw\/","name":"CANETA ESFEROGR\u00c1FICA COM PONTEIRA CORA\u00c7\u00c3O METALLIC SOUL BRW - Metta Papelaria","isPartOf":{"@id":"https:\/\/mettapapelaria.com.br\/catalogo\/#website"},"primaryImageOfPage":{"@id":"https:\/\/mettapapelaria.com.br\/catalogo\/produto\/caneta-esferografica-com-ponteira-coracao-metallic-soul-brw\/#primaryimage"},"image":{"@id":"https:\/\/mettapapelaria.com.br\/catalogo\/produto\/caneta-esferografica-com-ponteira-coracao-metallic-soul-brw\/#primaryimage"},"thumbnailUrl":"https:\/\/mettapapelaria.com.br\/catalogo\/wp-content\/uploads\/2024\/01\/CANETA-ESFEROGRAFICA-COM-PONTEIRA-CORACAO-METALLIC-SOUL-BRW.jpg","datePublished":"2024-01-25T17:28:45+00:00","dateModified":"2024-01-25T19:17:51+00:00","description":"Leve toda a magia e eleg\u00e2ncia dos cora\u00e7\u00f5es com voc\u00ea com a caneta esferogr\u00e1fica em corpo met\u00e1lico da BRW.","breadcrumb":{"@id":"https:\/\/mettapapelaria.com.br\/catalogo\/produto\/caneta-esferografica-com-ponteira-coracao-metallic-soul-brw\/#breadcrumb"},"inLanguage":"pt-BR","potentialAction":[{"@type":"ReadAction","target":["https:\/\/mettapapelaria.com.br\/catalogo\/produto\/caneta-esferografica-com-ponteira-coracao-metallic-soul-brw\/"]}]},{"@type":"ImageObject","inLanguage":"pt-BR","@id":"https:\/\/mettapapelaria.com.br\/catalogo\/produto\/caneta-esferografica-com-ponteira-coracao-metallic-soul-brw\/#primaryimage","url":"https:\/\/mettapapelaria.com.br\/catalogo\/wp-content\/uploads\/2024\/01\/CANETA-ESFEROGRAFICA-COM-PONTEIRA-CORACAO-METALLIC-SOUL-BRW.jpg","contentUrl":"https:\/\/mettapapelaria.com.br\/catalogo\/wp-content\/uploads\/2024\/01\/CANETA-ESFEROGRAFICA-COM-PONTEIRA-CORACAO-METALLIC-SOUL-BRW.jpg","width":600,"height":600},{"@type":"BreadcrumbList","@id":"https:\/\/mettapapelaria.com.br\/catalogo\/produto\/caneta-esferografica-com-ponteira-coracao-metallic-soul-brw\/#breadcrumb","itemListElement":[{"@type":"ListItem","position":1,"name":"In\u00edcio","item":"https:\/\/mettapapelaria.com.br\/catalogo\/"},{"@type":"ListItem","position":2,"name":"Shop","item":"https:\/\/mettapapelaria.com.br\/catalogo\/shop\/"},{"@type":"ListItem","position":3,"name":"CANETA ESFEROGR\u00c1FICA COM PONTEIRA CORA\u00c7\u00c3O METALLIC SOUL BRW"}]},{"@type":"WebSite","@id":"https:\/\/mettapapelaria.com.br\/catalogo\/#website","url":"https:\/\/mettapapelaria.com.br\/catalogo\/","name":"Metta Papelaria","description":"Materiais e equipamentos de escrit\u00f3rio, suprimentos para inform\u00e1tica, e uma diversificada linha de material escolar","publisher":{"@id":"https:\/\/mettapapelaria.com.br\/catalogo\/#organization"},"potentialAction":[{"@type":"SearchAction","target":{"@type":"EntryPoint","urlTemplate":"https:\/\/mettapapelaria.com.br\/catalogo\/?s={search_term_string}"},"query-input":{"@type":"PropertyValueSpecification","valueRequired":true,"valueName":"search_term_string"}}],"inLanguage":"pt-BR"},{"@type":"Organization","@id":"https:\/\/mettapapelaria.com.br\/catalogo\/#organization","name":"Metta Papelaria","url":"https:\/\/mettapapelaria.com.br\/catalogo\/","logo":{"@type":"ImageObject","inLanguage":"pt-BR","@id":"https:\/\/mettapapelaria.com.br\/catalogo\/#\/schema\/logo\/image\/","url":"https:\/\/mettapapelaria.com.br\/catalogo\/wp-content\/uploads\/2023\/12\/cropped-favicon-Metta_512-1.png","contentUrl":"https:\/\/mettapapelaria.com.br\/catalogo\/wp-content\/uploads\/2023\/12\/cropped-favicon-Metta_512-1.png","width":512,"height":512,"caption":"Metta Papelaria"},"image":{"@id":"https:\/\/mettapapelaria.com.br\/catalogo\/#\/schema\/logo\/image\/"},"sameAs":["https:\/\/www.facebook.com\/mettapapelaria\/","https:\/\/www.instagram.com\/papelariametta\/"]}]}},"_links":{"self":[{"href":"https:\/\/mettapapelaria.com.br\/catalogo\/wp-json\/wp\/v2\/product\/6603","targetHints":{"allow":["GET"]}}],"collection":[{"href":"https:\/\/mettapapelaria.com.br\/catalogo\/wp-json\/wp\/v2\/product"}],"about":[{"href":"https:\/\/mettapapelaria.com.br\/catalogo\/wp-json\/wp\/v2\/types\/product"}],"replies":[{"embeddable":true,"href":"https:\/\/mettapapelaria.com.br\/catalogo\/wp-json\/wp\/v2\/comments?post=6603"}],"version-history":[{"count":2,"href":"https:\/\/mettapapelaria.com.br\/catalogo\/wp-json\/wp\/v2\/product\/6603\/revisions"}],"predecessor-version":[{"id":6606,"href":"https:\/\/mettapapelaria.com.br\/catalogo\/wp-json\/wp\/v2\/product\/6603\/revisions\/6606"}],"wp:featuredmedia":[{"embeddable":true,"href":"https:\/\/mettapapelaria.com.br\/catalogo\/wp-json\/wp\/v2\/media\/6605"}],"wp:attachment":[{"href":"https:\/\/mettapapelaria.com.br\/catalogo\/wp-json\/wp\/v2\/media?parent=6603"}],"wp:term":[{"taxonomy":"brand","embeddable":true,"href":"https:\/\/mettapapelaria.com.br\/catalogo\/wp-json\/wp\/v2\/etheme_brands?post=6603"},{"taxonomy":"product_brand","embeddable":true,"href":"https:\/\/mettapapelaria.com.br\/catalogo\/wp-json\/wp\/v2\/product_brand?post=6603"},{"taxonomy":"product_cat","embeddable":true,"href":"https:\/\/mettapapelaria.com.br\/catalogo\/wp-json\/wp\/v2\/product_cat?post=6603"},{"taxonomy":"product_tag","embeddable":true,"href":"https:\/\/mettapapelaria.com.br\/catalogo\/wp-json\/wp\/v2\/product_tag?post=6603"}],"curies":[{"name":"wp","href":"https:\/\/api.w.org\/{rel}","templated":true}]}}