{"id":2128,"date":"2022-11-30T15:39:29","date_gmt":"2022-11-30T18:39:29","guid":{"rendered":"https:\/\/mettapapelaria.com.br\/catalogo\/produto\/cola-com-glitter-tom-pastel-6-cores-25g-brw\/"},"modified":"2022-11-30T15:39:29","modified_gmt":"2022-11-30T18:39:29","slug":"cola-com-glitter-tom-pastel-6-cores-25g-brw","status":"publish","type":"product","link":"https:\/\/mettapapelaria.com.br\/catalogo\/produto\/cola-com-glitter-tom-pastel-6-cores-25g-brw\/","title":{"rendered":"COLA COM GLITTER TOM PASTEL 6 CORES 25G BRW"},"content":{"rendered":"<h4><span style=\"font-family: Arial;\">A Cola com Glitter BRW \u00e9 um produto n\u00e3o t\u00f3xico e lav\u00e1vel desenvolvido especialmente para trabalhos escolares e para uso em artesanatos.&nbsp;&nbsp;<\/span><\/h4>\n<h4><span style=\"font-family: Arial;\">\u00c9 indicada para crian\u00e7as a partir de 3 anos por ser ideal para auxiliar no desenvolvimento art\u00edstico infantil atrav\u00e9s de atividades e brincadeiras.&nbsp;<\/span><\/h4>\n<h4><span style=\"font-family: Arial;\">Com cores vivas recheadas com glitter e secagem r\u00e1pida, pode ser facilmente aplicada pingando algumas gotas em folhas e cartolinas ou utilizando esponjas e pinc\u00e9is para espalhar a cola. \u00c9 perfeita para fazer projetos de colagens, elementos decorativos, relevos coloridos e, principalmente, como material para pinturas.&nbsp;<\/span><\/h4>\n<h4><span style=\"font-family: Arial;\">Conta com biso dosador para controlar o uso da cola e evitar sujeiras. Al\u00e9m disso, \u00e9 poss\u00edvel misturar as cores para obter novas tonalidades que proporcionam efeitos divertidos e bem coloridos.&nbsp;<\/span><\/h4>\n<h4><span style=\"font-family: Arial;\">Depois de seca, a Cola com Glitter BRW mant\u00e9m sua textura, brilho intenso e as lindas cores originais. Ap\u00f3s uso, sempre tampar bem para garantir sua conserva\u00e7\u00e3o.<\/span><\/h4>\n","protected":false},"excerpt":{"rendered":"<p>A Cola com Glitter BRW \u00e9 um produto n\u00e3o t\u00f3xico e lav\u00e1vel desenvolvido especialmente para trabalhos escolares e para uso em artesanatos.&nbsp;&nbsp; \u00c9 indicada para&#8230;<\/p>\n","protected":false},"featured_media":2126,"comment_status":"open","ping_status":"closed","template":"","meta":[],"etheme_brands":[],"product_brand":[],"product_cat":[22,88,92,25],"product_tag":[],"class_list":{"0":"post-2128","1":"product","2":"type-product","3":"status-publish","4":"has-post-thumbnail","6":"product_cat-cola","7":"product_cat-colas","8":"product_cat-colas-glitter-colas-coloridas","9":"product_cat-material","11":"first","12":"instock","13":"sold-individually","14":"shipping-taxable","15":"purchasable","16":"product-type-simple"},"yoast_head":"<!-- This site is optimized with the Yoast SEO plugin v26.9 - https:\/\/yoast.com\/product\/yoast-seo-wordpress\/ -->\n<title>COLA COM GLITTER TOM PASTEL 6 CORES 25G BRW - Metta Papelaria<\/title>\n<meta name=\"robots\" content=\"index, follow, max-snippet:-1, max-image-preview:large, max-video-preview:-1\" \/>\n<link rel=\"canonical\" href=\"https:\/\/mettapapelaria.com.br\/catalogo\/produto\/cola-com-glitter-tom-pastel-6-cores-25g-brw\/\" \/>\n<meta property=\"og:locale\" content=\"pt_BR\" \/>\n<meta property=\"og:type\" content=\"article\" \/>\n<meta property=\"og:title\" content=\"COLA COM GLITTER TOM PASTEL 6 CORES 25G BRW - Metta Papelaria\" \/>\n<meta property=\"og:description\" content=\"A Cola com Glitter BRW \u00e9 um produto n\u00e3o t\u00f3xico e lav\u00e1vel desenvolvido especialmente para trabalhos escolares e para uso em artesanatos.&nbsp;&nbsp; \u00c9 indicada para...\" \/>\n<meta property=\"og:url\" content=\"https:\/\/mettapapelaria.com.br\/catalogo\/produto\/cola-com-glitter-tom-pastel-6-cores-25g-brw\/\" \/>\n<meta property=\"og:site_name\" content=\"Metta Papelaria\" \/>\n<meta property=\"article:publisher\" content=\"https:\/\/www.facebook.com\/mettapapelaria\/\" \/>\n<meta property=\"og:image\" content=\"https:\/\/mettapapelaria.com.br\/catalogo\/wp-content\/uploads\/2022\/11\/COLA-COM-GLITTER-TOM-PASTEL-6-CORES-25G-BRW.jpg\" \/>\n\t<meta property=\"og:image:width\" content=\"1080\" \/>\n\t<meta property=\"og:image:height\" content=\"1080\" \/>\n\t<meta property=\"og:image:type\" content=\"image\/jpeg\" \/>\n<meta name=\"twitter:card\" content=\"summary_large_image\" \/>\n<meta name=\"twitter:label1\" content=\"Est. tempo de leitura\" \/>\n\t<meta name=\"twitter:data1\" content=\"1 minuto\" \/>\n<script type=\"application\/ld+json\" class=\"yoast-schema-graph\">{\"@context\":\"https:\/\/schema.org\",\"@graph\":[{\"@type\":\"WebPage\",\"@id\":\"https:\/\/mettapapelaria.com.br\/catalogo\/produto\/cola-com-glitter-tom-pastel-6-cores-25g-brw\/\",\"url\":\"https:\/\/mettapapelaria.com.br\/catalogo\/produto\/cola-com-glitter-tom-pastel-6-cores-25g-brw\/\",\"name\":\"COLA COM GLITTER TOM PASTEL 6 CORES 25G BRW - Metta Papelaria\",\"isPartOf\":{\"@id\":\"https:\/\/mettapapelaria.com.br\/catalogo\/#website\"},\"primaryImageOfPage\":{\"@id\":\"https:\/\/mettapapelaria.com.br\/catalogo\/produto\/cola-com-glitter-tom-pastel-6-cores-25g-brw\/#primaryimage\"},\"image\":{\"@id\":\"https:\/\/mettapapelaria.com.br\/catalogo\/produto\/cola-com-glitter-tom-pastel-6-cores-25g-brw\/#primaryimage\"},\"thumbnailUrl\":\"https:\/\/mettapapelaria.com.br\/catalogo\/wp-content\/uploads\/2022\/11\/COLA-COM-GLITTER-TOM-PASTEL-6-CORES-25G-BRW.jpg\",\"datePublished\":\"2022-11-30T18:39:29+00:00\",\"breadcrumb\":{\"@id\":\"https:\/\/mettapapelaria.com.br\/catalogo\/produto\/cola-com-glitter-tom-pastel-6-cores-25g-brw\/#breadcrumb\"},\"inLanguage\":\"pt-BR\",\"potentialAction\":[{\"@type\":\"ReadAction\",\"target\":[\"https:\/\/mettapapelaria.com.br\/catalogo\/produto\/cola-com-glitter-tom-pastel-6-cores-25g-brw\/\"]}]},{\"@type\":\"ImageObject\",\"inLanguage\":\"pt-BR\",\"@id\":\"https:\/\/mettapapelaria.com.br\/catalogo\/produto\/cola-com-glitter-tom-pastel-6-cores-25g-brw\/#primaryimage\",\"url\":\"https:\/\/mettapapelaria.com.br\/catalogo\/wp-content\/uploads\/2022\/11\/COLA-COM-GLITTER-TOM-PASTEL-6-CORES-25G-BRW.jpg\",\"contentUrl\":\"https:\/\/mettapapelaria.com.br\/catalogo\/wp-content\/uploads\/2022\/11\/COLA-COM-GLITTER-TOM-PASTEL-6-CORES-25G-BRW.jpg\",\"width\":1080,\"height\":1080,\"caption\":\"COLA COM GLITTER TOM PASTEL 6 CORES 25G BRW\"},{\"@type\":\"BreadcrumbList\",\"@id\":\"https:\/\/mettapapelaria.com.br\/catalogo\/produto\/cola-com-glitter-tom-pastel-6-cores-25g-brw\/#breadcrumb\",\"itemListElement\":[{\"@type\":\"ListItem\",\"position\":1,\"name\":\"In\u00edcio\",\"item\":\"https:\/\/mettapapelaria.com.br\/catalogo\/\"},{\"@type\":\"ListItem\",\"position\":2,\"name\":\"Shop\",\"item\":\"https:\/\/mettapapelaria.com.br\/catalogo\/shop\/\"},{\"@type\":\"ListItem\",\"position\":3,\"name\":\"COLA COM GLITTER TOM PASTEL 6 CORES 25G BRW\"}]},{\"@type\":\"WebSite\",\"@id\":\"https:\/\/mettapapelaria.com.br\/catalogo\/#website\",\"url\":\"https:\/\/mettapapelaria.com.br\/catalogo\/\",\"name\":\"Metta Papelaria\",\"description\":\"Materiais e equipamentos de escrit\u00f3rio, suprimentos para inform\u00e1tica, e uma diversificada linha de material escolar\",\"publisher\":{\"@id\":\"https:\/\/mettapapelaria.com.br\/catalogo\/#organization\"},\"potentialAction\":[{\"@type\":\"SearchAction\",\"target\":{\"@type\":\"EntryPoint\",\"urlTemplate\":\"https:\/\/mettapapelaria.com.br\/catalogo\/?s={search_term_string}\"},\"query-input\":{\"@type\":\"PropertyValueSpecification\",\"valueRequired\":true,\"valueName\":\"search_term_string\"}}],\"inLanguage\":\"pt-BR\"},{\"@type\":\"Organization\",\"@id\":\"https:\/\/mettapapelaria.com.br\/catalogo\/#organization\",\"name\":\"Metta Papelaria\",\"url\":\"https:\/\/mettapapelaria.com.br\/catalogo\/\",\"logo\":{\"@type\":\"ImageObject\",\"inLanguage\":\"pt-BR\",\"@id\":\"https:\/\/mettapapelaria.com.br\/catalogo\/#\/schema\/logo\/image\/\",\"url\":\"https:\/\/mettapapelaria.com.br\/catalogo\/wp-content\/uploads\/2023\/12\/cropped-favicon-Metta_512-1.png\",\"contentUrl\":\"https:\/\/mettapapelaria.com.br\/catalogo\/wp-content\/uploads\/2023\/12\/cropped-favicon-Metta_512-1.png\",\"width\":512,\"height\":512,\"caption\":\"Metta Papelaria\"},\"image\":{\"@id\":\"https:\/\/mettapapelaria.com.br\/catalogo\/#\/schema\/logo\/image\/\"},\"sameAs\":[\"https:\/\/www.facebook.com\/mettapapelaria\/\",\"https:\/\/www.instagram.com\/papelariametta\/\"]}]}<\/script>\n<!-- \/ Yoast SEO plugin. -->","yoast_head_json":{"title":"COLA COM GLITTER TOM PASTEL 6 CORES 25G BRW - Metta Papelaria","robots":{"index":"index","follow":"follow","max-snippet":"max-snippet:-1","max-image-preview":"max-image-preview:large","max-video-preview":"max-video-preview:-1"},"canonical":"https:\/\/mettapapelaria.com.br\/catalogo\/produto\/cola-com-glitter-tom-pastel-6-cores-25g-brw\/","og_locale":"pt_BR","og_type":"article","og_title":"COLA COM GLITTER TOM PASTEL 6 CORES 25G BRW - Metta Papelaria","og_description":"A Cola com Glitter BRW \u00e9 um produto n\u00e3o t\u00f3xico e lav\u00e1vel desenvolvido especialmente para trabalhos escolares e para uso em artesanatos.&nbsp;&nbsp; \u00c9 indicada para...","og_url":"https:\/\/mettapapelaria.com.br\/catalogo\/produto\/cola-com-glitter-tom-pastel-6-cores-25g-brw\/","og_site_name":"Metta Papelaria","article_publisher":"https:\/\/www.facebook.com\/mettapapelaria\/","og_image":[{"width":1080,"height":1080,"url":"https:\/\/mettapapelaria.com.br\/catalogo\/wp-content\/uploads\/2022\/11\/COLA-COM-GLITTER-TOM-PASTEL-6-CORES-25G-BRW.jpg","type":"image\/jpeg"}],"twitter_card":"summary_large_image","twitter_misc":{"Est. tempo de leitura":"1 minuto"},"schema":{"@context":"https:\/\/schema.org","@graph":[{"@type":"WebPage","@id":"https:\/\/mettapapelaria.com.br\/catalogo\/produto\/cola-com-glitter-tom-pastel-6-cores-25g-brw\/","url":"https:\/\/mettapapelaria.com.br\/catalogo\/produto\/cola-com-glitter-tom-pastel-6-cores-25g-brw\/","name":"COLA COM GLITTER TOM PASTEL 6 CORES 25G BRW - Metta Papelaria","isPartOf":{"@id":"https:\/\/mettapapelaria.com.br\/catalogo\/#website"},"primaryImageOfPage":{"@id":"https:\/\/mettapapelaria.com.br\/catalogo\/produto\/cola-com-glitter-tom-pastel-6-cores-25g-brw\/#primaryimage"},"image":{"@id":"https:\/\/mettapapelaria.com.br\/catalogo\/produto\/cola-com-glitter-tom-pastel-6-cores-25g-brw\/#primaryimage"},"thumbnailUrl":"https:\/\/mettapapelaria.com.br\/catalogo\/wp-content\/uploads\/2022\/11\/COLA-COM-GLITTER-TOM-PASTEL-6-CORES-25G-BRW.jpg","datePublished":"2022-11-30T18:39:29+00:00","breadcrumb":{"@id":"https:\/\/mettapapelaria.com.br\/catalogo\/produto\/cola-com-glitter-tom-pastel-6-cores-25g-brw\/#breadcrumb"},"inLanguage":"pt-BR","potentialAction":[{"@type":"ReadAction","target":["https:\/\/mettapapelaria.com.br\/catalogo\/produto\/cola-com-glitter-tom-pastel-6-cores-25g-brw\/"]}]},{"@type":"ImageObject","inLanguage":"pt-BR","@id":"https:\/\/mettapapelaria.com.br\/catalogo\/produto\/cola-com-glitter-tom-pastel-6-cores-25g-brw\/#primaryimage","url":"https:\/\/mettapapelaria.com.br\/catalogo\/wp-content\/uploads\/2022\/11\/COLA-COM-GLITTER-TOM-PASTEL-6-CORES-25G-BRW.jpg","contentUrl":"https:\/\/mettapapelaria.com.br\/catalogo\/wp-content\/uploads\/2022\/11\/COLA-COM-GLITTER-TOM-PASTEL-6-CORES-25G-BRW.jpg","width":1080,"height":1080,"caption":"COLA COM GLITTER TOM PASTEL 6 CORES 25G BRW"},{"@type":"BreadcrumbList","@id":"https:\/\/mettapapelaria.com.br\/catalogo\/produto\/cola-com-glitter-tom-pastel-6-cores-25g-brw\/#breadcrumb","itemListElement":[{"@type":"ListItem","position":1,"name":"In\u00edcio","item":"https:\/\/mettapapelaria.com.br\/catalogo\/"},{"@type":"ListItem","position":2,"name":"Shop","item":"https:\/\/mettapapelaria.com.br\/catalogo\/shop\/"},{"@type":"ListItem","position":3,"name":"COLA COM GLITTER TOM PASTEL 6 CORES 25G BRW"}]},{"@type":"WebSite","@id":"https:\/\/mettapapelaria.com.br\/catalogo\/#website","url":"https:\/\/mettapapelaria.com.br\/catalogo\/","name":"Metta Papelaria","description":"Materiais e equipamentos de escrit\u00f3rio, suprimentos para inform\u00e1tica, e uma diversificada linha de material escolar","publisher":{"@id":"https:\/\/mettapapelaria.com.br\/catalogo\/#organization"},"potentialAction":[{"@type":"SearchAction","target":{"@type":"EntryPoint","urlTemplate":"https:\/\/mettapapelaria.com.br\/catalogo\/?s={search_term_string}"},"query-input":{"@type":"PropertyValueSpecification","valueRequired":true,"valueName":"search_term_string"}}],"inLanguage":"pt-BR"},{"@type":"Organization","@id":"https:\/\/mettapapelaria.com.br\/catalogo\/#organization","name":"Metta Papelaria","url":"https:\/\/mettapapelaria.com.br\/catalogo\/","logo":{"@type":"ImageObject","inLanguage":"pt-BR","@id":"https:\/\/mettapapelaria.com.br\/catalogo\/#\/schema\/logo\/image\/","url":"https:\/\/mettapapelaria.com.br\/catalogo\/wp-content\/uploads\/2023\/12\/cropped-favicon-Metta_512-1.png","contentUrl":"https:\/\/mettapapelaria.com.br\/catalogo\/wp-content\/uploads\/2023\/12\/cropped-favicon-Metta_512-1.png","width":512,"height":512,"caption":"Metta Papelaria"},"image":{"@id":"https:\/\/mettapapelaria.com.br\/catalogo\/#\/schema\/logo\/image\/"},"sameAs":["https:\/\/www.facebook.com\/mettapapelaria\/","https:\/\/www.instagram.com\/papelariametta\/"]}]}},"_links":{"self":[{"href":"https:\/\/mettapapelaria.com.br\/catalogo\/wp-json\/wp\/v2\/product\/2128","targetHints":{"allow":["GET"]}}],"collection":[{"href":"https:\/\/mettapapelaria.com.br\/catalogo\/wp-json\/wp\/v2\/product"}],"about":[{"href":"https:\/\/mettapapelaria.com.br\/catalogo\/wp-json\/wp\/v2\/types\/product"}],"replies":[{"embeddable":true,"href":"https:\/\/mettapapelaria.com.br\/catalogo\/wp-json\/wp\/v2\/comments?post=2128"}],"version-history":[{"count":0,"href":"https:\/\/mettapapelaria.com.br\/catalogo\/wp-json\/wp\/v2\/product\/2128\/revisions"}],"wp:featuredmedia":[{"embeddable":true,"href":"https:\/\/mettapapelaria.com.br\/catalogo\/wp-json\/wp\/v2\/media\/2126"}],"wp:attachment":[{"href":"https:\/\/mettapapelaria.com.br\/catalogo\/wp-json\/wp\/v2\/media?parent=2128"}],"wp:term":[{"taxonomy":"brand","embeddable":true,"href":"https:\/\/mettapapelaria.com.br\/catalogo\/wp-json\/wp\/v2\/etheme_brands?post=2128"},{"taxonomy":"product_brand","embeddable":true,"href":"https:\/\/mettapapelaria.com.br\/catalogo\/wp-json\/wp\/v2\/product_brand?post=2128"},{"taxonomy":"product_cat","embeddable":true,"href":"https:\/\/mettapapelaria.com.br\/catalogo\/wp-json\/wp\/v2\/product_cat?post=2128"},{"taxonomy":"product_tag","embeddable":true,"href":"https:\/\/mettapapelaria.com.br\/catalogo\/wp-json\/wp\/v2\/product_tag?post=2128"}],"curies":[{"name":"wp","href":"https:\/\/api.w.org\/{rel}","templated":true}]}}